{"id":12,"date":"2014-09-23T16:40:51","date_gmt":"2014-09-23T19:40:51","guid":{"rendered":"https:\/\/jundiai.sp.gov.br\/a-cidade\/?page_id=12"},"modified":"2024-11-19T17:18:33","modified_gmt":"2024-11-19T20:18:33","slug":"simbolos","status":"publish","type":"page","link":"https:\/\/jundiai.sp.gov.br\/a-cidade\/simbolos\/","title":{"rendered":"S\u00edmbolos"},"content":{"rendered":"\n<h2 class=\"wp-block-heading\">A Bandeira<\/h2>\n\n\n<div class=\"wp-block-image\">\n<figure class=\"alignleft size-medium is-resized\"><img loading=\"lazy\" decoding=\"async\" width=\"300\" height=\"212\" src=\"https:\/\/jundiai.sp.gov.br\/a-cidade\/wp-content\/uploads\/sites\/31\/2024\/11\/bandeira_de_jundiai-300x212.png\" alt=\"\" class=\"wp-image-501\" style=\"width:200px\" srcset=\"https:\/\/jundiai.sp.gov.br\/a-cidade\/wp-content\/uploads\/sites\/31\/2024\/11\/bandeira_de_jundiai-300x212.png 300w, https:\/\/jundiai.sp.gov.br\/a-cidade\/wp-content\/uploads\/sites\/31\/2024\/11\/bandeira_de_jundiai-1280x905.png 1280w, https:\/\/jundiai.sp.gov.br\/a-cidade\/wp-content\/uploads\/sites\/31\/2024\/11\/bandeira_de_jundiai-768x543.png 768w, https:\/\/jundiai.sp.gov.br\/a-cidade\/wp-content\/uploads\/sites\/31\/2024\/11\/bandeira_de_jundiai-1536x1086.png 1536w, https:\/\/jundiai.sp.gov.br\/a-cidade\/wp-content\/uploads\/sites\/31\/2024\/11\/bandeira_de_jundiai.png 1900w\" sizes=\"auto, (max-width: 300px) 100vw, 300px\" \/><\/figure>\n<\/div>\n\n\n<p>A Bandeira de Jundia\u00ed foi concebida por Di\u00f3genes Duarte Paes e adotada oficialmente em 9 de maio de 1961, atrav\u00e9s da lei 904. A faixa de cor azul representa o Rio Jundia\u00ed, o vermelho, verde e o branco s\u00e3o refer\u00eancias aos imigrantes italianos e a data \u00e9 da funda\u00e7\u00e3o e eleva\u00e7\u00e3o \u00e0 vila. O campo verde representa o &#8220;Mato Grosso de Jundia\u00ed&#8221; e a viticultura da regi\u00e3o. As refer\u00eancias \u00e0 ind\u00fastria aparecem na roda dentada e, por fim, o Baluarte, no canto esquerdo, representa a ideia da &#8220;porta do sert\u00e3o&#8221;.<\/p>\n\n\n\n<p><a href=\"https:\/\/jundiai.sp.gov.br\/a-cidade\/wp-content\/uploads\/sites\/31\/2024\/11\/bandeira_de_jundiai.zip\">Fa\u00e7a o download do arquivo em alta resolu\u00e7\u00e3o neste link<\/a><\/p>\n\n\n\n<div style=\"height:100px\" aria-hidden=\"true\" class=\"wp-block-spacer\"><\/div>\n\n\n\n<h2 class=\"wp-block-heading\">O Bras\u00e3o<\/h2>\n\n\n<div class=\"wp-block-image\">\n<figure class=\"alignleft size-medium is-resized\"><img loading=\"lazy\" decoding=\"async\" width=\"300\" height=\"277\" src=\"https:\/\/jundiai.sp.gov.br\/a-cidade\/wp-content\/uploads\/sites\/31\/2024\/11\/brasao_tradicional_jundiai_v1656_solitario_2024-300x277.png\" alt=\"\" class=\"wp-image-504\" style=\"width:200px\" srcset=\"https:\/\/jundiai.sp.gov.br\/a-cidade\/wp-content\/uploads\/sites\/31\/2024\/11\/brasao_tradicional_jundiai_v1656_solitario_2024-300x277.png 300w, https:\/\/jundiai.sp.gov.br\/a-cidade\/wp-content\/uploads\/sites\/31\/2024\/11\/brasao_tradicional_jundiai_v1656_solitario_2024.png 399w\" sizes=\"auto, (max-width: 300px) 100vw, 300px\" \/><\/figure>\n<\/div>\n\n\n<p>O bras\u00e3o de Jundia\u00ed apresenta vers\u00e3o resultante dos estudos realizados pelo Instituto Hist\u00f3rico e Geogr\u00e1fico de S\u00e3o Paulo. O autor \u00e9 Afonso d\u00b4Escragnolle Taunay e a vers\u00e3o representa a cidade como &#8220;porta do sert\u00e3o&#8221;, que o pr\u00f3prio Taunay afirmava ser &#8220;guardi\u00e3 avan\u00e7ada dos civilizados&#8221;. Ao lado, as figuras de um bandeirante (\u00e0 esquerda) e de um oficial de mil\u00edcias (\u00e0 direita). A primeira imagem reitera e institui, simultaneamente, o mito do her\u00f3i bandeirante. A presen\u00e7a de um oficial com trajes militares indica a for\u00e7a da origem europ\u00e9ia, particularmente a portuguesa.<\/p>\n\n\n\n<p>A frase em latim &#8220;etiam per me Brasilia magna&#8221; significa &#8220;tamb\u00e9m por mim o Brasil \u00e9 grande&#8221;. Os peixes que ocupam o rio explicam o nome da cidade, s\u00e3o os jundi\u00e1s, esp\u00e9cie de bagre, que foram abundantes nas \u00e1guas da regi\u00e3o. A exalta\u00e7\u00e3o da natureza pode ser encontrada na refer\u00eancia \u00e0s matas e na imagem folclorizada do \u00edndio que se encontra em meio a ela. A roda dentada se refere ao processo de industrializa\u00e7\u00e3o e as parreiras de uva e ramos de caf\u00e9 \u00e0 agricultura da cidade. Quanto \u00e0s datas, indicam a funda\u00e7\u00e3o (1615) e a eleva\u00e7\u00e3o \u00e0 categoria de Vila (1656).<\/p>\n\n\n\n<p>Foi em 28 de mar\u00e7o de 1865 que a cidade emancipou-se \u00e0 categoria de munic\u00edpio.<\/p>\n\n\n\n<div class=\"wp-block-file\"><a id=\"wp-block-file--media-77cb5b30-1422-4949-901e-e88a7fc31495\" href=\"https:\/\/jundiai.sp.gov.br\/a-cidade\/wp-content\/uploads\/sites\/31\/2024\/11\/brasao_tradicional_jundiai.zip\" target=\"_blank\" rel=\"noreferrer noopener\">Bras\u00e3o_Tradicional_Jundia\u00ed em EPS (arquivo compactado)<\/a><\/div>\n\n\n\n<div class=\"wp-block-file\"><a id=\"wp-block-file--media-d2d20b29-c53e-4b7b-bc43-f8053777a247\" href=\"https:\/\/jundiai.sp.gov.br\/a-cidade\/wp-content\/uploads\/sites\/31\/2024\/11\/brasao_tradicional_jundiai_v1656_solitario_2024-1.png\">Bras\u00e3o_Tradicional_Jundia\u00ed<\/a><a href=\"https:\/\/jundiai.sp.gov.br\/a-cidade\/wp-content\/uploads\/sites\/31\/2024\/11\/brasao_tradicional_jundiai_v1656_solitario_2024-1.png\" class=\"wp-block-file__button wp-element-button\" download aria-describedby=\"wp-block-file--media-d2d20b29-c53e-4b7b-bc43-f8053777a247\">Baixar<\/a><\/div>\n\n\n\n<div style=\"height:100px\" aria-hidden=\"true\" class=\"wp-block-spacer\"><\/div>\n\n\n\n<h2 class=\"wp-block-heading\"><\/h2>\n\n\n\n<p><\/p>\n\n\n\n<p><\/p>\n","protected":false},"excerpt":{"rendered":"<p>A Bandeira A Bandeira de Jundia\u00ed foi concebida por Di\u00f3genes Duarte Paes e adotada oficialmente em 9 de maio de 1961, atrav\u00e9s da lei 904. A faixa de cor azul representa o Rio Jundia\u00ed, o vermelho, verde e o branco s\u00e3o refer\u00eancias aos imigrantes italianos e a data \u00e9 da funda\u00e7\u00e3o e eleva\u00e7\u00e3o \u00e0 vila. [&hellip;]<\/p>\n","protected":false},"author":5,"featured_media":0,"parent":0,"menu_order":0,"comment_status":"closed","ping_status":"closed","template":"","meta":{"footnotes":""},"class_list":["post-12","page","type-page","status-publish","hentry"],"_links":{"self":[{"href":"https:\/\/jundiai.sp.gov.br\/a-cidade\/wp-json\/wp\/v2\/pages\/12","targetHints":{"allow":["GET"]}}],"collection":[{"href":"https:\/\/jundiai.sp.gov.br\/a-cidade\/wp-json\/wp\/v2\/pages"}],"about":[{"href":"https:\/\/jundiai.sp.gov.br\/a-cidade\/wp-json\/wp\/v2\/types\/page"}],"author":[{"embeddable":true,"href":"https:\/\/jundiai.sp.gov.br\/a-cidade\/wp-json\/wp\/v2\/users\/5"}],"replies":[{"embeddable":true,"href":"https:\/\/jundiai.sp.gov.br\/a-cidade\/wp-json\/wp\/v2\/comments?post=12"}],"version-history":[{"count":29,"href":"https:\/\/jundiai.sp.gov.br\/a-cidade\/wp-json\/wp\/v2\/pages\/12\/revisions"}],"predecessor-version":[{"id":514,"href":"https:\/\/jundiai.sp.gov.br\/a-cidade\/wp-json\/wp\/v2\/pages\/12\/revisions\/514"}],"wp:attachment":[{"href":"https:\/\/jundiai.sp.gov.br\/a-cidade\/wp-json\/wp\/v2\/media?parent=12"}],"curies":[{"name":"wp","href":"https:\/\/api.w.org\/{rel}","templated":true}]}}