{"id":2010,"date":"2017-03-17T15:11:31","date_gmt":"2017-03-17T18:11:31","guid":{"rendered":"https:\/\/jundiai.sp.gov.br\/administracao-e-gestao-de-pessoas\/?page_id=2010"},"modified":"2024-12-18T09:54:53","modified_gmt":"2024-12-18T12:54:53","slug":"documentos-necessarios","status":"publish","type":"page","link":"https:\/\/jundiai.sp.gov.br\/administracao-e-gestao-de-pessoas\/protocolo\/documentos-necessarios\/","title":{"rendered":"Documentos necess\u00e1rios"},"content":{"rendered":"\n<p><a href=\"https:\/\/jundiai.sp.gov.br\/administracao-e-gestao-de-pessoas\/wp-content\/uploads\/sites\/16\/2023\/06\/requerimento-timbrado-2020.pdf\" target=\"_blank\" rel=\"noreferrer noopener\">Requerimento Padr\u00e3o \u2013 Protocolo<\/a><\/p>\n\n\n\n<p><a href=\"https:\/\/jundiai.sp.gov.br\/administracao-e-gestao-de-pessoas\/wp-content\/uploads\/sites\/16\/2022\/06\/requerimento-cnvd-_-instru__es.pdf\" target=\"_blank\" rel=\"noreferrer noopener\">Instru\u00e7\u00f5es para Pedido de Certid\u00e3o Negativa &#8211; Procon<\/a><\/p>\n\n\n\n<h2 class=\"wp-block-heading\">C\u00f3pias de Processos<\/h2>\n\n\n\n<p><strong>Informa\u00e7\u00f5es e C\u00f3pias de Processos<br><\/strong>Conforme Decreto Municipal 28.373\/2019,&nbsp;dever\u00e3o ser solicitados pelo <a href=\"https:\/\/jundiai.sp.gov.br\/lei-de-acesso-a-informacao\/\" target=\"_blank\" rel=\"noopener noreferrer\"><strong>SIC \u2013 Servi\u00e7o de Informa\u00e7\u00e3o ao Cidad\u00e3o.<\/strong><\/a><\/p>\n\n\n\n<h2 class=\"wp-block-heading\">Para outras Solicita\u00e7\u00f5es<\/h2>\n\n\n\n<p><strong>Pessoa F\u00edsica<\/strong><br>Requerimento padr\u00e3o em nome da pessoa interessada e assinado por ela<br>C\u00f3pia do documento de identidade (RG ou CNH)<\/p>\n\n\n\n<p><strong>Pessoa Jur\u00eddica<\/strong><br>Requerimento padr\u00e3o em nome da pessoa jur\u00eddica<br>C\u00f3pia do Contrato Social<br>Caso o peticion\u00e1rio n\u00e3o seja o representante legal da empresa, apresentar Procura\u00e7\u00e3o.<\/p>\n\n\n\n<p><strong>Procura\u00e7\u00e3o Original ou c\u00f3pia autenticada de inteiro teor<\/strong><br>Obs.: dispensa autentica\u00e7\u00e3o quando a assinatura ocorrer perante o agente p\u00fablico ou este puder confirm\u00e1-la apresentando documento de identidade.<\/p>\n\n\n\n<p><strong>Advogado<\/strong><br>Conforme a Lei n\u00b0 10.233, de 25 de setembro de 2024, \u201cArt. 1\u00b0 (\u2026) \u00a7 10. A autentica\u00e7\u00e3o dos documentos necess\u00e1rios \u00e0 forma\u00e7\u00e3o, instru\u00e7\u00e3o e decis\u00e3o de processos administrativos e presta\u00e7\u00e3o de servi\u00e7o ser\u00e1 feita pelo pr\u00f3prio agente administrativo, \u00e0 vista dos originais apresentados pelo usu\u00e1rio, ou pelo advogado constitu\u00eddo, vedada a exig\u00eancia de reconhecimento de firma, salvo em caso de d\u00favida de autenticidade.\u201d<\/p>\n\n\n\n<p><strong>Pessoa F\u00edsica<\/strong><br>Procura\u00e7\u00e3o original ou c\u00f3pia autenticada de inteiro teor, acompanhada do documento de identidade (RG ou CNH).<\/p>\n\n\n\n<p><strong>Pessoa Jur\u00eddica<\/strong><br>Procura\u00e7\u00e3o original ou c\u00f3pia autenticada de inteiro teor, acompanhada da c\u00f3pia do Contrato Social e documento de identidade (RG ou CNH) do representante legal da empresa.<\/p>\n\n\n\n<p><strong>Remo\u00e7\u00e3o de \u00c1rvore<br><\/strong>Requerimento padr\u00e3o (protocolo).<br><a rel=\"noopener noreferrer\" href=\"https:\/\/jundiai.sp.gov.br\/infraestrutura-e-servicos-publicos\/arborizacao-urbana\/remocao-de-arvores\/\" target=\"_blank\">Clique aqui para mais informa\u00e7\u00f5es<\/a><\/p>\n\n\n\n<p><strong>Taxa de Protocolo<\/strong><br>Exclu\u00edda conforme Decreto n\u00ba 24.345, de 12 de abril de 2013.<\/p>\n\n\n\n<p><strong>Banca de Jornal<\/strong><br>As informa\u00e7\u00f5es&nbsp; devem ser obtidas na <a href=\"https:\/\/jundiai.sp.gov.br\/planejamento-e-meio-ambiente\/legislacao\/\" target=\"_blank\" rel=\"noopener noreferrer\">Unidade de Gest\u00e3o, Planejamento Urbano e Meio Ambiente\/Legisla\u00e7\u00e3o<\/a><\/p>\n\n\n\n<h2 class=\"wp-block-heading\">Servi\u00e7os ao Cidad\u00e3o Solicitados no Poupatempo<\/h2>\n\n\n\n<p><a href=\"https:\/\/jundiai.sp.gov.br\/cidadao\/\" target=\"_blank\" rel=\"noopener noreferrer\">Clique aqui para informa\u00e7\u00f5es<\/a><\/p>\n\n\n\n<h2 class=\"wp-block-heading\">Certid\u00e3o de Inexist\u00eancia de Desapropria\u00e7\u00e3o de Im\u00f3vel<\/h2>\n\n\n\n<p>C\u00f3pia da 1\u00aa folha do carn\u00ea de IPTU<br>C\u00f3pia do registro de im\u00f3vel, ou contrato de compra e venda<br>Requerimento padr\u00e3o (protocolo)<br>Taxa de Protocolo \u2013 exclu\u00edda conforme Decreto n\u00ba 24.345, de 12 de abril de 2013.<\/p>\n\n\n\n<h2 class=\"wp-block-heading\">Certid\u00e3o de Constru\u00e7\u00e3o<\/h2>\n\n\n\n<p>Dever\u00e1 ser solicitado por profissional (Engenheiro, Arquiteto ou T\u00e9cnico de Edifica\u00e7\u00f5es) pelo <strong><a href=\"https:\/\/web.cijun.sp.gov.br\/PMJ\/APROVE\/CadastroTelasCustom\/NavegarTelaCustom?idTela=26\" target=\"_blank\" rel=\"noopener noreferrer\">NOVO SAEPRO.<\/a>&nbsp;&nbsp;<\/strong><\/p>\n\n\n\n<h2 class=\"wp-block-heading\">2\u00aa via de Habite-se, C\u00f3pia de Planta<\/h2>\n\n\n\n<p>Dever\u00e3o ser solicitados via SAEPRO, conforme&nbsp;<a rel=\"noreferrer noopener\" href=\"https:\/\/jundiai.sp.gov.br\/planejamento-e-meio-ambiente\/wp-content\/uploads\/sites\/15\/2021\/09\/roteiro-c_pia-e-segunda-via.pdf\" target=\"_blank\">Roteiro para solicita\u00e7\u00e3o de C\u00f3pia de Projeto e Segunda via de Habite-se<\/a>.<\/p>\n\n\n\n<h2 class=\"wp-block-heading\">Certid\u00e3o de Medidas e Confrontantes<\/h2>\n\n\n\n<p>Dever\u00e1 ser solicitado no <strong>Poupatempo<br><\/strong><a href=\"https:\/\/jundiai.sp.gov.br\/financas\/wp-content\/uploads\/sites\/12\/2020\/03\/form-sol-cert-confrontantes-1.pdf\" target=\"_blank\" rel=\"noopener noreferrer\">Requerimento Padr\u00e3o pr\u00f3prio&nbsp;<\/a><br>Matr\u00edcula atualizada do im\u00f3vel<br>C\u00f3pia da 1\u00aa folha do carn\u00ea de IPTU<\/p>\n\n\n\n<h2 class=\"wp-block-heading\">Carteira de Motorista Auxiliar (UGMT)<\/h2>\n\n\n\n<p>Requerimento espec\u00edfico, retirar na Unidade de Gest\u00e3o Mobilidade e Transporte (UGMT), 2\u00ba andar, Ala Sul<br>3 fotos 3 X 4<br>Atestado de sa\u00fade<br>C\u00f3pia da 1\u00aa folha do carn\u00ea de IPTU<br>C\u00f3pia do certificado do ve\u00edculo<br>C\u00f3pia da carteira de habilita\u00e7\u00e3o<br>C\u00f3pia do CPF<br>C\u00f3pia do RG<br>Taxa de Protocolo \u2013 exclu\u00edda conforme Decreto n\u00ba 24.345, de 12 de abril de 2013<\/p>\n\n\n\n<h2 class=\"wp-block-heading\">Certid\u00e3o de Cancelamento de Processo<\/h2>\n\n\n\n<p>Somente pode ser solicitado pelo interessado , procurador ou respons\u00e1vel t\u00e9cnico.<br>Requerimento padr\u00e3o (protocolo)<br>N\u00ba do processo a ser cancelado<br>Taxa de Protocolo \u2013 exclu\u00edda conforme Decreto n\u00ba 24.345, de 12 de abril de 2013<br>Obs.: No caso de obras, a solicita\u00e7\u00e3o deve ser feita pelo <a href=\"https:\/\/web.cijun.sp.gov.br\/PMJ\/APROVE\/CadastroTelasCustom\/NavegarTelaCustom?idTela=26\" target=\"_blank\" rel=\"noopener noreferrer\">NOVO SAEPRO<\/a>.<\/p>\n\n\n\n<h2 class=\"wp-block-heading\">Certid\u00e3o de Atividade (Aut\u00f4nomo)<\/h2>\n\n\n\n<p>Requerimento espec\u00edfico<br>CPF<br>RG<br>Recolhimento pago no exerc\u00edcio (ISS e alvar\u00e1)<br>Taxa de Protocolo \u2013 exclu\u00edda conforme Decreto n\u00ba 24.345, de 12 de abril de 2013<br>Valor da Certid\u00e3o R$ 20,00<br>Visto Balc\u00e3o do Empreendedor<\/p>\n\n\n\n<h2 class=\"wp-block-heading\">Certid\u00e3o Negativa de Atividade<\/h2>\n\n\n\n<p>Requerimento espec\u00edfico<br>Contrato social<br>Recolhimento pago no exerc\u00edcio (ISS e alvar\u00e1)<br>Procura\u00e7\u00e3o<br>Taxa de Protocolo \u2013 exclu\u00edda conforme Decreto n\u00ba 24.345, de 12 de abril de 2013<br>Valor da Certid\u00e3o R$ 20,00<br>Visto Balc\u00e3o do Empreendedor<\/p>\n\n\n\n<h2 class=\"wp-block-heading\">Funcion\u00e1rio UGAGP RH<\/h2>\n\n\n\n<p><a href=\"https:\/\/jundiai.sp.gov.br\/administracao-e-gestao-de-pessoas\/wp-content\/uploads\/sites\/16\/2020\/03\/requerimento-de-protocolo.pdf\" target=\"_blank\" rel=\"noopener noreferrer\">Requerimento pr\u00f3prio<\/a> ou especifico <a href=\"https:\/\/jundiai.sp.gov.br\/administracao-e-gestao-de-pessoas\/gestao-de-pessoas\/servidores\/formularios\/\" target=\"_blank\" rel=\"noopener noreferrer\">dispon\u00edvel em formul\u00e1rios<\/a>.<br>Informa\u00e7\u00f5es e documentos a serem juntados sobre o assunto a ser peticionado, dirigir-se ao RH &#8211; 3\u00ba andar\/Ala Norte ou pelo email: atendeservidor@jundiai.sp.gov.br.<\/p>\n\n\n\n<h2 class=\"wp-block-heading\">Licen\u00e7a para Feira Livre, Varej\u00e3o ou Comboio<\/h2>\n\n\n\n<p>Requerimento padr\u00e3o (protocolo)<br>Informa\u00e7\u00f5es na Unidade de Agroneg\u00f3cio, Abastecimento e Turismo (UGAAT)<br>Taxa de Protocolo \u2013 exclu\u00edda conforme Decreto n\u00ba 24.345, de 12 de abril de 2013<\/p>\n\n\n\n<h2 class=\"wp-block-heading\">Licen\u00e7a para Ambulante<\/h2>\n\n\n\n<p>Requerimento espec\u00edfico a ser retirado na Unidade de Gest\u00e3o de Governo e Finan\u00e7as (UGGF)\/Divis\u00e3o de Fiscaliza\u00e7\u00e3o do Com\u00e9rcio Ambulante, 1\u00ba andar, Ala Norte<br>C\u00f3pia CPF e RG<br>Atestado de sa\u00fade ocupacional\/exames laboratoriais<br>Croqui do local<br>Declara\u00e7\u00e3o de ci\u00eancia da proibi\u00e7\u00e3o de venda de bebidas alc\u00f3olicas<br>MEI ambulante<br>Certificado de Condi\u00e7\u00e3o do MEI<br>Taxa de Protocolo \u2013 exclu\u00edda conforme Decreto n\u00ba 24.345, de 12 de abril de 2013<\/p>\n\n\n\n<h2 class=\"wp-block-heading\">Licen\u00e7a para Venda de Fogos<\/h2>\n\n\n\n<p>Requerimento espec\u00edfico a ser retirado na Unidade de Gest\u00e3o de Governo e Finan\u00e7as (UGGF)\/Divis\u00e3o de Fiscaliza\u00e7\u00e3o do Com\u00e9rcio Ambulante, 1\u00ba andar, Ala Norte<br>Verificar na Imprensa Oficial do Munic\u00edpio \u2013 edital<br>Informa\u00e7\u00f5es na UGGF\/Divis\u00e3o de Fiscaliza\u00e7\u00e3o do Com\u00e9rcio Ambulante<br>Taxa de Protocolo \u2013 exclu\u00edda conforme Decreto n\u00ba 24.345, de 12 de abril de 2013<\/p>\n\n\n\n<h2 class=\"wp-block-heading\">Rela\u00e7\u00e3o de Documentos para Renova\u00e7\u00e3o de Alvar\u00e1 Escolar<\/h2>\n\n\n\n<p>Requerimento espec\u00edfico a ser retirado na Unidade de Gest\u00e3o de Mobilidade e Transporte (UGMT), 2\u00ba andar, Ala Sul<br>C\u00f3pia do certificado do ve\u00edculo<br>C\u00f3pia do seguro<br>C\u00f3pia do alvar\u00e1 de localiza\u00e7\u00e3o ISS<br>Atestado de sa\u00fade<br>Declara\u00e7\u00e3o assinada<br>Taxa de Protocolo \u2013 exclu\u00edda conforme Decreto n\u00ba 24.345, de 12 de abril de 2013<\/p>\n\n\n\n<h2 class=\"wp-block-heading\">Renova\u00e7\u00e3o de Alvar\u00e1 de Taxi<\/h2>\n\n\n\n<p>Requerimento espec\u00edfico a ser retirado na Unidade de Gest\u00e3o de Mobilidade e Transporte (UGMT) , 2\u00ba andar, Ala Sul<br>C\u00f3pia do certificado do ve\u00edculo<br>Atestado de sa\u00fade<br>C\u00f3pia do alvar\u00e1 de localiza\u00e7\u00e3o ISS<br>Taxa de Protocolo \u2013 exclu\u00edda conforme Decreto n\u00ba 24.345, de 12 de abril de 2013<\/p>\n\n\n\n<h2 class=\"wp-block-heading\">Recurso Referente \u00e0 Multa<\/h2>\n\n\n\n<p><strong>Multa de Tr\u00e2nsito&nbsp;<\/strong>\u2013 Dirigir-se ao POUPATEMPO<\/p>\n\n\n\n<p><strong>Autoriza\u00e7\u00e3o para Transfer\u00eancia de Ve\u00edculos&nbsp;<\/strong>(Escolar \u2013 Taxi \u2013 Fretado)<\/p>\n\n\n\n<p>Requerimento espec\u00edfico a ser retirado na Unidade de Gest\u00e3o de Mobilidade e Transporte (UGMT),&nbsp; 2\u00ba andar, Ala Sul<br>C\u00f3pia do certificado do ve\u00edculo<br>Taxa de Protocolo \u2013 exclu\u00edda conforme Decreto n\u00ba 24.345, de 12 de abril de 2013<\/p>\n\n\n\n<h2 class=\"wp-block-heading\">Transfer\u00eancia de Permiss\u00e3o de Estacionamento<\/h2>\n\n\n\n<p>Requerimento espec\u00edfico a ser retirado na Unidade de Gest\u00e3o de Mobilidade e Transporte (UGMT), 2\u00ba andar, Ala Sul<br>Atestado de sa\u00fade<br>Formul\u00e1rio da UGMT<br>C\u00f3pia da carteira de habilita\u00e7\u00e3o<br>C\u00f3pia da 1\u00aa folha do carn\u00ea de IPTU<br>C\u00f3pia do certificado do ve\u00edculo<br>01 foto<br>C\u00f3pia do CPF e RG<br>Taxa de Protocolo \u2013 exclu\u00edda conforme Decreto n\u00ba 24.345, de 12 de abril de 2013<\/p>\n\n\n\n<h2 class=\"wp-block-heading\">Certid\u00e3o Procon<\/h2>\n\n\n\n<p><a href=\"https:\/\/jundiai.sp.gov.br\/administracao-e-gestao-de-pessoas\/wp-content\/uploads\/sites\/16\/2022\/06\/requerimento-cnvd-_-instru__es.pdf\" target=\"_blank\" rel=\"noreferrer noopener\">Instru\u00e7\u00f5es para Pedido de Certid\u00e3o Negativa &#8211; Procon<\/a><br>Taxa de Protocolo \u2013 exclu\u00edda conforme Decreto n\u00ba 24.345, de 12 de abril de 2013<\/p>\n","protected":false},"excerpt":{"rendered":"<p>Requerimento Padr\u00e3o \u2013 Protocolo Instru\u00e7\u00f5es para Pedido de Certid\u00e3o Negativa &#8211; Procon C\u00f3pias de Processos Informa\u00e7\u00f5es e C\u00f3pias de ProcessosConforme Decreto Municipal 28.373\/2019,&nbsp;dever\u00e3o ser solicitados pelo SIC \u2013 Servi\u00e7o de Informa\u00e7\u00e3o ao Cidad\u00e3o. Para outras Solicita\u00e7\u00f5es Pessoa F\u00edsicaRequerimento padr\u00e3o em nome da pessoa interessada e assinado por elaC\u00f3pia do documento de identidade (RG ou CNH) [&hellip;]<\/p>\n","protected":false},"author":14,"featured_media":0,"parent":1954,"menu_order":0,"comment_status":"closed","ping_status":"closed","template":"","meta":{"footnotes":""},"class_list":["post-2010","page","type-page","status-publish","hentry"],"_links":{"self":[{"href":"https:\/\/jundiai.sp.gov.br\/administracao-e-gestao-de-pessoas\/wp-json\/wp\/v2\/pages\/2010","targetHints":{"allow":["GET"]}}],"collection":[{"href":"https:\/\/jundiai.sp.gov.br\/administracao-e-gestao-de-pessoas\/wp-json\/wp\/v2\/pages"}],"about":[{"href":"https:\/\/jundiai.sp.gov.br\/administracao-e-gestao-de-pessoas\/wp-json\/wp\/v2\/types\/page"}],"author":[{"embeddable":true,"href":"https:\/\/jundiai.sp.gov.br\/administracao-e-gestao-de-pessoas\/wp-json\/wp\/v2\/users\/14"}],"replies":[{"embeddable":true,"href":"https:\/\/jundiai.sp.gov.br\/administracao-e-gestao-de-pessoas\/wp-json\/wp\/v2\/comments?post=2010"}],"version-history":[{"count":32,"href":"https:\/\/jundiai.sp.gov.br\/administracao-e-gestao-de-pessoas\/wp-json\/wp\/v2\/pages\/2010\/revisions"}],"predecessor-version":[{"id":7187,"href":"https:\/\/jundiai.sp.gov.br\/administracao-e-gestao-de-pessoas\/wp-json\/wp\/v2\/pages\/2010\/revisions\/7187"}],"up":[{"embeddable":true,"href":"https:\/\/jundiai.sp.gov.br\/administracao-e-gestao-de-pessoas\/wp-json\/wp\/v2\/pages\/1954"}],"wp:attachment":[{"href":"https:\/\/jundiai.sp.gov.br\/administracao-e-gestao-de-pessoas\/wp-json\/wp\/v2\/media?parent=2010"}],"curies":[{"name":"wp","href":"https:\/\/api.w.org\/{rel}","templated":true}]}}