{"id":2280,"date":"2017-08-25T15:52:35","date_gmt":"2017-08-25T18:52:35","guid":{"rendered":"https:\/\/jundiai.sp.gov.br\/administracao-e-gestao-de-pessoas\/?page_id=2280"},"modified":"2026-02-19T17:40:35","modified_gmt":"2026-02-19T20:40:35","slug":"ferias-premio","status":"publish","type":"page","link":"https:\/\/jundiai.sp.gov.br\/administracao-e-gestao-de-pessoas\/gestao-de-pessoas\/servidores\/legislacao-2\/ferias-premio\/","title":{"rendered":"F\u00e9rias Pr\u00eamio"},"content":{"rendered":"\n<p><strong><a href=\"https:\/\/jundiai.sp.gov.br\/administracao-e-gestao-de-pessoas\/wp-content\/uploads\/sites\/16\/2026\/01\/in-ferias-premio_edicao-5753-09-01-2026.pdf\">Instru\u00e7\u00e3o Normativa SMAGP n\u00ba 009, de 10 de dezembro de 2025<br><\/a><\/strong>Estabelece procedimento para requerimentos versando sobre f\u00e9rias-pr\u00eamio<\/p>\n\n\n\n<p><strong><a href=\"https:\/\/jundiai.sp.gov.br\/administracao-e-gestao-de-pessoas\/wp-content\/uploads\/sites\/16\/2022\/02\/in-01-2022-1.pdf\">Instru\u00e7\u00e3o Normativa UGAGP n\u00ba 01, de 15 de fevereiro de 2022<\/a><br><\/strong>Estabelece regras para o pagamento de parcelas de f\u00e9rias-pr\u00eamio<\/p>\n\n\n\n<p><a href=\"https:\/\/jundiai.sp.gov.br\/administracao-e-gestao-de-pessoas\/wp-content\/uploads\/sites\/16\/2026\/02\/lei_complementar-646-2025-original-1.pdf\"><strong>Lei Complementar n\u00b0646 de 02 de dezembro de 2025<\/strong><br><\/a>Altera a Lei Complementar n\u00ba 499\/2010 (Estatuto dos Funcion\u00e1rios P\u00fablicos), quanto \u00e0s regras de f\u00e9rias-pr\u00eamio dos servidores municipais.<\/p>\n","protected":false},"excerpt":{"rendered":"<p>Instru\u00e7\u00e3o Normativa SMAGP n\u00ba 009, de 10 de dezembro de 2025Estabelece procedimento para requerimentos versando sobre f\u00e9rias-pr\u00eamio Instru\u00e7\u00e3o Normativa UGAGP n\u00ba 01, de 15 de fevereiro de 2022Estabelece regras para o pagamento de parcelas de f\u00e9rias-pr\u00eamio Lei Complementar n\u00b0646 de 02 de dezembro de 2025Altera a Lei Complementar n\u00ba 499\/2010 (Estatuto dos Funcion\u00e1rios P\u00fablicos), quanto [&hellip;]<\/p>\n","protected":false},"author":30,"featured_media":0,"parent":493,"menu_order":4,"comment_status":"closed","ping_status":"closed","template":"","meta":{"footnotes":""},"class_list":["post-2280","page","type-page","status-publish","hentry"],"_links":{"self":[{"href":"https:\/\/jundiai.sp.gov.br\/administracao-e-gestao-de-pessoas\/wp-json\/wp\/v2\/pages\/2280","targetHints":{"allow":["GET"]}}],"collection":[{"href":"https:\/\/jundiai.sp.gov.br\/administracao-e-gestao-de-pessoas\/wp-json\/wp\/v2\/pages"}],"about":[{"href":"https:\/\/jundiai.sp.gov.br\/administracao-e-gestao-de-pessoas\/wp-json\/wp\/v2\/types\/page"}],"author":[{"embeddable":true,"href":"https:\/\/jundiai.sp.gov.br\/administracao-e-gestao-de-pessoas\/wp-json\/wp\/v2\/users\/30"}],"replies":[{"embeddable":true,"href":"https:\/\/jundiai.sp.gov.br\/administracao-e-gestao-de-pessoas\/wp-json\/wp\/v2\/comments?post=2280"}],"version-history":[{"count":12,"href":"https:\/\/jundiai.sp.gov.br\/administracao-e-gestao-de-pessoas\/wp-json\/wp\/v2\/pages\/2280\/revisions"}],"predecessor-version":[{"id":7542,"href":"https:\/\/jundiai.sp.gov.br\/administracao-e-gestao-de-pessoas\/wp-json\/wp\/v2\/pages\/2280\/revisions\/7542"}],"up":[{"embeddable":true,"href":"https:\/\/jundiai.sp.gov.br\/administracao-e-gestao-de-pessoas\/wp-json\/wp\/v2\/pages\/493"}],"wp:attachment":[{"href":"https:\/\/jundiai.sp.gov.br\/administracao-e-gestao-de-pessoas\/wp-json\/wp\/v2\/media?parent=2280"}],"curies":[{"name":"wp","href":"https:\/\/api.w.org\/{rel}","templated":true}]}}