{"id":2309,"date":"2017-08-25T16:21:16","date_gmt":"2017-08-25T19:21:16","guid":{"rendered":"https:\/\/jundiai.sp.gov.br\/administracao-e-gestao-de-pessoas\/?page_id=2309"},"modified":"2026-02-18T11:12:39","modified_gmt":"2026-02-18T14:12:39","slug":"frequencia-compensacao-das-emendas-e-banco-de-horas","status":"publish","type":"page","link":"https:\/\/jundiai.sp.gov.br\/administracao-e-gestao-de-pessoas\/gestao-de-pessoas\/servidores\/legislacao-2\/frequencia-compensacao-das-emendas-e-banco-de-horas\/","title":{"rendered":"Frequ\u00eancia, Compensa\u00e7\u00e3o das Emendas e Banco de Horas"},"content":{"rendered":"\n<p><a href=\"https:\/\/jundiai.sp.gov.br\/administracao-e-gestao-de-pessoas\/wp-content\/uploads\/sites\/16\/2026\/02\/sei_2927276_decreto_n__36-022__de_06_de_fevereiro_de_2026.pdf\">Decreto\u00a0n\u00b036.022, de 06 de fevereiro de 2026<br><\/a>Altera o per\u00edodo de apura\u00e7\u00e3o do Banco de Horas previsto no Decreto n\u00ba 35.286, de 28 de julho de 2025.\u00a0\u00a0<\/p>\n\n\n\n<p><a href=\"https:\/\/jundiai.sp.gov.br\/administracao-e-gestao-de-pessoas\/wp-content\/uploads\/sites\/16\/2025\/12\/sei_2738970_decreto_n__35-682__de_06_de_novembro_de_2025-1.pdf\">Decreto n\u00ba35.682, de 06 de novembro de 2025<br><\/a>Decreto da Compensa\u00e7\u00e3o de emendas \u2013 Ano de 2026<\/p>\n\n\n\n<p><a href=\"https:\/\/jundiai.sp.gov.br\/administracao-e-gestao-de-pessoas\/wp-content\/uploads\/sites\/16\/2026\/02\/decreto-35286-de-28-de-julho-de-2025-1.pdf\">Decreto&nbsp;n\u00b035.286, de 28 de julho de 2025<br><\/a>Manual de Gerenciamento de Frequ\u00eancia dos Servidores P\u00fablicos da Administra\u00e7\u00e3o Direta do Munic\u00edpio<\/p>\n\n\n\n<p><\/p>\n","protected":false},"excerpt":{"rendered":"<p>Decreto\u00a0n\u00b036.022, de 06 de fevereiro de 2026Altera o per\u00edodo de apura\u00e7\u00e3o do Banco de Horas previsto no Decreto n\u00ba 35.286, de 28 de julho de 2025.\u00a0\u00a0 Decreto n\u00ba35.682, de 06 de novembro de 2025Decreto da Compensa\u00e7\u00e3o de emendas \u2013 Ano de 2026 Decreto&nbsp;n\u00b035.286, de 28 de julho de 2025Manual de Gerenciamento de Frequ\u00eancia dos Servidores [&hellip;]<\/p>\n","protected":false},"author":30,"featured_media":0,"parent":493,"menu_order":5,"comment_status":"closed","ping_status":"closed","template":"","meta":{"footnotes":""},"class_list":["post-2309","page","type-page","status-publish","hentry"],"_links":{"self":[{"href":"https:\/\/jundiai.sp.gov.br\/administracao-e-gestao-de-pessoas\/wp-json\/wp\/v2\/pages\/2309","targetHints":{"allow":["GET"]}}],"collection":[{"href":"https:\/\/jundiai.sp.gov.br\/administracao-e-gestao-de-pessoas\/wp-json\/wp\/v2\/pages"}],"about":[{"href":"https:\/\/jundiai.sp.gov.br\/administracao-e-gestao-de-pessoas\/wp-json\/wp\/v2\/types\/page"}],"author":[{"embeddable":true,"href":"https:\/\/jundiai.sp.gov.br\/administracao-e-gestao-de-pessoas\/wp-json\/wp\/v2\/users\/30"}],"replies":[{"embeddable":true,"href":"https:\/\/jundiai.sp.gov.br\/administracao-e-gestao-de-pessoas\/wp-json\/wp\/v2\/comments?post=2309"}],"version-history":[{"count":48,"href":"https:\/\/jundiai.sp.gov.br\/administracao-e-gestao-de-pessoas\/wp-json\/wp\/v2\/pages\/2309\/revisions"}],"predecessor-version":[{"id":7534,"href":"https:\/\/jundiai.sp.gov.br\/administracao-e-gestao-de-pessoas\/wp-json\/wp\/v2\/pages\/2309\/revisions\/7534"}],"up":[{"embeddable":true,"href":"https:\/\/jundiai.sp.gov.br\/administracao-e-gestao-de-pessoas\/wp-json\/wp\/v2\/pages\/493"}],"wp:attachment":[{"href":"https:\/\/jundiai.sp.gov.br\/administracao-e-gestao-de-pessoas\/wp-json\/wp\/v2\/media?parent=2309"}],"curies":[{"name":"wp","href":"https:\/\/api.w.org\/{rel}","templated":true}]}}