{"id":2388,"date":"2017-11-13T16:08:41","date_gmt":"2017-11-13T18:08:41","guid":{"rendered":"https:\/\/jundiai.sp.gov.br\/administracao-e-gestao-de-pessoas\/?page_id=2388"},"modified":"2025-12-04T17:29:23","modified_gmt":"2025-12-04T20:29:23","slug":"abono-de-permanencia","status":"publish","type":"page","link":"https:\/\/jundiai.sp.gov.br\/administracao-e-gestao-de-pessoas\/gestao-de-pessoas-orienta\/abono-de-permanencia\/","title":{"rendered":"ABONO DE PERMAN\u00caNCIA"},"content":{"rendered":"\n<ul class=\"wp-block-list\">\n<li><strong>O que \u00e9?<\/strong><\/li>\n<\/ul>\n\n\n\n<p>\u00c9 a isen\u00e7\u00e3o da contribui\u00e7\u00e3o mensal paga ao Iprejun at\u00e9 a data de sua aposentadoria.<\/p>\n\n\n\n<ul class=\"wp-block-list\">\n<li><strong>Quem tem direito?<\/strong><\/li>\n<\/ul>\n\n\n\n<p>Somente os servidores estatut\u00e1rios que tiverem cumprido todos os requisitos para a aposentadoria, mediante an\u00e1lise do Iprejun.<\/p>\n\n\n\n<ul class=\"wp-block-list\">\n<li><strong>Como requerer?<\/strong><\/li>\n<\/ul>\n\n\n\n<p>O Servidor poder\u00e1 solicitar atrav\u00e9s de preenchimento do Requerimento de Protocolo, dispon\u00edvel no site da Prefeitura, que deve ser enviado para o e-mail&nbsp;<a href=\"mailto:atendeservidor@jundiai.sp.gov.br\" target=\"_blank\" rel=\"noopener\">atendeservidor@jundiai.sp.gov.<wbr>br<\/a>&nbsp;da SMAGP\/ Se\u00e7\u00e3o de Atendimento ao Servidor.<\/p>\n\n\n\n<ul class=\"wp-block-list\">\n<li><strong>Qual a documenta\u00e7\u00e3o necess\u00e1ria?<\/strong><\/li>\n<\/ul>\n\n\n\n<p>\u2013 Formul\u00e1rio de Requerimento de Protocolo;<br>\u2013 C\u00f3pia da Certid\u00e3o de Tempo de Contribui\u00e7\u00e3o emitida pelo INSS;<br>\u2013 C\u00f3pia da Certid\u00e3o de \u00f3rg\u00e3os para os quais contribuiu e que ser\u00e3o utilizadas para aposentadoria.<br><strong>Importante:<\/strong>\u00a0A certid\u00e3o de tempo de contribui\u00e7\u00e3o apresentada para instru\u00e7\u00e3o do pedido n\u00e3o poder\u00e1 ser reutilizada para qualquer outro benef\u00edcio, vantagem pecuni\u00e1ria ou previdenci\u00e1ria, destinando-se exclusivamente \u00e0 an\u00e1lise do pleito em quest\u00e3o.<\/p>\n\n\n\n<p><strong>Contato: Divis\u00e3o de Apoio T\u00e9cnico \u2013 4589-8740 \/ 4589-8741&nbsp;&nbsp;<\/strong><\/p>\n\n\n\n<ul class=\"wp-block-list\">\n<li><strong>Qual a Legisla\u00e7\u00e3o que trata do assunto?<\/strong><\/li>\n<\/ul>\n\n\n\n<p>&#8211; Constitui\u00e7\u00e3o Federal, Art. 40.<br>\n&#8211; Emenda Constitucional n\u00ba 41, Art. 2\u00ba.<br>\n&#8211; Lei Complementar n\u00ba 499, de 22 de dezembro de 2010, Estatuto dos Funcion\u00e1rios P\u00fablicos do Munic\u00edpio, Art. 116.<br>\n<a href=\"https:\/\/sapl.jundiai.sp.leg.br\/pysc\/download_norma_pysc?cod_norma=8545&amp;texto_consolidado=1\" target=\"_blank\" rel=\"noopener\">Dispon\u00edvel aqui<\/a><\/p>\n\n\n\n<p><strong>Anexos:<\/strong><\/p>\n\n\n\n<p>&#8211; Formul\u00e1rio Requerimento de Protocolo.<br><a href=\"https:\/\/jundiai.sp.gov.br\/administracao-e-gestao-de-pessoas\/wp-content\/uploads\/sites\/16\/2025\/10\/requerimento-de-protocolo.pdf\" target=\"_blank\" rel=\"noreferrer noopener\"> Dispon\u00edvel aqui<\/a><\/p>\n","protected":false},"excerpt":{"rendered":"<p>\u00c9 a isen\u00e7\u00e3o da contribui\u00e7\u00e3o mensal paga ao Iprejun at\u00e9 a data de sua aposentadoria. Somente os servidores estatut\u00e1rios que tiverem cumprido todos os requisitos para a aposentadoria, mediante an\u00e1lise do Iprejun. O Servidor poder\u00e1 solicitar atrav\u00e9s de preenchimento do Requerimento de Protocolo, dispon\u00edvel no site da Prefeitura, que deve ser enviado para o e-mail&nbsp;atendeservidor@jundiai.sp.gov.br&nbsp;da [&hellip;]<\/p>\n","protected":false},"author":30,"featured_media":0,"parent":2384,"menu_order":0,"comment_status":"closed","ping_status":"closed","template":"","meta":{"footnotes":""},"class_list":["post-2388","page","type-page","status-publish","hentry"],"_links":{"self":[{"href":"https:\/\/jundiai.sp.gov.br\/administracao-e-gestao-de-pessoas\/wp-json\/wp\/v2\/pages\/2388","targetHints":{"allow":["GET"]}}],"collection":[{"href":"https:\/\/jundiai.sp.gov.br\/administracao-e-gestao-de-pessoas\/wp-json\/wp\/v2\/pages"}],"about":[{"href":"https:\/\/jundiai.sp.gov.br\/administracao-e-gestao-de-pessoas\/wp-json\/wp\/v2\/types\/page"}],"author":[{"embeddable":true,"href":"https:\/\/jundiai.sp.gov.br\/administracao-e-gestao-de-pessoas\/wp-json\/wp\/v2\/users\/30"}],"replies":[{"embeddable":true,"href":"https:\/\/jundiai.sp.gov.br\/administracao-e-gestao-de-pessoas\/wp-json\/wp\/v2\/comments?post=2388"}],"version-history":[{"count":22,"href":"https:\/\/jundiai.sp.gov.br\/administracao-e-gestao-de-pessoas\/wp-json\/wp\/v2\/pages\/2388\/revisions"}],"predecessor-version":[{"id":7490,"href":"https:\/\/jundiai.sp.gov.br\/administracao-e-gestao-de-pessoas\/wp-json\/wp\/v2\/pages\/2388\/revisions\/7490"}],"up":[{"embeddable":true,"href":"https:\/\/jundiai.sp.gov.br\/administracao-e-gestao-de-pessoas\/wp-json\/wp\/v2\/pages\/2384"}],"wp:attachment":[{"href":"https:\/\/jundiai.sp.gov.br\/administracao-e-gestao-de-pessoas\/wp-json\/wp\/v2\/media?parent=2388"}],"curies":[{"name":"wp","href":"https:\/\/api.w.org\/{rel}","templated":true}]}}