{"id":2398,"date":"2017-11-13T16:13:40","date_gmt":"2017-11-13T18:13:40","guid":{"rendered":"https:\/\/jundiai.sp.gov.br\/administracao-e-gestao-de-pessoas\/?page_id=2398"},"modified":"2025-10-06T11:06:52","modified_gmt":"2025-10-06T14:06:52","slug":"adicionais-de-insalubridade-e-periculosidade","status":"publish","type":"page","link":"https:\/\/jundiai.sp.gov.br\/administracao-e-gestao-de-pessoas\/gestao-de-pessoas-orienta\/adicionais-de-insalubridade-e-periculosidade\/","title":{"rendered":"ADICIONAIS DE INSALUBRIDADE E PERICULOSIDADE"},"content":{"rendered":"\n<ul class=\"wp-block-list\">\n<li><b>O que \u00e9 o Adicional de Insalubridade?<\/b><\/li>\n<\/ul>\n\n\n\n<p><span style=\"font-weight: 400;\">Adicional em valor monet\u00e1rio que faz jus o servidor exposto a agentes nocivos insalubres (f\u00edsicos, qu\u00edmicos e biol\u00f3gicos), nos moldes da Norma Regulamentadora n\u00ba. 15, do Minist\u00e9rio do Trabalho. O valor desse adicional poder\u00e1 ser de 10 (dez), 20 (vinte) ou 40% (quarenta por cento) do sal\u00e1rio m\u00ednimo vigente. <\/span><\/p>\n\n\n\n<ul class=\"wp-block-list\">\n<li><b>O que \u00e9 o Adicional de Periculosidade?<\/b><\/li>\n<\/ul>\n\n\n\n<p><span style=\"font-weight: 400;\">Adicional em valor monet\u00e1rio que faz jus o servidor exposto a atividades e\/ou locais de risco ou perigosos nos moldes da Norma Regulamentadora n\u00ba. 16, do Minist\u00e9rio do Trabalho. O valor desse adicional \u00e9 de 30% (trinta por cento) do sal\u00e1rio base.<\/span><\/p>\n\n\n\n<ul class=\"wp-block-list\">\n<li><b>Como requerer os Adicionais de Insalubridade ou Periculosidade?<\/b><\/li>\n<\/ul>\n\n\n\n<p>Os locais de trabalho da Prefeitura est\u00e3o parametrizados para o pagamento destes adicionais de forma autom\u00e1tica. Em caso de d\u00favidas, contatar a Divis\u00e3o de Engenharia e Seguran\u00e7a do Trabalho ou protocolar requerimento atrav\u00e9s do e-mail&nbsp;<a href=\"mailto:atendeservidor@jundiai.sp.gov.br\" target=\"_blank\" rel=\"noopener\">atendeservidor@jundiai.sp.gov.<wbr>br<\/a>&nbsp;da SMAGP\/ Se\u00e7\u00e3o de Atendimento ao Servidor.<\/p>\n\n\n\n<ul class=\"wp-block-list\">\n<li><b>Os adicionais de Periculosidade\/Insalubridade s\u00e3o considerados \u201cdireito adquirido\u201d?<\/b><\/li>\n<\/ul>\n\n\n\n<p><span style=\"font-weight: 400;\">N\u00e3o, o direito \u00e0 percep\u00e7\u00e3o do adicional de insalubridade ou de periculosidade cessa quando as atividades nessas condi\u00e7\u00f5es deixam de ser executadas. S\u00e3o exemplos: mudan\u00e7a de local de trabalho; ado\u00e7\u00e3o de mat\u00e9rias primas menos nocivas; utiliza\u00e7\u00e3o de equipamentos de prote\u00e7\u00e3o coletiva e\/ou individual que atenuem os agentes nocivos a \u00edndices abaixo dos n\u00edveis de toler\u00e2ncia estipulados na NR-15.<\/span><\/p>\n\n\n\n<p><span style=\"font-weight: 400;\">Esses adicionais n\u00e3o s\u00e3o cumulativos. Se o servidor estiver exposto aos dois tipos, dever\u00e1 optar pela percep\u00e7\u00e3o de um deles somente.<\/span><\/p>\n\n\n\n<p><b>Contato: Divis\u00e3o de Engenharia e Seguran\u00e7a do Trabalho \u2013 4589-8755 \/ 4589-8887<\/b><\/p>\n\n\n\n<p><b>Qual a Legisla\u00e7\u00e3o que trata do assunto?<\/b><\/p>\n\n\n\n<p><span style=\"font-weight: 400;\">&#8211; Norma Regulamentadora n\u00ba. 15, do Minist\u00e9rio do Trabalho.<\/span><\/p>\n\n\n\n<p><span style=\"font-weight: 400;\">&#8211; Norma Regulamentadora n\u00ba. 16, do Minist\u00e9rio do Trabalho<\/span><\/p>\n\n\n\n<p><span style=\"font-weight: 400;\">&#8211; Lei Complementar n\u00ba 499, de 22 de dezembro de 2010, Estatuto dos Funcion\u00e1rios P\u00fablicos do Munic\u00edpio, Art. 102.<\/span><\/p>\n\n\n\n<p><a href=\"https:\/\/sapl.jundiai.sp.leg.br\/pysc\/download_norma_pysc?cod_norma=8545&amp;texto_consolidado=1\" target=\"_blank\" rel=\"noopener\">Dispon\u00edvel aqui<\/a><\/p>\n\n\n\n<p><b>Anexos:<\/b><\/p>\n\n\n\n<p><span style=\"font-weight: 400;\">&#8211; Formul\u00e1rio Requerimento de Protocolo.<\/span><\/p>\n\n\n\n<p><a href=\"https:\/\/jundiai.sp.gov.br\/administracao-e-gestao-de-pessoas\/wp-content\/uploads\/sites\/16\/2025\/10\/requerimento-de-protocolo.pdf\" target=\"_blank\" rel=\"noreferrer noopener\">Dispon\u00edvel aqui<\/a><\/p>\n","protected":false},"excerpt":{"rendered":"<p>Adicional em valor monet\u00e1rio que faz jus o servidor exposto a agentes nocivos insalubres (f\u00edsicos, qu\u00edmicos e biol\u00f3gicos), nos moldes da Norma Regulamentadora n\u00ba. 15, do Minist\u00e9rio do Trabalho. O valor desse adicional poder\u00e1 ser de 10 (dez), 20 (vinte) ou 40% (quarenta por cento) do sal\u00e1rio m\u00ednimo vigente. Adicional em valor monet\u00e1rio que faz [&hellip;]<\/p>\n","protected":false},"author":30,"featured_media":0,"parent":2384,"menu_order":0,"comment_status":"closed","ping_status":"closed","template":"","meta":{"footnotes":""},"class_list":["post-2398","page","type-page","status-publish","hentry"],"_links":{"self":[{"href":"https:\/\/jundiai.sp.gov.br\/administracao-e-gestao-de-pessoas\/wp-json\/wp\/v2\/pages\/2398","targetHints":{"allow":["GET"]}}],"collection":[{"href":"https:\/\/jundiai.sp.gov.br\/administracao-e-gestao-de-pessoas\/wp-json\/wp\/v2\/pages"}],"about":[{"href":"https:\/\/jundiai.sp.gov.br\/administracao-e-gestao-de-pessoas\/wp-json\/wp\/v2\/types\/page"}],"author":[{"embeddable":true,"href":"https:\/\/jundiai.sp.gov.br\/administracao-e-gestao-de-pessoas\/wp-json\/wp\/v2\/users\/30"}],"replies":[{"embeddable":true,"href":"https:\/\/jundiai.sp.gov.br\/administracao-e-gestao-de-pessoas\/wp-json\/wp\/v2\/comments?post=2398"}],"version-history":[{"count":16,"href":"https:\/\/jundiai.sp.gov.br\/administracao-e-gestao-de-pessoas\/wp-json\/wp\/v2\/pages\/2398\/revisions"}],"predecessor-version":[{"id":7441,"href":"https:\/\/jundiai.sp.gov.br\/administracao-e-gestao-de-pessoas\/wp-json\/wp\/v2\/pages\/2398\/revisions\/7441"}],"up":[{"embeddable":true,"href":"https:\/\/jundiai.sp.gov.br\/administracao-e-gestao-de-pessoas\/wp-json\/wp\/v2\/pages\/2384"}],"wp:attachment":[{"href":"https:\/\/jundiai.sp.gov.br\/administracao-e-gestao-de-pessoas\/wp-json\/wp\/v2\/media?parent=2398"}],"curies":[{"name":"wp","href":"https:\/\/api.w.org\/{rel}","templated":true}]}}