{"id":2408,"date":"2017-11-13T16:23:52","date_gmt":"2017-11-13T18:23:52","guid":{"rendered":"https:\/\/jundiai.sp.gov.br\/administracao-e-gestao-de-pessoas\/?page_id=2408"},"modified":"2025-09-17T13:30:52","modified_gmt":"2025-09-17T16:30:52","slug":"afastamento-para-doacao-de-sangue","status":"publish","type":"page","link":"https:\/\/jundiai.sp.gov.br\/administracao-e-gestao-de-pessoas\/gestao-de-pessoas-orienta\/afastamento-para-doacao-de-sangue\/","title":{"rendered":"AFASTAMENTO PARA DOA\u00c7\u00c3O DE SANGUE"},"content":{"rendered":"\n<ul class=\"wp-block-list\">\n<li><b>O que \u00e9?<\/b><\/li>\n<\/ul>\n\n\n\n<p><span style=\"font-weight: 400;\">\u00c9 o dia remunerado em que o servidor poder\u00e1 se afastar em raz\u00e3o de doa\u00e7\u00e3o de sangue, concedido num intervalo de 12 (doze) meses entre uma doa\u00e7\u00e3o e outra.<\/span><\/p>\n\n\n\n<ul class=\"wp-block-list\">\n<li><b>Quem tem direito?<\/b><\/li>\n<\/ul>\n\n\n\n<p><span style=\"font-weight: 400;\">Qualquer servidor.<\/span><\/p>\n\n\n\n<ul class=\"wp-block-list\">\n<li><b>Como proceder?<\/b><\/li>\n<\/ul>\n\n\n\n<p>A c\u00f3pia da declara\u00e7\u00e3o da institui\u00e7\u00e3o coletora dever\u00e1 ser enviada, via formul\u00e1rio eletr\u00f4nico, pelo Respons\u00e1vel de Pessoal da Secretaria de lota\u00e7\u00e3o, com carimbo e assinatura de ci\u00eancia da chefia imediata no verso do documento, em at\u00e9 48h ap\u00f3s o dia da falta.<\/p>\n\n\n\n<p>Contato: Divis\u00e3o de Ponto e Frequ\u00eancia \u2013 4589-8745 \/ 4589-8743<\/p>\n\n\n\n<ul class=\"wp-block-list\">\n<li><b>Qual a Legisla\u00e7\u00e3o que trata do assunto?<\/b><\/li>\n<\/ul>\n\n\n\n<p><span style=\"font-weight: 400;\">&#8211; Lei Complementar n\u00ba 499, de 22 de dezembro de 2010, Estatuto dos Funcion\u00e1rios P\u00fablicos do Munic\u00edpio, Art. 55, inciso XV.<\/span><\/p>\n\n\n\n<p><a href=\"https:\/\/sapl.jundiai.sp.leg.br\/pysc\/download_norma_pysc?cod_norma=8545&amp;texto_consolidado=1\" target=\"_blank\" rel=\"noopener\">Dispon\u00edvel aqui<\/a><\/p>\n\n\n\n<p><span style=\"font-weight: 400;\">&#8211; Decreto Municipal n.\u00ba 35.286, de 28 de Julho de 2025, Manual de Gerenciamento de Frequ\u00eancia dos Servidores P\u00fablicos da Administra\u00e7\u00e3o Direta do Munic\u00edpio.&nbsp;<\/span><\/p>\n\n\n\n<p><a href=\"https:\/\/jundiai.sp.gov.br\/administracao-e-gestao-de-pessoas\/wp-content\/uploads\/sites\/16\/2025\/08\/sei_2501116_decreto_n-_35-286__de_28_de_julho_de_2025.pdf\"><span style=\"font-weight: 400;\">Dispon\u00edvel aqui<\/span><\/a><\/p>\n\n\n\n<p><\/p>\n","protected":false},"excerpt":{"rendered":"<p>\u00c9 o dia remunerado em que o servidor poder\u00e1 se afastar em raz\u00e3o de doa\u00e7\u00e3o de sangue, concedido num intervalo de 12 (doze) meses entre uma doa\u00e7\u00e3o e outra. Qualquer servidor. A c\u00f3pia da declara\u00e7\u00e3o da institui\u00e7\u00e3o coletora dever\u00e1 ser enviada, via formul\u00e1rio eletr\u00f4nico, pelo Respons\u00e1vel de Pessoal da Secretaria de lota\u00e7\u00e3o, com carimbo e [&hellip;]<\/p>\n","protected":false},"author":30,"featured_media":0,"parent":2384,"menu_order":0,"comment_status":"closed","ping_status":"closed","template":"","meta":{"footnotes":""},"class_list":["post-2408","page","type-page","status-publish","hentry"],"_links":{"self":[{"href":"https:\/\/jundiai.sp.gov.br\/administracao-e-gestao-de-pessoas\/wp-json\/wp\/v2\/pages\/2408","targetHints":{"allow":["GET"]}}],"collection":[{"href":"https:\/\/jundiai.sp.gov.br\/administracao-e-gestao-de-pessoas\/wp-json\/wp\/v2\/pages"}],"about":[{"href":"https:\/\/jundiai.sp.gov.br\/administracao-e-gestao-de-pessoas\/wp-json\/wp\/v2\/types\/page"}],"author":[{"embeddable":true,"href":"https:\/\/jundiai.sp.gov.br\/administracao-e-gestao-de-pessoas\/wp-json\/wp\/v2\/users\/30"}],"replies":[{"embeddable":true,"href":"https:\/\/jundiai.sp.gov.br\/administracao-e-gestao-de-pessoas\/wp-json\/wp\/v2\/comments?post=2408"}],"version-history":[{"count":11,"href":"https:\/\/jundiai.sp.gov.br\/administracao-e-gestao-de-pessoas\/wp-json\/wp\/v2\/pages\/2408\/revisions"}],"predecessor-version":[{"id":7370,"href":"https:\/\/jundiai.sp.gov.br\/administracao-e-gestao-de-pessoas\/wp-json\/wp\/v2\/pages\/2408\/revisions\/7370"}],"up":[{"embeddable":true,"href":"https:\/\/jundiai.sp.gov.br\/administracao-e-gestao-de-pessoas\/wp-json\/wp\/v2\/pages\/2384"}],"wp:attachment":[{"href":"https:\/\/jundiai.sp.gov.br\/administracao-e-gestao-de-pessoas\/wp-json\/wp\/v2\/media?parent=2408"}],"curies":[{"name":"wp","href":"https:\/\/api.w.org\/{rel}","templated":true}]}}