{"id":2413,"date":"2017-11-13T16:27:00","date_gmt":"2017-11-13T18:27:00","guid":{"rendered":"https:\/\/jundiai.sp.gov.br\/administracao-e-gestao-de-pessoas\/?page_id=2413"},"modified":"2025-02-04T09:55:25","modified_gmt":"2025-02-04T12:55:25","slug":"aposentadoria","status":"publish","type":"page","link":"https:\/\/jundiai.sp.gov.br\/administracao-e-gestao-de-pessoas\/gestao-de-pessoas-orienta\/aposentadoria\/","title":{"rendered":"APOSENTADORIA"},"content":{"rendered":"\n<ul class=\"wp-block-list\">\n<li><b>Quais os tipos?<\/b><\/li>\n<\/ul>\n\n\n\n<p>As informa\u00e7\u00f5es est\u00e3o dispon\u00edveis na <a href=\"https:\/\/iprejun.sp.gov.br\/N\/cartilha-beneficios\" target=\"_blank\" rel=\"noopener\">Cartilha de Benef\u00edcios<\/a> ou <a href=\"http:\/\/www.Iprejun.sp.gov.br\">Portal do Iprejun<\/a>&nbsp;<\/p>\n\n\n\n<p><b>Contato: <\/b>Iprejun \u2013 3109-0566 \/&nbsp;<a href=\"mailto:iprejun@jundiai.sp.gov.br\" target=\"_blank\" rel=\"noopener\">iprejun@jundiai.sp.gov.br<\/a><\/p>\n\n\n\n<p><b>Informa\u00e7\u00f5es Adicionais<\/b><\/p>\n\n\n\n<p>A inscri\u00e7\u00e3o de dependentes no cadastro da Prefeitura, para aquisi\u00e7\u00e3o de futuros benef\u00edcios junto ao Iprejun, ser\u00e3o pass\u00edveis de revis\u00e3o no momento da aquisi\u00e7\u00e3o.<\/p>\n\n\n\n<ul class=\"wp-block-list\">\n<li><b>Qual a Legisla\u00e7\u00e3o que trata do assunto?<\/b><\/li>\n<\/ul>\n\n\n\n<p><span style=\"font-weight: 400;\">&#8211; Lei Complementar n\u00ba 499, de 22 de dezembro de 2010, Estatuto dos Funcion\u00e1rios P\u00fablicos do Munic\u00edpio, Art. 116.<\/span><\/p>\n\n\n\n<p><a href=\"https:\/\/sapl.jundiai.sp.leg.br\/pysc\/download_norma_pysc?cod_norma=8545&amp;texto_consolidado=1\" target=\"_blank\" rel=\"noopener\">Dispon\u00edvel aqui<\/a><\/p>\n\n\n\n<p>\u2013 Lei n.\u00ba 5.894, de 12 de setembro de 2002, cria o Instituto de Previd\u00eancia do Munic\u00edpio de Jundia\u00ed \u2013 IPREJUN.<\/p>\n\n\n\n<p><a href=\"https:\/\/jundiai.sp.gov.br\/administracao-e-gestao-de-pessoas\/wp-content\/uploads\/sites\/16\/2020\/11\/lei-5894.pdf\" target=\"_blank\" rel=\"noopener noreferrer\">Dispon\u00edvel Aqui<\/a><\/p>\n\n\n\n<p>&#8211; Lei Complementar n\u00ba 611, de 08 de dezembro de 2021, Regula as novas regras de aposentadoria e pens\u00e3o por morte no Regime Pr\u00f3prio de Previd\u00eancia Social.<\/p>\n\n\n\n<p><a href=\"https:\/\/sapl.jundiai.sp.leg.br\/pysc\/download_norma_pysc?cod_norma=19008&amp;texto_original=1\">Dispon\u00edvel aqui<\/a><\/p>\n","protected":false},"excerpt":{"rendered":"<p>As informa\u00e7\u00f5es est\u00e3o dispon\u00edveis na Cartilha de Benef\u00edcios ou Portal do Iprejun&nbsp; Contato: Iprejun \u2013 3109-0566 \/&nbsp;iprejun@jundiai.sp.gov.br Informa\u00e7\u00f5es Adicionais A inscri\u00e7\u00e3o de dependentes no cadastro da Prefeitura, para aquisi\u00e7\u00e3o de futuros benef\u00edcios junto ao Iprejun, ser\u00e3o pass\u00edveis de revis\u00e3o no momento da aquisi\u00e7\u00e3o. &#8211; Lei Complementar n\u00ba 499, de 22 de dezembro de 2010, Estatuto [&hellip;]<\/p>\n","protected":false},"author":30,"featured_media":0,"parent":2384,"menu_order":0,"comment_status":"closed","ping_status":"closed","template":"","meta":{"footnotes":""},"class_list":["post-2413","page","type-page","status-publish","hentry"],"_links":{"self":[{"href":"https:\/\/jundiai.sp.gov.br\/administracao-e-gestao-de-pessoas\/wp-json\/wp\/v2\/pages\/2413","targetHints":{"allow":["GET"]}}],"collection":[{"href":"https:\/\/jundiai.sp.gov.br\/administracao-e-gestao-de-pessoas\/wp-json\/wp\/v2\/pages"}],"about":[{"href":"https:\/\/jundiai.sp.gov.br\/administracao-e-gestao-de-pessoas\/wp-json\/wp\/v2\/types\/page"}],"author":[{"embeddable":true,"href":"https:\/\/jundiai.sp.gov.br\/administracao-e-gestao-de-pessoas\/wp-json\/wp\/v2\/users\/30"}],"replies":[{"embeddable":true,"href":"https:\/\/jundiai.sp.gov.br\/administracao-e-gestao-de-pessoas\/wp-json\/wp\/v2\/comments?post=2413"}],"version-history":[{"count":14,"href":"https:\/\/jundiai.sp.gov.br\/administracao-e-gestao-de-pessoas\/wp-json\/wp\/v2\/pages\/2413\/revisions"}],"predecessor-version":[{"id":7196,"href":"https:\/\/jundiai.sp.gov.br\/administracao-e-gestao-de-pessoas\/wp-json\/wp\/v2\/pages\/2413\/revisions\/7196"}],"up":[{"embeddable":true,"href":"https:\/\/jundiai.sp.gov.br\/administracao-e-gestao-de-pessoas\/wp-json\/wp\/v2\/pages\/2384"}],"wp:attachment":[{"href":"https:\/\/jundiai.sp.gov.br\/administracao-e-gestao-de-pessoas\/wp-json\/wp\/v2\/media?parent=2413"}],"curies":[{"name":"wp","href":"https:\/\/api.w.org\/{rel}","templated":true}]}}