{"id":2423,"date":"2017-11-17T15:58:15","date_gmt":"2017-11-17T17:58:15","guid":{"rendered":"https:\/\/jundiai.sp.gov.br\/administracao-e-gestao-de-pessoas\/?page_id=2423"},"modified":"2025-09-16T10:31:57","modified_gmt":"2025-09-16T13:31:57","slug":"auxilio-transporte","status":"publish","type":"page","link":"https:\/\/jundiai.sp.gov.br\/administracao-e-gestao-de-pessoas\/gestao-de-pessoas-orienta\/auxilio-transporte\/","title":{"rendered":"AUX\u00cdLIO TRANSPORTE"},"content":{"rendered":"<ul>\n<li><strong>O que \u00e9?<\/strong><\/li>\n<\/ul>\n<p>\u00c9 o valor pago para locomo\u00e7\u00e3o de ida e vinda ao trabalho, correspondente a 80 (oitenta) passagens de \u00f4nibus urbanos de Jundia\u00ed, sendo R$ 492,00\u00a0mensais.<\/p>\n<ul>\n<li><b>Quem tem direito?<\/b><\/li>\n<\/ul>\n<p><span style=\"font-weight: 400;\">Qualquer servidor, n\u00e3o sendo necess\u00e1rio seu requerimento.<\/span><\/p>\n<ul>\n<li><b>Quais motivos ocasionam a perda do benef\u00edcio?<\/b><\/li>\n<\/ul>\n<div class=\"gmail_default\">O benef\u00edcio ser\u00e1 pago proporcionalmente aos dias trabalhados no m\u00eas, conforme a apura\u00e7\u00e3o da frequ\u00eancia:<\/div>\n<div class=\"gmail_default\"><\/div>\n<div class=\"gmail_default\">&#8211; O Aux\u00edlio Transporte\u00a0<b>PAGO<\/b>, ter\u00e1 como refer\u00eancia o m\u00eas de pagamento, sendo que este valor poder\u00e1 ser calculado a menor, caso o servidor esteja gozando f\u00e9rias regulamentares, f\u00e9rias pr\u00eamio, licen\u00e7a gestante, etc.<\/div>\n<div class=\"gmail_default\"><\/div>\n<div class=\"gmail_default\">&#8211; O Aux\u00edlio Transporte\u00a0<b>DESCONTADO<\/b>, ter\u00e1 como refer\u00eancia o m\u00eas anterior ao de pagamento, sendo que este valor ser\u00e1 calculado considerando os dias de licen\u00e7a para tratamento de sa\u00fade, licen\u00e7a fam\u00edlia, falta, etc. J\u00e1 que a apura\u00e7\u00e3o da frequ\u00eancia \u00e9 realizada observando o m\u00eas anterior ao de pagamento.<\/div>\n<div><\/div>\n<p><strong>Contato: Se\u00e7\u00e3o de C\u00e1lculo de Folha de Pagamento \u2013 Divis\u00e3o de Administra\u00e7\u00e3o de Pessoal -4589-8731\u00a0<\/strong><\/p>\n<p><b>Qual a Legisla\u00e7\u00e3o que trata do assunto?<\/b><\/p>\n<p><span style=\"font-weight: 400;\">&#8211; Lei Complementar n\u00ba 499, de 22 de dezembro de 2010, Estatuto dos Funcion\u00e1rios P\u00fablicos do Munic\u00edpio, Art. 106 e 107.<\/span><\/p>\n<p><a href=\"https:\/\/sapl.jundiai.sp.leg.br\/pysc\/download_norma_pysc?cod_norma=8545&amp;texto_consolidado=1\" target=\"_blank\" rel=\"noopener\">Dispon\u00edvel aqui<\/a><\/p>\n","protected":false},"excerpt":{"rendered":"<p>O que \u00e9? \u00c9 o valor pago para locomo\u00e7\u00e3o de ida e vinda ao trabalho, correspondente a 80 (oitenta) passagens de \u00f4nibus urbanos de Jundia\u00ed, sendo R$ 492,00\u00a0mensais. Quem tem direito? Qualquer servidor, n\u00e3o sendo necess\u00e1rio seu requerimento. Quais motivos ocasionam a perda do benef\u00edcio? O benef\u00edcio ser\u00e1 pago proporcionalmente aos dias trabalhados no m\u00eas, [&hellip;]<\/p>\n","protected":false},"author":30,"featured_media":0,"parent":2384,"menu_order":0,"comment_status":"closed","ping_status":"closed","template":"","meta":{"footnotes":""},"class_list":["post-2423","page","type-page","status-publish","hentry"],"_links":{"self":[{"href":"https:\/\/jundiai.sp.gov.br\/administracao-e-gestao-de-pessoas\/wp-json\/wp\/v2\/pages\/2423","targetHints":{"allow":["GET"]}}],"collection":[{"href":"https:\/\/jundiai.sp.gov.br\/administracao-e-gestao-de-pessoas\/wp-json\/wp\/v2\/pages"}],"about":[{"href":"https:\/\/jundiai.sp.gov.br\/administracao-e-gestao-de-pessoas\/wp-json\/wp\/v2\/types\/page"}],"author":[{"embeddable":true,"href":"https:\/\/jundiai.sp.gov.br\/administracao-e-gestao-de-pessoas\/wp-json\/wp\/v2\/users\/30"}],"replies":[{"embeddable":true,"href":"https:\/\/jundiai.sp.gov.br\/administracao-e-gestao-de-pessoas\/wp-json\/wp\/v2\/comments?post=2423"}],"version-history":[{"count":16,"href":"https:\/\/jundiai.sp.gov.br\/administracao-e-gestao-de-pessoas\/wp-json\/wp\/v2\/pages\/2423\/revisions"}],"predecessor-version":[{"id":7325,"href":"https:\/\/jundiai.sp.gov.br\/administracao-e-gestao-de-pessoas\/wp-json\/wp\/v2\/pages\/2423\/revisions\/7325"}],"up":[{"embeddable":true,"href":"https:\/\/jundiai.sp.gov.br\/administracao-e-gestao-de-pessoas\/wp-json\/wp\/v2\/pages\/2384"}],"wp:attachment":[{"href":"https:\/\/jundiai.sp.gov.br\/administracao-e-gestao-de-pessoas\/wp-json\/wp\/v2\/media?parent=2423"}],"curies":[{"name":"wp","href":"https:\/\/api.w.org\/{rel}","templated":true}]}}