{"id":2436,"date":"2017-11-17T16:20:47","date_gmt":"2017-11-17T18:20:47","guid":{"rendered":"https:\/\/jundiai.sp.gov.br\/administracao-e-gestao-de-pessoas\/?page_id=2436"},"modified":"2025-09-17T11:15:37","modified_gmt":"2025-09-17T14:15:37","slug":"cartao-alimentacao","status":"publish","type":"page","link":"https:\/\/jundiai.sp.gov.br\/administracao-e-gestao-de-pessoas\/gestao-de-pessoas-orienta\/cartao-alimentacao\/","title":{"rendered":"CART\u00c3O ALIMENTA\u00c7\u00c3O"},"content":{"rendered":"\n<ul class=\"wp-block-list\">\n<li><b>O que \u00e9 Aux\u00edlio-Alimenta\u00e7\u00e3o (Cart\u00e3o Alimenta\u00e7\u00e3o)?<\/b><\/li>\n<\/ul>\n\n\n\n<p>\u00c9 um benef\u00edcio concedido mensalmente em forma de vale-alimenta\u00e7\u00e3o por meio de cart\u00e3o magn\u00e9tico para aquisi\u00e7\u00e3o de g\u00eaneros aliment\u00edcios em estabelecimentos comerciais credenciados.<\/p>\n\n\n\n<p>Atualmente a empresa que administra os cart\u00f5es \u00e9 a Verocheque (Cart\u00e3o Verocard).<\/p>\n\n\n\n<ul class=\"wp-block-list\">\n<li><strong>Qual o valor cr\u00e9dito no cart\u00e3o?<\/strong><\/li>\n<\/ul>\n\n\n\n<p>O valor \u00e9 de R$ 1.145,00 (um mil, cento e quarenta e cinco reais). Sendo que h\u00e1 um cr\u00e9dito adicional, de mesmo valor, no \u00faltimo dia \u00fatil do m\u00eas de novembro de cada ano.<\/p>\n\n\n\n<ul class=\"wp-block-list\">\n<li><strong>Quem tem direito?<\/strong><\/li>\n<\/ul>\n\n\n\n<p>Todos os servidores ativos que tenham trabalhado, no m\u00ednimo, 15 (quinze) dias no m\u00eas.<\/p>\n\n\n\n<ul class=\"wp-block-list\">\n<li><strong>Em quais tipos de afastamento \u00e9 mantido o cr\u00e9dito no cart\u00e3o alimenta\u00e7\u00e3o?<\/strong><\/li>\n<\/ul>\n\n\n\n<p>O cr\u00e9dito \u00e9 mantido nos afastamentos por:<\/p>\n\n\n\n<ul class=\"wp-block-list\">\n<li>F\u00e9rias regulamentares ou f\u00e9rias pr\u00eamio;<\/li>\n\n\n\n<li>Licen\u00e7a por acidente de trabalho ou doen\u00e7a profissional;<\/li>\n\n\n\n<li>Licen\u00e7a para tratamento de sa\u00fade do servidor (atestado m\u00e9dico);<\/li>\n\n\n\n<li>Licen\u00e7a para tratamento de sa\u00fade de pessoa da fam\u00edlia at\u00e9 30 (trinta) dias, consecutivos ou n\u00e3o;<\/li>\n\n\n\n<li>Licen\u00e7a gestante (maternidade);<\/li>\n\n\n\n<li>Afastamento por casamento, falecimento de familiar ou doa\u00e7\u00e3o de sangue (conforme art. 55 do Estatuto dos Funcion\u00e1rios P\u00fablicos);<\/li>\n<\/ul>\n\n\n\n<p>Obs.: No caso de Licen\u00e7a para Tratamento de Sa\u00fade de Pessoa da Fam\u00edlia, acima de 30 dias, o servidor ter\u00e1 descontado do cr\u00e9dito de seu cart\u00e3o os dias proporcionais equivalentes aos dias de afastamento n\u00e3o remunerados.<\/p>\n\n\n\n<ul class=\"wp-block-list\">\n<li><b>Para funcion\u00e1rios novos (admitidos), quando e onde deve ser feita a retirada do cart\u00e3o alimenta\u00e7\u00e3o?<\/b><\/li>\n<\/ul>\n\n\n\n<p>Primeiramente, \u00e9 necess\u00e1rio entrar em contato com a SMAGP\/Se\u00e7\u00e3o de Benef\u00edcios pelo telefone 4589-8752, no \u00faltimo dia \u00fatil do m\u00eas em que foi admitido, para saber se o cart\u00e3o j\u00e1 est\u00e1 dispon\u00edvel para retirada.<\/p>\n\n\n\n<p>O cart\u00e3o ser\u00e1 entregue na SMAGP\/Se\u00e7\u00e3o de Atendimento ao Servidor, das 8h00 \u00e0s 17h00.<\/p>\n\n\n\n<ul class=\"wp-block-list\">\n<li><b>Quem poder\u00e1 retirar meu cart\u00e3o alimenta\u00e7\u00e3o?<\/b><\/li>\n<\/ul>\n\n\n\n<p><span style=\"font-weight: 400;\">Somente o pr\u00f3prio servidor.<\/span><\/p>\n\n\n\n<ul class=\"wp-block-list\">\n<li><b>Os cr\u00e9ditos s\u00e3o acumulativos?<\/b><\/li>\n<\/ul>\n\n\n\n<p><span style=\"font-weight: 400;\">Sim, no entanto, n\u00e3o devem ser acumulados mais do que 3 (tr\u00eas) cr\u00e9ditos no cart\u00e3o, por quest\u00f5es operacionais.<\/span><\/p>\n\n\n\n<ul class=\"wp-block-list\">\n<li><strong>Qual \u00e9 a rede credenciada da&nbsp;Verocard?<\/strong><\/li>\n<\/ul>\n\n\n\n<p>O servidor dever\u00e1 acessar o site&nbsp;<a href=\"http:\/\/www.verocard.com.br\"><strong>www.verocard.com.br<\/strong><\/a>&nbsp;e clicar na aba de Rede Credenciada que consta na p\u00e1gina principal. Ap\u00f3s, deve escolher a Unidade de Federa\u00e7\u00e3o e o munic\u00edpio desejado, clicando em seguida no tipo de cart\u00e3o \u201cVerocard Alimenta\u00e7\u00e3o\u201d, Digitar o ponto de refer\u00eancia para a localiza\u00e7\u00e3o (opcional) e clicar em \u201cBuscar\u201d.<strong>&nbsp;<\/strong><\/p>\n\n\n\n<p>Tamb\u00e9m \u00e9 poss\u00edvel a consulta de Rede Credenciada pelo aplicativo.<\/p>\n\n\n\n<p>Obs: No aplicativo os servidores dever\u00e3o utilizar apenas as op\u00e7\u00f5es de \u201cSaldo\/Extrato\u201d e \u201cRede Credenciada\u201d, ignorando a op\u00e7\u00e3o de \u201cUsar Vers\u00e3o Completa\u201d<\/p>\n\n\n\n<ul class=\"wp-block-list\">\n<li><b>Quando \u00e9 feito o cr\u00e9dito do cart\u00e3o alimenta\u00e7\u00e3o?<\/b><\/li>\n<\/ul>\n\n\n\n<p><span style=\"font-weight: 400;\">No \u00faltimo dia \u00fatil do m\u00eas. O servidor trabalha durante o m\u00eas e recebe o cr\u00e9dito no final dele, sendo que a recarga \u00e9 feita automaticamente.<\/span><\/p>\n\n\n\n<ul class=\"wp-block-list\">\n<li><b>Como consultar saldo e\/ou extrato?<\/b><\/li>\n<\/ul>\n\n\n\n<p>As consultas podem ser feitas pelo site da Verocard (<a href=\"http:\/\/www.verocard.com.br\"><strong>www.verocard.com.br<\/strong><\/a>) ou aplicativo da empresa pelo celular, atrav\u00e9s da op\u00e7\u00e3o \u201cSALDO\/EXTRATO\u201d.<strong>&nbsp;<\/strong><\/p>\n\n\n\n<ul class=\"wp-block-list\">\n<li><strong><strong>Como proceder quando surgir problemas com a senha do cart\u00e3o?<\/strong><\/strong><\/li>\n<\/ul>\n\n\n\n<p>O servidor dever\u00e1 entrar em contato com o 0800-727-4333 da empresa, solicitando uma nova senha.<\/p>\n\n\n\n<ul class=\"wp-block-list\">\n<li><b>Como proceder em caso de perda ou roubo do cart\u00e3o alimenta\u00e7\u00e3o?<\/b><\/li>\n<\/ul>\n\n\n\n<p>Em caso de perda ou roubo, o servidor dever\u00e1 entrar em contato com a empresa, pelo n\u00famero 0800-727-4333 e solicitar o bloqueio do cart\u00e3o.<\/p>\n\n\n\n<p>Para solicitar uma nova via do cart\u00e3o:<\/p>\n\n\n\n<p>Entrar em contato com a Secretaria Adjunta de Gest\u00e3o de Pessoas atrav\u00e9s dos e-mails\u00a0<a href=\"mailto:ugagp_sb@jundiai.sp.gov.br\" target=\"_blank\" rel=\"noreferrer noopener\">ugagp_sb@jundiai.sp.gov.br<\/a>\u00a0ou\u00a0<a href=\"mailto:atendeservidor@jundiai.sp.gov.br\" target=\"_blank\" rel=\"noreferrer noopener\">atendeservidor@jundiai.sp.gov.br<\/a>\u00a0, e fazer o pedido constando nome completo, CPF e n\u00famero de matr\u00edcula.<\/p>\n\n\n\n<p>O tempo m\u00e9dio para entrega da segunda via \u00e9 de 10 (dez) dias e o saldo do cart\u00e3o anterior ser\u00e1 transferido para o novo cart\u00e3o.<\/p>\n\n\n\n<p>A empresa poder\u00e1 cobrar at\u00e9 1% (um por cento) do valor do cr\u00e9dito (R$ 1.145,00) para a emiss\u00e3o da segunda via, ou seja, at\u00e9 R$ 11,45 (onze reais e quarenta e cinco centavos), que ser\u00e3o descontados diretamente no saldo do cart\u00e3o.<\/p>\n\n\n\n<p>Nos casos em que o servidor tiver boletim de ocorr\u00eancia por furto ou roubo, poder\u00e1 encaminhar a c\u00f3pia do boletim juntamente com a solicita\u00e7\u00e3o de segunda via, para isen\u00e7\u00e3o da taxa de emiss\u00e3o pela empresa fornecedora.<\/p>\n\n\n\n<ul class=\"wp-block-list\">\n<li><b>Qual a Legisla\u00e7\u00e3o que trata do assunto?<\/b><\/li>\n<\/ul>\n\n\n\n<p><span style=\"font-weight: 400;\">&#8211; Lei n.\u00ba 6.675, de 27 de abril de 2006, Autoriza a concess\u00e3o do Aux\u00edlio-Alimenta\u00e7\u00e3o.<\/span><\/p>\n\n\n\n<p><a href=\"https:\/\/jundiai.sp.gov.br\/administracao-e-gestao-de-pessoas\/wp-content\/uploads\/sites\/16\/2017\/08\/lei-6675_2006-autoriza-o-auxilio-alimentacao.pdf\"><span style=\"font-weight: 400;\">Dispon\u00edvel aqui<\/span><\/a><\/p>\n\n\n\n<p><span style=\"font-weight: 400;\">&#8211; Decreto Municipal n.\u00ba 20.683, de 19\/12\/2006, alterado pelo Decreto n.\u00ba 25.796 de 17\/06\/2015.<\/span><\/p>\n\n\n\n<p><a href=\"https:\/\/jundiai.sp.gov.br\/administracao-e-gestao-de-pessoas\/gestao-de-pessoas\/servidores\/legislacao-2\/auxilio-alimentacao-cartao-alimentacao\/\"><span style=\"font-weight: 400;\">Dispon\u00edvel aqui<\/span><\/a><\/p>\n","protected":false},"excerpt":{"rendered":"<p>\u00c9 um benef\u00edcio concedido mensalmente em forma de vale-alimenta\u00e7\u00e3o por meio de cart\u00e3o magn\u00e9tico para aquisi\u00e7\u00e3o de g\u00eaneros aliment\u00edcios em estabelecimentos comerciais credenciados. Atualmente a empresa que administra os cart\u00f5es \u00e9 a Verocheque (Cart\u00e3o Verocard). O valor \u00e9 de R$ 1.145,00 (um mil, cento e quarenta e cinco reais). Sendo que h\u00e1 um cr\u00e9dito adicional, [&hellip;]<\/p>\n","protected":false},"author":30,"featured_media":0,"parent":2384,"menu_order":0,"comment_status":"closed","ping_status":"closed","template":"","meta":{"footnotes":""},"class_list":["post-2436","page","type-page","status-publish","hentry"],"_links":{"self":[{"href":"https:\/\/jundiai.sp.gov.br\/administracao-e-gestao-de-pessoas\/wp-json\/wp\/v2\/pages\/2436","targetHints":{"allow":["GET"]}}],"collection":[{"href":"https:\/\/jundiai.sp.gov.br\/administracao-e-gestao-de-pessoas\/wp-json\/wp\/v2\/pages"}],"about":[{"href":"https:\/\/jundiai.sp.gov.br\/administracao-e-gestao-de-pessoas\/wp-json\/wp\/v2\/types\/page"}],"author":[{"embeddable":true,"href":"https:\/\/jundiai.sp.gov.br\/administracao-e-gestao-de-pessoas\/wp-json\/wp\/v2\/users\/30"}],"replies":[{"embeddable":true,"href":"https:\/\/jundiai.sp.gov.br\/administracao-e-gestao-de-pessoas\/wp-json\/wp\/v2\/comments?post=2436"}],"version-history":[{"count":46,"href":"https:\/\/jundiai.sp.gov.br\/administracao-e-gestao-de-pessoas\/wp-json\/wp\/v2\/pages\/2436\/revisions"}],"predecessor-version":[{"id":7337,"href":"https:\/\/jundiai.sp.gov.br\/administracao-e-gestao-de-pessoas\/wp-json\/wp\/v2\/pages\/2436\/revisions\/7337"}],"up":[{"embeddable":true,"href":"https:\/\/jundiai.sp.gov.br\/administracao-e-gestao-de-pessoas\/wp-json\/wp\/v2\/pages\/2384"}],"wp:attachment":[{"href":"https:\/\/jundiai.sp.gov.br\/administracao-e-gestao-de-pessoas\/wp-json\/wp\/v2\/media?parent=2436"}],"curies":[{"name":"wp","href":"https:\/\/api.w.org\/{rel}","templated":true}]}}

CARTÃO ALIMENTAÇÃO

<ul class="wp-block-list">
<li><b>O que é Auxílio-Alimentação (Cartão Alimentação)?</b></li>
</ul>



<p>É um benefício concedido mensalmente em forma de vale-alimentação por meio de cartão magnético para aquisição de gêneros alimentícios em estabelecimentos comerciais credenciados.</p>



<p>Atualmente a empresa que administra os cartões é a Verocheque (Cartão Verocard).</p>



<ul class="wp-block-list">
<li><strong>Qual o valor crédito no cartão?</strong></li>
</ul>



<p>O valor é de R$ 1.145,00 (um mil, cento e quarenta e cinco reais). Sendo que há um crédito adicional, de mesmo valor, no último dia útil do mês de novembro de cada ano.</p>



<ul class="wp-block-list">
<li><strong>Quem tem direito?</strong></li>
</ul>



<p>Todos os servidores ativos que tenham trabalhado, no mínimo, 15 (quinze) dias no mês.</p>



<ul class="wp-block-list">
<li><strong>Em quais tipos de afastamento é mantido o crédito no cartão alimentação?</strong></li>
</ul>



<p>O crédito é mantido nos afastamentos por:</p>



<ul class="wp-block-list">
<li>Férias regulamentares ou férias prêmio;</li>



<li>Licença por acidente de trabalho ou doença profissional;</li>



<li>Licença para tratamento de saúde do servidor (atestado médico);</li>



<li>Licença para tratamento de saúde de pessoa da família até 30 (trinta) dias, consecutivos ou não;</li>



<li>Licença gestante (maternidade);</li>



<li>Afastamento por casamento, falecimento de familiar ou doação de sangue (conforme art. 55 do Estatuto dos Funcionários Públicos);</li>
</ul>



<p>Obs.: No caso de Licença para Tratamento de Saúde de Pessoa da Família, acima de 30 dias, o servidor terá descontado do crédito de seu cartão os dias proporcionais equivalentes aos dias de afastamento não remunerados.</p>



<ul class="wp-block-list">
<li><b>Para funcionários novos (admitidos), quando e onde deve ser feita a retirada do cartão alimentação?</b></li>
</ul>



<p>Primeiramente, é necessário entrar em contato com a SMAGP/Seção de Benefícios pelo telefone 4589-8752, no último dia útil do mês em que foi admitido, para saber se o cartão já está disponível para retirada.</p>



<p>O cartão será entregue na SMAGP/Seção de Atendimento ao Servidor, das 8h00 às 17h00.</p>



<ul class="wp-block-list">
<li><b>Quem poderá retirar meu cartão alimentação?</b></li>
</ul>



<p><span style="font-weight: 400;">Somente o próprio servidor.</span></p>



<ul class="wp-block-list">
<li><b>Os créditos são acumulativos?</b></li>
</ul>



<p><span style="font-weight: 400;">Sim, no entanto, não devem ser acumulados mais do que 3 (três) créditos no cartão, por questões operacionais.</span></p>



<ul class="wp-block-list">
<li><strong>Qual é a rede credenciada da&nbsp;Verocard?</strong></li>
</ul>



<p>O servidor deverá acessar o site&nbsp;<a href="http://www.verocard.com.br"><strong>www.verocard.com.br</strong></a>&nbsp;e clicar na aba de Rede Credenciada que consta na página principal. Após, deve escolher a Unidade de Federação e o município desejado, clicando em seguida no tipo de cartão “Verocard Alimentação”, Digitar o ponto de referência para a localização (opcional) e clicar em “Buscar”.<strong>&nbsp;</strong></p>



<p>Também é possível a consulta de Rede Credenciada pelo aplicativo.</p>



<p>Obs: No aplicativo os servidores deverão utilizar apenas as opções de “Saldo/Extrato” e “Rede Credenciada”, ignorando a opção de “Usar Versão Completa”</p>



<ul class="wp-block-list">
<li><b>Quando é feito o crédito do cartão alimentação?</b></li>
</ul>



<p><span style="font-weight: 400;">No último dia útil do mês. O servidor trabalha durante o mês e recebe o crédito no final dele, sendo que a recarga é feita automaticamente.</span></p>



<ul class="wp-block-list">
<li><b>Como consultar saldo e/ou extrato?</b></li>
</ul>



<p>As consultas podem ser feitas pelo site da Verocard (<a href="http://www.verocard.com.br"><strong>www.verocard.com.br</strong></a>) ou aplicativo da empresa pelo celular, através da opção “SALDO/EXTRATO”.<strong>&nbsp;</strong></p>



<ul class="wp-block-list">
<li><strong><strong>Como proceder quando surgir problemas com a senha do cartão?</strong></strong></li>
</ul>



<p>O servidor deverá entrar em contato com o 0800-727-4333 da empresa, solicitando uma nova senha.</p>



<ul class="wp-block-list">
<li><b>Como proceder em caso de perda ou roubo do cartão alimentação?</b></li>
</ul>



<p>Em caso de perda ou roubo, o servidor deverá entrar em contato com a empresa, pelo número 0800-727-4333 e solicitar o bloqueio do cartão.</p>



<p>Para solicitar uma nova via do cartão:</p>



<p>Entrar em contato com a Secretaria Adjunta de Gestão de Pessoas através dos e-mails <a href="mailto:ugagp_sb@jundiai.sp.gov.br" target="_blank" rel="noreferrer noopener">ugagp_sb@jundiai.sp.gov.br</a> ou <a href="mailto:atendeservidor@jundiai.sp.gov.br" target="_blank" rel="noreferrer noopener">atendeservidor@jundiai.sp.gov.br</a> , e fazer o pedido constando nome completo, CPF e número de matrícula.</p>



<p>O tempo médio para entrega da segunda via é de 10 (dez) dias e o saldo do cartão anterior será transferido para o novo cartão.</p>



<p>A empresa poderá cobrar até 1% (um por cento) do valor do crédito (R$ 1.145,00) para a emissão da segunda via, ou seja, até R$ 11,45 (onze reais e quarenta e cinco centavos), que serão descontados diretamente no saldo do cartão.</p>



<p>Nos casos em que o servidor tiver boletim de ocorrência por furto ou roubo, poderá encaminhar a cópia do boletim juntamente com a solicitação de segunda via, para isenção da taxa de emissão pela empresa fornecedora.</p>



<ul class="wp-block-list">
<li><b>Qual a Legislação que trata do assunto?</b></li>
</ul>



<p><span style="font-weight: 400;">&#8211; Lei n.º 6.675, de 27 de abril de 2006, Autoriza a concessão do Auxílio-Alimentação.</span></p>



<p><a href="https://jundiai.sp.gov.br/administracao-e-gestao-de-pessoas/wp-content/uploads/sites/16/2017/08/lei-6675_2006-autoriza-o-auxilio-alimentacao.pdf"><span style="font-weight: 400;">Disponível aqui</span></a></p>



<p><span style="font-weight: 400;">&#8211; Decreto Municipal n.º 20.683, de 19/12/2006, alterado pelo Decreto n.º 25.796 de 17/06/2015.</span></p>



<p><a href="https://jundiai.sp.gov.br/administracao-e-gestao-de-pessoas/gestao-de-pessoas/servidores/legislacao-2/auxilio-alimentacao-cartao-alimentacao/"><span style="font-weight: 400;">Disponível aqui</span></a></p>

<p>É um benefício concedido mensalmente em forma de vale-alimentação por meio de cartão magnético para aquisição de gêneros alimentícios em estabelecimentos comerciais credenciados. Atualmente a empresa que administra os cartões é a Verocheque (Cartão Verocard). O valor é de R$ 1.145,00 (um mil, cento e quarenta e cinco reais). Sendo que há um crédito adicional, [&hellip;]</p>
