{"id":2447,"date":"2017-11-17T16:33:30","date_gmt":"2017-11-17T18:33:30","guid":{"rendered":"https:\/\/jundiai.sp.gov.br\/administracao-e-gestao-de-pessoas\/?page_id=2447"},"modified":"2025-09-17T11:20:52","modified_gmt":"2025-09-17T14:20:52","slug":"demonstrativo-de-pagamento-holerite","status":"publish","type":"page","link":"https:\/\/jundiai.sp.gov.br\/administracao-e-gestao-de-pessoas\/gestao-de-pessoas-orienta\/demonstrativo-de-pagamento-holerite\/","title":{"rendered":"DEMONSTRATIVO DE PAGAMENTO (HOLERITE)"},"content":{"rendered":"<ul>\n<li><b>Como e quando retirar?<\/b><\/li>\n<\/ul>\n<p><span style=\"font-weight: 400;\">O demonstrativo de pagamento fica dispon\u00edvel no Portal do Servidor, um dia antes do cr\u00e9dito banc\u00e1rio. Para o adiantamento quinzenal (vale) n\u00e3o existe demonstrativo.<\/span><\/p>\n<ul>\n<li><b>Qual o link para acesso?<\/b><\/li>\n<\/ul>\n<p><span style=\"font-weight: 400;\">Dispon\u00edvel em: <\/span><a href=\"https:\/\/portaldoservidor.jundiai.sp.gov.br\/\"><span style=\"font-weight: 400;\">https:\/\/portaldoservidor.jundiai.sp.gov.br\/<\/span><\/a><\/p>\n<ul>\n<li><b>Quais as datas de pagamento?<\/b><\/li>\n<\/ul>\n<p><span style=\"font-weight: 400;\">O pagamento ser\u00e1 creditado sempre no ultimo dia \u00fatil do m\u00eas, exceto para os estagi\u00e1rios, que possuem data de cr\u00e9dito diferenciada.<\/span><\/p>\n<p>As datas de pagamento s\u00e3o agendadas pela SMFIN \u2013 Secretaria Municipal de Finan\u00e7as, no in\u00edcio do ano, cuja tabela \u00e9 publicada na Imprensa Oficial, podendo ser consultada no Portal da Prefeitura, na \u00e1rea de Administra\u00e7\u00e3o e Gest\u00e3o de Pessoas, \u201cCalend\u00e1rio de Pagamentos\u201d.<\/p>\n<p><b>Informa\u00e7\u00f5es Adicionais:<\/b><\/p>\n<p>O pagamento do sal\u00e1rio \u00e9 efetuado dentro do m\u00eas, ficando para o m\u00eas subsequente apenas os reflexos, tais como, horas extras, atrasos, faltas, em virtude da apura\u00e7\u00e3o da frequ\u00eancia.<\/p>\n<p>O adiantamento quinzenal corresponde a 35% da remunera\u00e7\u00e3o mensal, sendo que fazem parte dele somente os eventos fixos, como: vencimento base, adicional por tempo de servi\u00e7o, sexta parte, insalubridade, periculosidade, adicional de risco de vida, adicional de forma\u00e7\u00e3o acad\u00eamica, etc.<\/p>\n<p>No pagamento mensal, realizado no fim m\u00eas, \u00e9 pago o restante da remunera\u00e7\u00e3o e os eventos vari\u00e1veis, como: aux\u00edlio transporte, abono familiar, fun\u00e7\u00e3o de confian\u00e7a, etc; e, al\u00e9m disso, s\u00e3o realizados os descontos legais, como: previd\u00eancia, imposto de renda e pens\u00e3o aliment\u00edcia.<\/p>\n<p><strong>Contato: Se\u00e7\u00e3o de C\u00e1lculo de Folha de Pagamento \u2013 Divis\u00e3o de Administra\u00e7\u00e3o de Pessoal -4589-8731\u00a0<\/strong><\/p>\n","protected":false},"excerpt":{"rendered":"<p>Como e quando retirar? O demonstrativo de pagamento fica dispon\u00edvel no Portal do Servidor, um dia antes do cr\u00e9dito banc\u00e1rio. Para o adiantamento quinzenal (vale) n\u00e3o existe demonstrativo. Qual o link para acesso? Dispon\u00edvel em: https:\/\/portaldoservidor.jundiai.sp.gov.br\/ Quais as datas de pagamento? O pagamento ser\u00e1 creditado sempre no ultimo dia \u00fatil do m\u00eas, exceto para os [&hellip;]<\/p>\n","protected":false},"author":30,"featured_media":0,"parent":2384,"menu_order":0,"comment_status":"closed","ping_status":"closed","template":"","meta":{"footnotes":""},"class_list":["post-2447","page","type-page","status-publish","hentry"],"_links":{"self":[{"href":"https:\/\/jundiai.sp.gov.br\/administracao-e-gestao-de-pessoas\/wp-json\/wp\/v2\/pages\/2447","targetHints":{"allow":["GET"]}}],"collection":[{"href":"https:\/\/jundiai.sp.gov.br\/administracao-e-gestao-de-pessoas\/wp-json\/wp\/v2\/pages"}],"about":[{"href":"https:\/\/jundiai.sp.gov.br\/administracao-e-gestao-de-pessoas\/wp-json\/wp\/v2\/types\/page"}],"author":[{"embeddable":true,"href":"https:\/\/jundiai.sp.gov.br\/administracao-e-gestao-de-pessoas\/wp-json\/wp\/v2\/users\/30"}],"replies":[{"embeddable":true,"href":"https:\/\/jundiai.sp.gov.br\/administracao-e-gestao-de-pessoas\/wp-json\/wp\/v2\/comments?post=2447"}],"version-history":[{"count":4,"href":"https:\/\/jundiai.sp.gov.br\/administracao-e-gestao-de-pessoas\/wp-json\/wp\/v2\/pages\/2447\/revisions"}],"predecessor-version":[{"id":7341,"href":"https:\/\/jundiai.sp.gov.br\/administracao-e-gestao-de-pessoas\/wp-json\/wp\/v2\/pages\/2447\/revisions\/7341"}],"up":[{"embeddable":true,"href":"https:\/\/jundiai.sp.gov.br\/administracao-e-gestao-de-pessoas\/wp-json\/wp\/v2\/pages\/2384"}],"wp:attachment":[{"href":"https:\/\/jundiai.sp.gov.br\/administracao-e-gestao-de-pessoas\/wp-json\/wp\/v2\/media?parent=2447"}],"curies":[{"name":"wp","href":"https:\/\/api.w.org\/{rel}","templated":true}]}}