{"id":2450,"date":"2017-11-17T16:34:41","date_gmt":"2017-11-17T18:34:41","guid":{"rendered":"https:\/\/jundiai.sp.gov.br\/administracao-e-gestao-de-pessoas\/?page_id=2450"},"modified":"2023-01-31T13:52:25","modified_gmt":"2023-01-31T16:52:25","slug":"descontos-obrigatorios","status":"publish","type":"page","link":"https:\/\/jundiai.sp.gov.br\/administracao-e-gestao-de-pessoas\/gestao-de-pessoas-orienta\/descontos-obrigatorios\/","title":{"rendered":"DESCONTOS OBRIGAT\u00d3RIOS"},"content":{"rendered":"<ul>\n<li><b>Quais s\u00e3o?<\/b><\/li>\n<\/ul>\n<p><b>&#8211; Desconto de IRRF (Imposto de Renda Retido na Fonte)<\/b><\/p>\n<p><span style=\"font-weight: 400\">\u00c9 feito individualmente pelo sistema de folha de pagamento, levando-se em considera\u00e7\u00e3o fatores como: <\/span><\/p>\n<p><span style=\"font-weight: 400\">&#8211; Total bruto;<\/span><\/p>\n<p><span style=\"font-weight: 400\">&#8211; Desconto de atrasos e faltas;<\/span><\/p>\n<p><span style=\"font-weight: 400\">&#8211; Dependentes inclu\u00eddos para dedu\u00e7\u00e3o;<\/span><\/p>\n<p><span style=\"font-weight: 400\">&#8211; Desconto da previd\u00eancia (INSS ou Iprejun);<\/span><\/p>\n<p><span style=\"font-weight: 400\">&#8211; Outros. <\/span><\/p>\n<p><b>&#8211; Descontos Previdenci\u00e1rios; INSS e Iprejun<\/b><\/p>\n<p>S\u00e3o recolhimentos efetuados para custear benef\u00edcios como aposentadoria e pens\u00e3o.<\/p>\n<p><b>Informa\u00e7\u00f5es Adicionais:<\/b><\/p>\n<p><span style=\"font-weight: 400\">N\u00e3o h\u00e1 o que se comparar nesse tipo de c\u00e1lculo, mesmo tendo igualdade de cargo ou tempo de servi\u00e7o na Prefeitura, pois as dedu\u00e7\u00f5es s\u00e3o pessoais de cada servidor.<\/span><\/p>\n<p><strong>Contato: Se\u00e7\u00e3o de C\u00e1lculo de Folha de Pagamento \u2013 Divis\u00e3o de Administra\u00e7\u00e3o de Pessoal -4589-8731<\/strong><\/p>\n<p><b>Qual a Legisla\u00e7\u00e3o que trata do assunto?<\/b><\/p>\n<p><span style=\"font-weight: 400\">&#8211; Lei Municipal n.\u00ba 5.894, de 12 de setembro de 2002, Cria o Instituto de Previd\u00eancia de Jundia\u00ed \u2013 Iprejun. (Legisla\u00e7\u00e3o atual).<\/span><\/p>\n<p><span style=\"font-weight: 400\">&#8211; Lei Federal n.\u00ba 8.212, de 24 de julho de 1991, Disp\u00f5e sobre a autoriza\u00e7\u00e3o da Seguridade Social, institui o Plano de Custeio, e d\u00e1 outras provid\u00eancias. (INSS \u2013 Legisla\u00e7\u00e3o atual).<\/span><\/p>\n","protected":false},"excerpt":{"rendered":"<p>Quais s\u00e3o? &#8211; Desconto de IRRF (Imposto de Renda Retido na Fonte) \u00c9 feito individualmente pelo sistema de folha de pagamento, levando-se em considera\u00e7\u00e3o fatores como: &#8211; Total bruto; &#8211; Desconto de atrasos e faltas; &#8211; Dependentes inclu\u00eddos para dedu\u00e7\u00e3o; &#8211; Desconto da previd\u00eancia (INSS ou Iprejun); &#8211; Outros. &#8211; Descontos Previdenci\u00e1rios; INSS e Iprejun [&hellip;]<\/p>\n","protected":false},"author":30,"featured_media":0,"parent":2384,"menu_order":0,"comment_status":"closed","ping_status":"closed","template":"","meta":{"footnotes":""},"class_list":["post-2450","page","type-page","status-publish","hentry"],"_links":{"self":[{"href":"https:\/\/jundiai.sp.gov.br\/administracao-e-gestao-de-pessoas\/wp-json\/wp\/v2\/pages\/2450","targetHints":{"allow":["GET"]}}],"collection":[{"href":"https:\/\/jundiai.sp.gov.br\/administracao-e-gestao-de-pessoas\/wp-json\/wp\/v2\/pages"}],"about":[{"href":"https:\/\/jundiai.sp.gov.br\/administracao-e-gestao-de-pessoas\/wp-json\/wp\/v2\/types\/page"}],"author":[{"embeddable":true,"href":"https:\/\/jundiai.sp.gov.br\/administracao-e-gestao-de-pessoas\/wp-json\/wp\/v2\/users\/30"}],"replies":[{"embeddable":true,"href":"https:\/\/jundiai.sp.gov.br\/administracao-e-gestao-de-pessoas\/wp-json\/wp\/v2\/comments?post=2450"}],"version-history":[{"count":5,"href":"https:\/\/jundiai.sp.gov.br\/administracao-e-gestao-de-pessoas\/wp-json\/wp\/v2\/pages\/2450\/revisions"}],"predecessor-version":[{"id":5022,"href":"https:\/\/jundiai.sp.gov.br\/administracao-e-gestao-de-pessoas\/wp-json\/wp\/v2\/pages\/2450\/revisions\/5022"}],"up":[{"embeddable":true,"href":"https:\/\/jundiai.sp.gov.br\/administracao-e-gestao-de-pessoas\/wp-json\/wp\/v2\/pages\/2384"}],"wp:attachment":[{"href":"https:\/\/jundiai.sp.gov.br\/administracao-e-gestao-de-pessoas\/wp-json\/wp\/v2\/media?parent=2450"}],"curies":[{"name":"wp","href":"https:\/\/api.w.org\/{rel}","templated":true}]}}