{"id":2475,"date":"2017-11-21T17:20:20","date_gmt":"2017-11-21T19:20:20","guid":{"rendered":"https:\/\/jundiai.sp.gov.br\/administracao-e-gestao-de-pessoas\/?page_id=2475"},"modified":"2025-10-01T12:18:55","modified_gmt":"2025-10-01T15:18:55","slug":"emprestimo-consignado-e-consignacoes","status":"publish","type":"page","link":"https:\/\/jundiai.sp.gov.br\/administracao-e-gestao-de-pessoas\/gestao-de-pessoas-orienta\/emprestimo-consignado-e-consignacoes\/","title":{"rendered":"EMPR\u00c9STIMO CONSIGNADO E CONSIGNA\u00c7\u00d5ES"},"content":{"rendered":"\n<ul class=\"wp-block-list\">\n<li><strong>O que \u00e9 Empr\u00e9stimo Consignado?<\/strong><\/li>\n<\/ul>\n\n\n\n<p>Empr\u00e9stimos feitos pelos bancos credenciados, cujas parcelas s\u00e3o descontadas diretamente no pagamento.<\/p>\n\n\n\n<ul class=\"wp-block-list\">\n<li><strong>Quem pode realizar um Empr\u00e9stimo Consignado?<\/strong><\/li>\n<\/ul>\n\n\n\n<p>Todos os servidores ativos, inativos e pensionistas, sendo que os servidores contratos sob regime<br>celetista est\u00e3o sujeitos a normas previstas em legisla\u00e7\u00e3o pr\u00f3pria.&nbsp;<\/p>\n\n\n\n<ul class=\"wp-block-list\">\n<li><strong>Como proceder para realizar um Empr\u00e9stimo Consignado?<\/strong><\/li>\n<\/ul>\n\n\n\n<p>Diretamente em uma ag\u00eancia banc\u00e1ria ou seus correspondentes, munido de documentos pessoais (RG e CPF) e \u00faltimo demonstrativo de pagamento, ou atrav\u00e9s de meios digitais, desde que disponibilizados pelo banco escolhido pelo servidor.<\/p>\n\n\n\n<ul class=\"wp-block-list\">\n<li><strong>A partir de quando \u00e9 poss\u00edvel fazer um Empr\u00e9stimo Consignado?<\/strong><\/li>\n<\/ul>\n\n\n\n<p>Ap\u00f3s 6 meses da data de admiss\u00e3o.<\/p>\n\n\n\n<ul class=\"wp-block-list\">\n<li><strong>Qual o limite de margem para Empr\u00e9stimo Consignado?<\/strong><\/li>\n<\/ul>\n\n\n\n<p>O limite \u00e9 de 40% (quarenta por cento) do sal\u00e1rio l\u00edquido.<\/p>\n\n\n\n<ul class=\"wp-block-list\">\n<li><strong>O que s\u00e3o Consigna\u00e7\u00f5es?<\/strong><\/li>\n<\/ul>\n\n\n\n<p>Descontos referentes a mensalidades de filia\u00e7\u00f5es a sindicatos e associa\u00e7\u00f5es, seguros, planos de sa\u00fade e planos odontol\u00f3gicos.<\/p>\n\n\n\n<ul class=\"wp-block-list\">\n<li><strong>Como podem ser feitas as Consigna\u00e7\u00f5es?<\/strong><\/li>\n<\/ul>\n\n\n\n<p>Diretamente com a entidade escolhida.<\/p>\n\n\n\n<ul class=\"wp-block-list\">\n<li><strong>Existem planos de sa\u00fade e planos odontol\u00f3gicos oferecidos pela Prefeitura?<\/strong><\/li>\n<\/ul>\n\n\n\n<p>N\u00e3o, apenas pelos Sindicatos e Associa\u00e7\u00f5es, em forma de desconto consignado.<\/p>\n\n\n\n<ul class=\"wp-block-list\">\n<li><strong>&nbsp;Qual o limite total de margem para consigna\u00e7\u00e3o?<\/strong><\/li>\n<\/ul>\n\n\n\n<p>As consigna\u00e7\u00f5es devem representar no m\u00e1ximo de 40% (quarenta por cento) do seu sal\u00e1rio<br>l\u00edquido, sendo o limite de at\u00e9 40% (quarenta por cento) para empr\u00e9stimo consignado e o limite<br>de 5% (cinco por cento) para cart\u00e3o de cr\u00e9dito consignado.<\/p>\n\n\n\n<ul class=\"wp-block-list\">\n<li><strong>Quando h\u00e1 altera\u00e7\u00e3o salarial, a partir de quando a margem estar\u00e1 atualizada?<\/strong><\/li>\n<\/ul>\n\n\n\n<p>A partir do&nbsp;primeiro dia \u00fatil do m\u00eas subsequente&nbsp;a altera\u00e7\u00e3o. Primeiro o servidor recebe o<br>pagamento com o aumento e depois a margem \u00e9 atualizada.<\/p>\n\n\n\n<p>Exemplo:<\/p>\n\n\n\n<p>Altera\u00e7\u00e3o salarial \u2013 Setembro\/2025<br>Data do Pagamento: 30\/09\/2025 (ter\u00e7a-feira)<br>Atualiza\u00e7\u00e3o da Margem: 01\/10\/2025 (quarta-feira)<\/p>\n\n\n\n<p><strong>Contato: Se\u00e7\u00e3o de Benef\u00edcios \u2013 Divis\u00e3o de Administra\u00e7\u00e3o de Pessoal \u2013 4589-8752<\/strong><\/p>\n\n\n\n<p><strong>Qual a Legisla\u00e7\u00e3o que trata do assunto?<\/strong><\/p>\n\n\n\n<p>\u2013 Decreto no 35.288, de 28 de julho&nbsp;de2025.<\/p>\n\n\n\n<p><a href=\"https:\/\/jundiai.sp.gov.br\/administracao-e-gestao-de-pessoas\/wp-content\/uploads\/sites\/16\/2025\/08\/sei_2502380_decreto_n-_35-288__de_28_de_julho_de_2025-1.pdf\">Dispon\u00edvel aqui<\/a><\/p>\n","protected":false},"excerpt":{"rendered":"<p>Empr\u00e9stimos feitos pelos bancos credenciados, cujas parcelas s\u00e3o descontadas diretamente no pagamento. Todos os servidores ativos, inativos e pensionistas, sendo que os servidores contratos sob regimeceletista est\u00e3o sujeitos a normas previstas em legisla\u00e7\u00e3o pr\u00f3pria.&nbsp; Diretamente em uma ag\u00eancia banc\u00e1ria ou seus correspondentes, munido de documentos pessoais (RG e CPF) e \u00faltimo demonstrativo de pagamento, ou [&hellip;]<\/p>\n","protected":false},"author":30,"featured_media":0,"parent":2384,"menu_order":0,"comment_status":"closed","ping_status":"closed","template":"","meta":{"footnotes":""},"class_list":["post-2475","page","type-page","status-publish","hentry"],"_links":{"self":[{"href":"https:\/\/jundiai.sp.gov.br\/administracao-e-gestao-de-pessoas\/wp-json\/wp\/v2\/pages\/2475","targetHints":{"allow":["GET"]}}],"collection":[{"href":"https:\/\/jundiai.sp.gov.br\/administracao-e-gestao-de-pessoas\/wp-json\/wp\/v2\/pages"}],"about":[{"href":"https:\/\/jundiai.sp.gov.br\/administracao-e-gestao-de-pessoas\/wp-json\/wp\/v2\/types\/page"}],"author":[{"embeddable":true,"href":"https:\/\/jundiai.sp.gov.br\/administracao-e-gestao-de-pessoas\/wp-json\/wp\/v2\/users\/30"}],"replies":[{"embeddable":true,"href":"https:\/\/jundiai.sp.gov.br\/administracao-e-gestao-de-pessoas\/wp-json\/wp\/v2\/comments?post=2475"}],"version-history":[{"count":11,"href":"https:\/\/jundiai.sp.gov.br\/administracao-e-gestao-de-pessoas\/wp-json\/wp\/v2\/pages\/2475\/revisions"}],"predecessor-version":[{"id":7428,"href":"https:\/\/jundiai.sp.gov.br\/administracao-e-gestao-de-pessoas\/wp-json\/wp\/v2\/pages\/2475\/revisions\/7428"}],"up":[{"embeddable":true,"href":"https:\/\/jundiai.sp.gov.br\/administracao-e-gestao-de-pessoas\/wp-json\/wp\/v2\/pages\/2384"}],"wp:attachment":[{"href":"https:\/\/jundiai.sp.gov.br\/administracao-e-gestao-de-pessoas\/wp-json\/wp\/v2\/media?parent=2475"}],"curies":[{"name":"wp","href":"https:\/\/api.w.org\/{rel}","templated":true}]}}