{"id":2503,"date":"2017-11-22T15:08:48","date_gmt":"2017-11-22T17:08:48","guid":{"rendered":"https:\/\/jundiai.sp.gov.br\/administracao-e-gestao-de-pessoas\/?page_id=2503"},"modified":"2025-10-06T11:05:34","modified_gmt":"2025-10-06T14:05:34","slug":"inclusao-de-companheiroa-por-uniao-estavel","status":"publish","type":"page","link":"https:\/\/jundiai.sp.gov.br\/administracao-e-gestao-de-pessoas\/gestao-de-pessoas-orienta\/inclusao-de-companheiroa-por-uniao-estavel\/","title":{"rendered":"INCLUS\u00c3O DE COMPANHEIRO(A) POR UNI\u00c3O EST\u00c1VEL"},"content":{"rendered":"\n<ul class=\"wp-block-list\">\n<li><b>O que \u00e9?<\/b><\/li>\n<\/ul>\n\n\n\n<p><span style=\"font-weight: 400\"> <\/span>\u00c9 quando o servidor deseja incluir seu companheiro (a) na Ficha Familiar.<span style=\"font-weight: 400\"> <\/span><\/p>\n\n\n\n<ul class=\"wp-block-list\">\n<li><b>Quem tem direito?<\/b><\/li>\n<\/ul>\n\n\n\n<p><span style=\"font-weight: 400\">Qualquer servidor. <\/span><\/p>\n\n\n\n<ul class=\"wp-block-list\">\n<li><b>Como requerer?<\/b><\/li>\n<\/ul>\n\n\n\n<p>O Servidor poder\u00e1 solicitar atrav\u00e9s de preenchimento do Requerimento de Protocolo, dispon\u00edvel no site da Prefeitura, que deve ser enviado para o e-mail&nbsp;<a href=\"mailto:atendeservidor@jundiai.sp.gov.br\" target=\"_blank\" rel=\"noreferrer noopener\">atendeservidor@jundiai.sp.gov.br<\/a>&nbsp;da SMAGP\/ Se\u00e7\u00e3o de Atendimento ao Servidor.<br><\/p>\n\n\n\n<ul class=\"wp-block-list\">\n<li><b>Qual a documenta\u00e7\u00e3o necess\u00e1ria?<\/b><\/li>\n<\/ul>\n\n\n\n<p><span style=\"font-weight: 400\">&#8211; Fotoc\u00f3pia do RG e CPF do c\u00f4njuge;<\/span><\/p>\n\n\n\n<p><span style=\"font-weight: 400\">&#8211; Declara\u00e7\u00e3o de Uni\u00e3o Est\u00e1vel (dispon\u00edvel no site da Prefeitura), assinada por 2 (duas) testemunhas, com firma reconhecida em cart\u00f3rio;<\/span><\/p>\n\n\n\n<p><span style=\"font-weight: 400\">&#8211; Pelo menos 03 (tr\u00eas), dos documentos que comprovem a uni\u00e3o, constantes do modelo de Declara\u00e7\u00e3o de Uni\u00e3o Est\u00e1vel fornecido. <\/span><\/p>\n\n\n\n<p><b>Informa\u00e7\u00f5es adicionais<\/b><\/p>\n\n\n\n<p><span style=\"font-weight: 400\"> Essa inclus\u00e3o poder\u00e1 ser para fins de afastamento por motivo de Licen\u00e7a Fam\u00edlia.<\/span><\/p>\n\n\n\n<p><b>Contato: Se\u00e7\u00e3o de Atendimento ao Servidor&nbsp; \u2013 4589-8730 \/ 4589-8738<\/b><\/p>\n\n\n\n<p><b>Anexos:<\/b><\/p>\n\n\n\n<p><span style=\"font-weight: 400\">&#8211; Modelo Declara\u00e7\u00e3o de Uni\u00e3o Est\u00e1vel.<\/span><\/p>\n\n\n\n<p><span style=\"font-weight: 400\"><a href=\"https:\/\/jundiai.sp.gov.br\/administracao-e-gestao-de-pessoas\/wp-content\/uploads\/sites\/16\/2024\/01\/uniao-estavel-1.pdf\">Dispon\u00edvel aqui<\/a><\/span><\/p>\n\n\n\n<p><span style=\"font-weight: 400\">&#8211; Formul\u00e1rio Requerimento de Protocolo.<\/span><\/p>\n\n\n\n<p><span style=\"font-weight: 400;\"><a href=\"https:\/\/jundiai.sp.gov.br\/administracao-e-gestao-de-pessoas\/wp-content\/uploads\/sites\/16\/2025\/10\/requerimento-de-protocolo.pdf\" target=\"_blank\" rel=\"noreferrer noopener\">Dispon\u00edvel aqui<\/a><\/span><\/p>\n","protected":false},"excerpt":{"rendered":"<p>\u00c9 quando o servidor deseja incluir seu companheiro (a) na Ficha Familiar. Qualquer servidor. O Servidor poder\u00e1 solicitar atrav\u00e9s de preenchimento do Requerimento de Protocolo, dispon\u00edvel no site da Prefeitura, que deve ser enviado para o e-mail&nbsp;atendeservidor@jundiai.sp.gov.br&nbsp;da SMAGP\/ Se\u00e7\u00e3o de Atendimento ao Servidor. &#8211; Fotoc\u00f3pia do RG e CPF do c\u00f4njuge; &#8211; Declara\u00e7\u00e3o de Uni\u00e3o [&hellip;]<\/p>\n","protected":false},"author":30,"featured_media":0,"parent":2384,"menu_order":0,"comment_status":"closed","ping_status":"closed","template":"","meta":{"footnotes":""},"class_list":["post-2503","page","type-page","status-publish","hentry"],"_links":{"self":[{"href":"https:\/\/jundiai.sp.gov.br\/administracao-e-gestao-de-pessoas\/wp-json\/wp\/v2\/pages\/2503","targetHints":{"allow":["GET"]}}],"collection":[{"href":"https:\/\/jundiai.sp.gov.br\/administracao-e-gestao-de-pessoas\/wp-json\/wp\/v2\/pages"}],"about":[{"href":"https:\/\/jundiai.sp.gov.br\/administracao-e-gestao-de-pessoas\/wp-json\/wp\/v2\/types\/page"}],"author":[{"embeddable":true,"href":"https:\/\/jundiai.sp.gov.br\/administracao-e-gestao-de-pessoas\/wp-json\/wp\/v2\/users\/30"}],"replies":[{"embeddable":true,"href":"https:\/\/jundiai.sp.gov.br\/administracao-e-gestao-de-pessoas\/wp-json\/wp\/v2\/comments?post=2503"}],"version-history":[{"count":16,"href":"https:\/\/jundiai.sp.gov.br\/administracao-e-gestao-de-pessoas\/wp-json\/wp\/v2\/pages\/2503\/revisions"}],"predecessor-version":[{"id":7435,"href":"https:\/\/jundiai.sp.gov.br\/administracao-e-gestao-de-pessoas\/wp-json\/wp\/v2\/pages\/2503\/revisions\/7435"}],"up":[{"embeddable":true,"href":"https:\/\/jundiai.sp.gov.br\/administracao-e-gestao-de-pessoas\/wp-json\/wp\/v2\/pages\/2384"}],"wp:attachment":[{"href":"https:\/\/jundiai.sp.gov.br\/administracao-e-gestao-de-pessoas\/wp-json\/wp\/v2\/media?parent=2503"}],"curies":[{"name":"wp","href":"https:\/\/api.w.org\/{rel}","templated":true}]}}