{"id":2515,"date":"2017-11-22T15:22:39","date_gmt":"2017-11-22T17:22:39","guid":{"rendered":"https:\/\/jundiai.sp.gov.br\/administracao-e-gestao-de-pessoas\/?page_id=2515"},"modified":"2025-11-13T17:55:20","modified_gmt":"2025-11-13T20:55:20","slug":"licenca-paternidade","status":"publish","type":"page","link":"https:\/\/jundiai.sp.gov.br\/administracao-e-gestao-de-pessoas\/gestao-de-pessoas-orienta\/licenca-paternidade\/","title":{"rendered":"LICEN\u00c7A PATERNIDADE"},"content":{"rendered":"<ul>\n<li><b>O que \u00e9?<\/b><\/li>\n<\/ul>\n<p class=\"gmail_default\">\u00c9 o afastamento de\u00a030 (trinta)\u00a0dias por motivo de paternidade ou por motivo de ado\u00e7\u00e3o de crian\u00e7as de at\u00e9 12 (doze) anos de idade incompletos.<\/p>\n<ul>\n<li><b>Quem tem direito?<\/b><\/li>\n<\/ul>\n<p><span style=\"font-weight: 400;\">Qualquer servidor, mediante certid\u00e3o de nascimento e\/ou termo de guarda judicial para fins de ado\u00e7\u00e3o.<\/span><\/p>\n<ul>\n<li><b>Como requerer?<\/b><\/li>\n<\/ul>\n<p>A c\u00f3pia da certid\u00e3o de nascimento dever\u00e1 ser enviada, via formul\u00e1rio eletr\u00f4nico, pelo Respons\u00e1vel de Pessoal da Secretaria, com carimbo e assinatura de ci\u00eancia da chefia imediata no verso do documento, em at\u00e9 48h ap\u00f3s o primeiro dia de falta.<\/p>\n<p>No caso de ado\u00e7\u00e3o dever\u00e1 ser preenchido o formul\u00e1rio Requerimento de Protocolo e encaminhado com o termo de guarda para fins de ado\u00e7\u00e3o e a certid\u00e3o de nascimento da crian\u00e7a com CPF, pelo e-mail\u00a0<a href=\"mailto:atendeservidor@jundiai.sp.gov.br\" target=\"_blank\" rel=\"noopener\">atendeservidor@jundiai.sp.gov.<wbr \/>br<\/a><\/p>\n<p><strong><span style=\"color: #000000; font-family: tahoma, sans-serif;\">Contato:\u00a0D<span class=\"gmail_default\">ivis\u00e3o de Ponto e Frequ\u00eancia &#8211; 4589-8743 e 4589-8745<\/span><\/span><\/strong><\/p>\n<p><span style=\"font-weight: 400;\">&#8211; Lei Complementar n\u00ba 499, de 22 de dezembro de 2010, Estatuto dos Funcion\u00e1rios P\u00fablicos do Munic\u00edpio, Art. 55, inciso X.<\/span><\/p>\n<p><a href=\"https:\/\/sapl.jundiai.sp.leg.br\/pysc\/download_norma_pysc?cod_norma=8545&amp;texto_consolidado=1\" target=\"_blank\" rel=\"noopener\">Dispon\u00edvel aqui<\/a><\/p>\n<p><span style=\"font-weight: 400;\">&#8211; Decreto Municipal n.\u00ba 35.286, de 28 de Julho de 2025, Manual de Gerenciamento de Frequ\u00eancia dos Servidores P\u00fablicos da Administra\u00e7\u00e3o Direta do Munic\u00edpio.\u00a0 <\/span><\/p>\n<p><a href=\"https:\/\/jundiai.sp.gov.br\/administracao-e-gestao-de-pessoas\/wp-content\/uploads\/sites\/16\/2025\/08\/sei_2501116_decreto_n-_35-286__de_28_de_julho_de_2025.pdf\"><span style=\"font-weight: 400;\">Dispon\u00edvel aqui<\/span><\/a><\/p>\n","protected":false},"excerpt":{"rendered":"<p>O que \u00e9? \u00c9 o afastamento de\u00a030 (trinta)\u00a0dias por motivo de paternidade ou por motivo de ado\u00e7\u00e3o de crian\u00e7as de at\u00e9 12 (doze) anos de idade incompletos. Quem tem direito? Qualquer servidor, mediante certid\u00e3o de nascimento e\/ou termo de guarda judicial para fins de ado\u00e7\u00e3o. Como requerer? A c\u00f3pia da certid\u00e3o de nascimento dever\u00e1 ser [&hellip;]<\/p>\n","protected":false},"author":30,"featured_media":0,"parent":2384,"menu_order":0,"comment_status":"closed","ping_status":"closed","template":"","meta":{"footnotes":""},"class_list":["post-2515","page","type-page","status-publish","hentry"],"_links":{"self":[{"href":"https:\/\/jundiai.sp.gov.br\/administracao-e-gestao-de-pessoas\/wp-json\/wp\/v2\/pages\/2515","targetHints":{"allow":["GET"]}}],"collection":[{"href":"https:\/\/jundiai.sp.gov.br\/administracao-e-gestao-de-pessoas\/wp-json\/wp\/v2\/pages"}],"about":[{"href":"https:\/\/jundiai.sp.gov.br\/administracao-e-gestao-de-pessoas\/wp-json\/wp\/v2\/types\/page"}],"author":[{"embeddable":true,"href":"https:\/\/jundiai.sp.gov.br\/administracao-e-gestao-de-pessoas\/wp-json\/wp\/v2\/users\/30"}],"replies":[{"embeddable":true,"href":"https:\/\/jundiai.sp.gov.br\/administracao-e-gestao-de-pessoas\/wp-json\/wp\/v2\/comments?post=2515"}],"version-history":[{"count":16,"href":"https:\/\/jundiai.sp.gov.br\/administracao-e-gestao-de-pessoas\/wp-json\/wp\/v2\/pages\/2515\/revisions"}],"predecessor-version":[{"id":7484,"href":"https:\/\/jundiai.sp.gov.br\/administracao-e-gestao-de-pessoas\/wp-json\/wp\/v2\/pages\/2515\/revisions\/7484"}],"up":[{"embeddable":true,"href":"https:\/\/jundiai.sp.gov.br\/administracao-e-gestao-de-pessoas\/wp-json\/wp\/v2\/pages\/2384"}],"wp:attachment":[{"href":"https:\/\/jundiai.sp.gov.br\/administracao-e-gestao-de-pessoas\/wp-json\/wp\/v2\/media?parent=2515"}],"curies":[{"name":"wp","href":"https:\/\/api.w.org\/{rel}","templated":true}]}}