{"id":2537,"date":"2017-11-22T15:44:13","date_gmt":"2017-11-22T17:44:13","guid":{"rendered":"https:\/\/jundiai.sp.gov.br\/administracao-e-gestao-de-pessoas\/?page_id=2537"},"modified":"2026-04-30T14:33:14","modified_gmt":"2026-04-30T17:33:14","slug":"transferencia-de-unidade-de-gestao","status":"publish","type":"page","link":"https:\/\/jundiai.sp.gov.br\/administracao-e-gestao-de-pessoas\/gestao-de-pessoas-orienta\/transferencia-de-unidade-de-gestao\/","title":{"rendered":"TRANSFER\u00caNCIA ENTRE SECRETARIAS"},"content":{"rendered":"\n<p><strong>O que \u00e9?<\/strong><br>\u00c9 a possibilidade de movimenta\u00e7\u00e3o do servidor de uma Secretaria para outra.<br><strong><br>Como pode ocorrer?<\/strong><br>Essa movimenta\u00e7\u00e3o pode ocorrer de duas maneiras:<\/p>\n\n\n\n<ul class=\"wp-block-list\">\n<li>Transfer\u00eancia a partir de vac\u00e2ncia (por nova vaga, aposentadoria ou desligamento);<\/li>\n\n\n\n<li>Banco de Permutas (interesse de troca entre dois servidores).<\/li>\n<\/ul>\n\n\n\n<p><strong>Quem pode ser transferido?<\/strong><br>Qualquer servidor, com v\u00ednculo estatut\u00e1rio ou celetista, cuja descri\u00e7\u00e3o do cargo ocupado contemple o exerc\u00edcio profissional em mais de uma Secretaria Municipal. Sendo que, o servidor dever\u00e1 atender aos seguintes crit\u00e9rios:<\/p>\n\n\n\n<ul class=\"wp-block-list\">\n<li>Possuir o mesmo cargo e jornada de trabalho da vaga aberta;<\/li>\n\n\n\n<li>Estar no atual local de trabalho por mais de 12 meses e n\u00e3o ter sido remanejado neste per\u00edodo;<\/li>\n\n\n\n<li>N\u00e3o estar em Licen\u00e7a para Tratamento de Sa\u00fade por mais de 15 dias;<\/li>\n\n\n\n<li>N\u00e3o estar afastado por outras licen\u00e7as (maternidade \/ ado\u00e7\u00e3o \/ paternidade \/ licen\u00e7a fam\u00edlia \/ licen\u00e7a sem vencimentos);<\/li>\n\n\n\n<li>N\u00e3o estar respondendo a Processo Administrativo Disciplinar (PAD).<\/li>\n\n\n\n<li>&nbsp;Em caso de servidor com restri\u00e7\u00e3o ou deficiente, cabe acompanhamento do Departamento de Assist\u00eancia e Seguran\u00e7a do Trabalho (DAST).<\/li>\n<\/ul>\n\n\n\n<p><strong>Como proceder?<\/strong><br>Para visualizar ou se inscrever no Banco de Permutas:&nbsp;<a href=\"https:\/\/jundiai.sp.gov.br\/administracao-e-gestao-de-pessoas\/gestao-de-pessoas\/servidores\/programas-e-eventos-para-servidores\/\" target=\"_blank\" rel=\"noreferrer noopener\">CLIQUE AQUI<\/a><\/p>\n\n\n\n<p>Para se inscrever em transfer\u00eancia por vac\u00e2ncia, fique atento \u00e0 divulga\u00e7\u00e3o das vagas em seu e-mail ou converse com sua chefia imediata e com o DPGF de sua Secretaria, para que voc\u00ea seja mantido informado.. As vagas ser\u00e3o divulgadas por meio do &#8220;Gest\u00e3o de Pessoas Informa&#8221;.&nbsp;<\/p>\n\n\n\n<p><strong>Contato: Divis\u00e3o de Servi\u00e7o Social \u2013 4589-8750 \/ 8734<\/strong><br><br><strong>Qual a Legisla\u00e7\u00e3o que trata do assunto?<\/strong><br>&#8211; Instru\u00e7\u00e3o Normativa SMAGP n\u00b002, de 24 de abril de 2026<br><a href=\"https:\/\/jundiai.sp.gov.br\/administracao-e-gestao-de-pessoas\/wp-content\/uploads\/sites\/16\/2026\/04\/in-smagp-n02-de-24-de-abril-de-2026.pdf\" target=\"_blank\" rel=\"noreferrer noopener\">Dispon\u00edvel aqui<\/a><\/p>\n","protected":false},"excerpt":{"rendered":"<p>O que \u00e9?\u00c9 a possibilidade de movimenta\u00e7\u00e3o do servidor de uma Secretaria para outra.Como pode ocorrer?Essa movimenta\u00e7\u00e3o pode ocorrer de duas maneiras: Quem pode ser transferido?Qualquer servidor, com v\u00ednculo estatut\u00e1rio ou celetista, cuja descri\u00e7\u00e3o do cargo ocupado contemple o exerc\u00edcio profissional em mais de uma Secretaria Municipal. Sendo que, o servidor dever\u00e1 atender aos seguintes [&hellip;]<\/p>\n","protected":false},"author":30,"featured_media":0,"parent":2384,"menu_order":0,"comment_status":"closed","ping_status":"closed","template":"","meta":{"footnotes":""},"class_list":["post-2537","page","type-page","status-publish","hentry"],"_links":{"self":[{"href":"https:\/\/jundiai.sp.gov.br\/administracao-e-gestao-de-pessoas\/wp-json\/wp\/v2\/pages\/2537","targetHints":{"allow":["GET"]}}],"collection":[{"href":"https:\/\/jundiai.sp.gov.br\/administracao-e-gestao-de-pessoas\/wp-json\/wp\/v2\/pages"}],"about":[{"href":"https:\/\/jundiai.sp.gov.br\/administracao-e-gestao-de-pessoas\/wp-json\/wp\/v2\/types\/page"}],"author":[{"embeddable":true,"href":"https:\/\/jundiai.sp.gov.br\/administracao-e-gestao-de-pessoas\/wp-json\/wp\/v2\/users\/30"}],"replies":[{"embeddable":true,"href":"https:\/\/jundiai.sp.gov.br\/administracao-e-gestao-de-pessoas\/wp-json\/wp\/v2\/comments?post=2537"}],"version-history":[{"count":18,"href":"https:\/\/jundiai.sp.gov.br\/administracao-e-gestao-de-pessoas\/wp-json\/wp\/v2\/pages\/2537\/revisions"}],"predecessor-version":[{"id":7567,"href":"https:\/\/jundiai.sp.gov.br\/administracao-e-gestao-de-pessoas\/wp-json\/wp\/v2\/pages\/2537\/revisions\/7567"}],"up":[{"embeddable":true,"href":"https:\/\/jundiai.sp.gov.br\/administracao-e-gestao-de-pessoas\/wp-json\/wp\/v2\/pages\/2384"}],"wp:attachment":[{"href":"https:\/\/jundiai.sp.gov.br\/administracao-e-gestao-de-pessoas\/wp-json\/wp\/v2\/media?parent=2537"}],"curies":[{"name":"wp","href":"https:\/\/api.w.org\/{rel}","templated":true}]}}