{"id":288,"date":"2019-07-23T10:00:44","date_gmt":"2019-07-23T13:00:44","guid":{"rendered":"https:\/\/jundiai.sp.gov.br\/recursos-humanos\/?page_id=288"},"modified":"2022-10-05T09:18:29","modified_gmt":"2022-10-05T12:18:29","slug":"contratacao-temporaria","status":"publish","type":"page","link":"https:\/\/jundiai.sp.gov.br\/administracao-e-gestao-de-pessoas\/contratacao-temporaria\/","title":{"rendered":"Contrata\u00e7\u00e3o Tempor\u00e1ria"},"content":{"rendered":"\n<ul class=\"wp-block-list\"><li><a rel=\"noreferrer noopener\" href=\"https:\/\/drive.google.com\/drive\/u\/1\/folders\/1xNoapBJMHy8jEeh6M0j12SZOb5hyK1QE\" target=\"_blank\">Inscri\u00e7\u00f5es abertas<\/a><\/li><li><a rel=\"noreferrer noopener\" href=\"https:\/\/drive.google.com\/drive\/u\/1\/folders\/1NA_Js8krI-paRooRsTTd5GI6TrrWzw4H\" target=\"_blank\">Processos em andamento<\/a><\/li><li><a rel=\"noreferrer noopener\" href=\"https:\/\/drive.google.com\/drive\/u\/1\/folders\/1yF-q_VheiimoGhUh-y-UaozCxnijPOgF\" target=\"_blank\">Processos conclu\u00eddos<\/a><\/li><li><a rel=\"noreferrer noopener\" href=\"https:\/\/drive.google.com\/drive\/u\/1\/folders\/1FoXntr7LiT2KOFiOXvTp70viviNeP_Ge\" target=\"_blank\">Processos expirados<\/a><\/li><li><a href=\"https:\/\/drive.google.com\/drive\/folders\/15MRGGVShvZ-Cr6fMMi5coD6CBCFXc9Uw?usp=sharing\" target=\"_blank\" rel=\"noreferrer noopener\">Como podemos te ajudar?<\/a><\/li><\/ul>\n","protected":false},"excerpt":{"rendered":"<p>Inscri\u00e7\u00f5es abertas Processos em andamento Processos conclu\u00eddos Processos expirados Como podemos te ajudar?<\/p>\n","protected":false},"author":5,"featured_media":0,"parent":0,"menu_order":0,"comment_status":"closed","ping_status":"closed","template":"page-subpaginas.php","meta":{"footnotes":""},"class_list":["post-288","page","type-page","status-publish","hentry"],"_links":{"self":[{"href":"https:\/\/jundiai.sp.gov.br\/administracao-e-gestao-de-pessoas\/wp-json\/wp\/v2\/pages\/288","targetHints":{"allow":["GET"]}}],"collection":[{"href":"https:\/\/jundiai.sp.gov.br\/administracao-e-gestao-de-pessoas\/wp-json\/wp\/v2\/pages"}],"about":[{"href":"https:\/\/jundiai.sp.gov.br\/administracao-e-gestao-de-pessoas\/wp-json\/wp\/v2\/types\/page"}],"author":[{"embeddable":true,"href":"https:\/\/jundiai.sp.gov.br\/administracao-e-gestao-de-pessoas\/wp-json\/wp\/v2\/users\/5"}],"replies":[{"embeddable":true,"href":"https:\/\/jundiai.sp.gov.br\/administracao-e-gestao-de-pessoas\/wp-json\/wp\/v2\/comments?post=288"}],"version-history":[{"count":278,"href":"https:\/\/jundiai.sp.gov.br\/administracao-e-gestao-de-pessoas\/wp-json\/wp\/v2\/pages\/288\/revisions"}],"predecessor-version":[{"id":6593,"href":"https:\/\/jundiai.sp.gov.br\/administracao-e-gestao-de-pessoas\/wp-json\/wp\/v2\/pages\/288\/revisions\/6593"}],"wp:attachment":[{"href":"https:\/\/jundiai.sp.gov.br\/administracao-e-gestao-de-pessoas\/wp-json\/wp\/v2\/media?parent=288"}],"curies":[{"name":"wp","href":"https:\/\/api.w.org\/{rel}","templated":true}]}}