{"id":2982,"date":"2018-09-05T10:53:19","date_gmt":"2018-09-05T13:53:19","guid":{"rendered":"https:\/\/jundiai.sp.gov.br\/administracao-e-gestao-de-pessoas\/?page_id=2982"},"modified":"2025-09-17T10:57:43","modified_gmt":"2025-09-17T13:57:43","slug":"atende-servidor","status":"publish","type":"page","link":"https:\/\/jundiai.sp.gov.br\/administracao-e-gestao-de-pessoas\/gestao-de-pessoas-orienta\/atende-servidor\/","title":{"rendered":"ATENDE SERVIDOR"},"content":{"rendered":"<p><strong>O que \u00e9?<\/strong><\/p>\n<div class=\"gmail_default\">O ATENDE SERVIDOR \u00e9 um canal de comunica\u00e7\u00e3o digital no qual \u00e9 poss\u00edvel tirar d\u00favidas e encaminhar requerimentos, a fim de facilitar a comunica\u00e7\u00e3o do servidor com GEST\u00c3O DE PESSOAS, sem que seja necess\u00e1rio comparecer pessoalmente.<\/div>\n<p>\u00c9 poss\u00edvel ter acesso pelo e-mail:\u00a0<strong><a href=\"mailto:atendeservidor@jundiai.sp.gov.br\">atendeservidor@jundiai.sp.gov.br.<\/a><\/strong><\/p>\n<p>Para quem possui e-mail com o dom\u00ednio da Prefeitura, existe, ainda, a possibilidade de enviar mensagens pelo Hangout Atende Servidor (Bate-papo do Google).<\/p>\n<p>Por meio dessa ferramenta \u00e9 poss\u00edvel o envio de uma resposta \u00e1gil e segura, j\u00e1 que a informa\u00e7\u00e3o solicitada vir\u00e1 por escrito.<\/p>\n<p><strong>Em caso de d\u00favidas, entrar em contato pelo e-mail ou telefones: 4589-8730 \/ 8738.<\/strong><\/p>\n","protected":false},"excerpt":{"rendered":"<p>O que \u00e9? O ATENDE SERVIDOR \u00e9 um canal de comunica\u00e7\u00e3o digital no qual \u00e9 poss\u00edvel tirar d\u00favidas e encaminhar requerimentos, a fim de facilitar a comunica\u00e7\u00e3o do servidor com GEST\u00c3O DE PESSOAS, sem que seja necess\u00e1rio comparecer pessoalmente. \u00c9 poss\u00edvel ter acesso pelo e-mail:\u00a0atendeservidor@jundiai.sp.gov.br. Para quem possui e-mail com o dom\u00ednio da Prefeitura, existe, [&hellip;]<\/p>\n","protected":false},"author":37,"featured_media":0,"parent":2384,"menu_order":0,"comment_status":"closed","ping_status":"closed","template":"","meta":{"footnotes":""},"class_list":["post-2982","page","type-page","status-publish","hentry"],"_links":{"self":[{"href":"https:\/\/jundiai.sp.gov.br\/administracao-e-gestao-de-pessoas\/wp-json\/wp\/v2\/pages\/2982","targetHints":{"allow":["GET"]}}],"collection":[{"href":"https:\/\/jundiai.sp.gov.br\/administracao-e-gestao-de-pessoas\/wp-json\/wp\/v2\/pages"}],"about":[{"href":"https:\/\/jundiai.sp.gov.br\/administracao-e-gestao-de-pessoas\/wp-json\/wp\/v2\/types\/page"}],"author":[{"embeddable":true,"href":"https:\/\/jundiai.sp.gov.br\/administracao-e-gestao-de-pessoas\/wp-json\/wp\/v2\/users\/37"}],"replies":[{"embeddable":true,"href":"https:\/\/jundiai.sp.gov.br\/administracao-e-gestao-de-pessoas\/wp-json\/wp\/v2\/comments?post=2982"}],"version-history":[{"count":3,"href":"https:\/\/jundiai.sp.gov.br\/administracao-e-gestao-de-pessoas\/wp-json\/wp\/v2\/pages\/2982\/revisions"}],"predecessor-version":[{"id":7335,"href":"https:\/\/jundiai.sp.gov.br\/administracao-e-gestao-de-pessoas\/wp-json\/wp\/v2\/pages\/2982\/revisions\/7335"}],"up":[{"embeddable":true,"href":"https:\/\/jundiai.sp.gov.br\/administracao-e-gestao-de-pessoas\/wp-json\/wp\/v2\/pages\/2384"}],"wp:attachment":[{"href":"https:\/\/jundiai.sp.gov.br\/administracao-e-gestao-de-pessoas\/wp-json\/wp\/v2\/media?parent=2982"}],"curies":[{"name":"wp","href":"https:\/\/api.w.org\/{rel}","templated":true}]}}