{"id":406,"date":"2014-09-03T13:31:48","date_gmt":"2014-09-03T16:31:48","guid":{"rendered":"https:\/\/jundiai.sp.gov.br\/recursos-humanos\/?page_id=406"},"modified":"2026-03-19T11:40:48","modified_gmt":"2026-03-19T14:40:48","slug":"avaliacao-de-desempenho","status":"publish","type":"page","link":"https:\/\/jundiai.sp.gov.br\/administracao-e-gestao-de-pessoas\/gestao-de-pessoas\/servidores\/avaliacao-de-desempenho\/","title":{"rendered":"Avalia\u00e7\u00e3o de Desempenho"},"content":{"rendered":"\n<p><a href=\"https:\/\/portaldoservidor.jundiai.sp.gov.br\" target=\"_blank\" rel=\"noreferrer noopener\">Acesse o Sistema de Avalia\u00e7\u00e3o de Desempenho<\/a><\/p>\n\n\n\n<div style=\"height:100px\" aria-hidden=\"true\" class=\"wp-block-spacer\"><\/div>\n\n\n\n<p><a href=\"https:\/\/jundiai.sp.gov.br\/administracao-e-gestao-de-pessoas\/wp-content\/uploads\/sites\/16\/2014\/09\/Decreto-26.605-2016.pdf\">Decreto n\u00ba 26.605, de 02 de setembro de 2016<\/a><\/p>\n\n\n\n<p><a href=\"https:\/\/jundiai.sp.gov.br\/administracao-e-gestao-de-pessoas\/wp-content\/uploads\/sites\/16\/2014\/09\/Decreto243442013-1.pdf\" rel=\"\">Decreto n\u00ba 24.344, de 12 de abril de 2013<\/a><\/p>\n\n\n\n<p><a href=\"https:\/\/jundiai.sp.gov.br\/administracao-e-gestao-de-pessoas\/wp-content\/uploads\/sites\/16\/2026\/03\/sei_2713178_portaria_1589.pdf\">Portaria n\u00ba 1.589, de 28 de outubro de 2025 &#8211; Comiss\u00e3o de Acompanhamento da Avalia\u00e7\u00e3o deDesempenho \u2014 CAD<\/a><\/p>\n\n\n\n<p><a href=\"https:\/\/jundiai.sp.gov.br\/administracao-e-gestao-de-pessoas\/wp-content\/uploads\/sites\/16\/2014\/09\/Decreto26133-1.pdf\" rel=\"\">Decreto n\u00ba 26.133, de 05 de novembro de 2015<\/a><\/p>\n\n\n\n<div class=\"wp-block-file\"><a id=\"wp-block-file--media-85b79219-6f45-47cd-8a51-143fde74dbf5\" href=\"https:\/\/jundiai.sp.gov.br\/administracao-e-gestao-de-pessoas\/wp-content\/uploads\/sites\/16\/2023\/10\/nova-apostila-avaliadores-chefe-imediato.pdf\" target=\"_blank\" rel=\"noreferrer noopener\">Apostila Avaliadores &#8211; CHEFE IMEDIATO<\/a><\/div>\n\n\n\n<p><a href=\"https:\/\/jundiai.sp.gov.br\/administracao-e-gestao-de-pessoas\/wp-content\/uploads\/sites\/16\/2025\/10\/avaliacao-de-chefia-cartilha.pdf\">Apostila &#8211; Avalia\u00e7\u00e3o de Desempenho CHEFIAS<\/a><\/p>\n","protected":false},"excerpt":{"rendered":"<p>Acesse o Sistema de Avalia\u00e7\u00e3o de Desempenho Decreto n\u00ba 26.605, de 02 de setembro de 2016 Decreto n\u00ba 24.344, de 12 de abril de 2013 Portaria n\u00ba 1.589, de 28 de outubro de 2025 &#8211; Comiss\u00e3o de Acompanhamento da Avalia\u00e7\u00e3o deDesempenho \u2014 CAD Decreto n\u00ba 26.133, de 05 de novembro de 2015 Apostila &#8211; Avalia\u00e7\u00e3o [&hellip;]<\/p>\n","protected":false},"author":5,"featured_media":0,"parent":1885,"menu_order":1,"comment_status":"closed","ping_status":"closed","template":"","meta":{"footnotes":""},"class_list":["post-406","page","type-page","status-publish","hentry"],"_links":{"self":[{"href":"https:\/\/jundiai.sp.gov.br\/administracao-e-gestao-de-pessoas\/wp-json\/wp\/v2\/pages\/406","targetHints":{"allow":["GET"]}}],"collection":[{"href":"https:\/\/jundiai.sp.gov.br\/administracao-e-gestao-de-pessoas\/wp-json\/wp\/v2\/pages"}],"about":[{"href":"https:\/\/jundiai.sp.gov.br\/administracao-e-gestao-de-pessoas\/wp-json\/wp\/v2\/types\/page"}],"author":[{"embeddable":true,"href":"https:\/\/jundiai.sp.gov.br\/administracao-e-gestao-de-pessoas\/wp-json\/wp\/v2\/users\/5"}],"replies":[{"embeddable":true,"href":"https:\/\/jundiai.sp.gov.br\/administracao-e-gestao-de-pessoas\/wp-json\/wp\/v2\/comments?post=406"}],"version-history":[{"count":19,"href":"https:\/\/jundiai.sp.gov.br\/administracao-e-gestao-de-pessoas\/wp-json\/wp\/v2\/pages\/406\/revisions"}],"predecessor-version":[{"id":7549,"href":"https:\/\/jundiai.sp.gov.br\/administracao-e-gestao-de-pessoas\/wp-json\/wp\/v2\/pages\/406\/revisions\/7549"}],"up":[{"embeddable":true,"href":"https:\/\/jundiai.sp.gov.br\/administracao-e-gestao-de-pessoas\/wp-json\/wp\/v2\/pages\/1885"}],"wp:attachment":[{"href":"https:\/\/jundiai.sp.gov.br\/administracao-e-gestao-de-pessoas\/wp-json\/wp\/v2\/media?parent=406"}],"curies":[{"name":"wp","href":"https:\/\/api.w.org\/{rel}","templated":true}]}}