{"id":4074,"date":"2019-11-12T11:13:57","date_gmt":"2019-11-12T14:13:57","guid":{"rendered":"https:\/\/jundiai.sp.gov.br\/administracao-e-gestao-de-pessoas\/?page_id=4074"},"modified":"2025-10-06T11:05:20","modified_gmt":"2025-10-06T14:05:20","slug":"licenca-candidatura-a-cargo-eletivo","status":"publish","type":"page","link":"https:\/\/jundiai.sp.gov.br\/administracao-e-gestao-de-pessoas\/gestao-de-pessoas-orienta\/licenca-candidatura-a-cargo-eletivo\/","title":{"rendered":"LICEN\u00c7A CANDIDATURA A CARGO ELETIVO"},"content":{"rendered":"\n<ul class=\"wp-block-list\">\n<li><strong>O que \u00e9?<\/strong><\/li>\n<\/ul>\n\n\n\n<p>Afastamento concedido a servidor efetivo candidato a cargo eletivo, quando obrigat\u00f3rio o afastamento nos termos da Lei Complementar n\u00ba 64, de 18 de maio de 1990.<\/p>\n\n\n\n<p>A licen\u00e7a ser\u00e1 concedida pelo prazo de desincompatibiliza\u00e7\u00e3o previsto na Lei Complementar. Sugere-se a consulta ao site do Tribunal Superior Eleitoral a respeito dos prazos de desincompatibiliza\u00e7\u00e3o.<\/p>\n\n\n\n<p><u>Tratando-se de elei\u00e7\u00f5es municipais, a licen\u00e7a somente ser\u00e1 concedida quando o servidor for candidato no Munic\u00edpio de Jundia\u00ed.<\/u><\/p>\n\n\n\n<ul class=\"wp-block-list\">\n<li><strong>Quem tem direito?<\/strong><\/li>\n<\/ul>\n\n\n\n<p>Somente servidores efetivos, desde que obrigat\u00f3rio o afastamento.<\/p>\n\n\n\n<ul class=\"wp-block-list\">\n<li><strong>Como requerer?<\/strong><\/li>\n<\/ul>\n\n\n\n<p>O Servidor poder\u00e1 solicitar atrav\u00e9s de preenchimento do Requerimento de Protocolo, dispon\u00edvel no site da Prefeitura, que deve ser enviado para o e-mail&nbsp;<a href=\"mailto:atendeservidor@jundiai.sp.gov.br\" target=\"_blank\" rel=\"noopener\">atendeservidor@jundiai.sp.gov.<wbr>br<\/a>&nbsp;da SMAGP\/ Se\u00e7\u00e3o de Atendimento ao Servidor, anexando Declara\u00e7\u00e3o do Presidente do Partido atestando que o servidor \u00e9 filiado ao partido e pretende concorrer ao cargo eletivo no pleito eleitoral.<\/p>\n\n\n\n<p>Ap\u00f3s realiza\u00e7\u00e3o da Conven\u00e7\u00e3o Partid\u00e1ria, o servidor dever\u00e1 apresentar c\u00f3pia da ata da conven\u00e7\u00e3o, confirmando a sua escolha como candidato a cargo eletivo.<\/p>\n\n\n\n<ul class=\"wp-block-list\">\n<li><strong>O que acarreta?<\/strong><\/li>\n<\/ul>\n\n\n\n<p>No per\u00edodo da Licen\u00e7a fica mantida a remunera\u00e7\u00e3o do cargo efetivo e ocorre a perda de: Aux\u00edlio-Transporte, Adicional de Insalubridade, Adicional de Periculosidade, Adicional de Risco de Vida (quando ocupante de cargo de Agente de Fiscaliza\u00e7\u00e3o de Posturas Municipais) e Gratifica\u00e7\u00f5es.<\/p>\n\n\n\n<ul class=\"wp-block-list\">\n<li><strong>Informa\u00e7\u00f5es adicionais<\/strong><\/li>\n<\/ul>\n\n\n\n<p>Para servidores ocupantes exclusivamente de cargo em comiss\u00e3o, a desincompatibiliza\u00e7\u00e3o \u00e9 feita por meio do pedido de exonera\u00e7\u00e3o.<\/p>\n\n\n\n<p><strong>Contato: Divis\u00e3o de Apoio T\u00e9cnico \u2013 4589-8740 \/ 4589-8741<\/strong><\/p>\n\n\n\n<p><strong>Qual a Legisla\u00e7\u00e3o que trata do Assunto?<\/strong><\/p>\n\n\n\n<p>\u2013 Lei Complementar n\u00ba 64, de 18 de maio de 1990. Estabelece casos de inelegibilidade, prazos de cessa\u00e7\u00e3o, e determina outras provid\u00eancias.<\/p>\n\n\n\n<p>\u2013 Lei Complementar n\u00ba 499, de 22 de dezembro de 2010, Estatuto dos Funcion\u00e1rios P\u00fablicos do Munic\u00edpio, art.55, inciso XVI.<\/p>\n\n\n\n<p><a href=\"https:\/\/sapl.jundiai.sp.leg.br\/pysc\/download_norma_pysc?cod_norma=8545&amp;texto_consolidado=1\" target=\"_blank\" rel=\"noopener\">Dispon\u00edvel aqui<\/a><\/p>\n\n\n\n<p><strong>Anexos:<\/strong><\/p>\n\n\n\n<p>\u2013 Formul\u00e1rio Requerimento de Protocolo.<\/p>\n\n\n\n<p><span style=\"font-weight: 400;\"><a href=\"https:\/\/jundiai.sp.gov.br\/administracao-e-gestao-de-pessoas\/wp-content\/uploads\/sites\/16\/2025\/10\/requerimento-de-protocolo.pdf\" target=\"_blank\" rel=\"noreferrer noopener\">Dispon\u00edvel aqui<\/a><\/span><\/p>\n","protected":false},"excerpt":{"rendered":"<p>Afastamento concedido a servidor efetivo candidato a cargo eletivo, quando obrigat\u00f3rio o afastamento nos termos da Lei Complementar n\u00ba 64, de 18 de maio de 1990. A licen\u00e7a ser\u00e1 concedida pelo prazo de desincompatibiliza\u00e7\u00e3o previsto na Lei Complementar. Sugere-se a consulta ao site do Tribunal Superior Eleitoral a respeito dos prazos de desincompatibiliza\u00e7\u00e3o. Tratando-se de [&hellip;]<\/p>\n","protected":false},"author":50,"featured_media":0,"parent":2384,"menu_order":0,"comment_status":"closed","ping_status":"closed","template":"","meta":{"footnotes":""},"class_list":["post-4074","page","type-page","status-publish","hentry"],"_links":{"self":[{"href":"https:\/\/jundiai.sp.gov.br\/administracao-e-gestao-de-pessoas\/wp-json\/wp\/v2\/pages\/4074","targetHints":{"allow":["GET"]}}],"collection":[{"href":"https:\/\/jundiai.sp.gov.br\/administracao-e-gestao-de-pessoas\/wp-json\/wp\/v2\/pages"}],"about":[{"href":"https:\/\/jundiai.sp.gov.br\/administracao-e-gestao-de-pessoas\/wp-json\/wp\/v2\/types\/page"}],"author":[{"embeddable":true,"href":"https:\/\/jundiai.sp.gov.br\/administracao-e-gestao-de-pessoas\/wp-json\/wp\/v2\/users\/50"}],"replies":[{"embeddable":true,"href":"https:\/\/jundiai.sp.gov.br\/administracao-e-gestao-de-pessoas\/wp-json\/wp\/v2\/comments?post=4074"}],"version-history":[{"count":26,"href":"https:\/\/jundiai.sp.gov.br\/administracao-e-gestao-de-pessoas\/wp-json\/wp\/v2\/pages\/4074\/revisions"}],"predecessor-version":[{"id":7434,"href":"https:\/\/jundiai.sp.gov.br\/administracao-e-gestao-de-pessoas\/wp-json\/wp\/v2\/pages\/4074\/revisions\/7434"}],"up":[{"embeddable":true,"href":"https:\/\/jundiai.sp.gov.br\/administracao-e-gestao-de-pessoas\/wp-json\/wp\/v2\/pages\/2384"}],"wp:attachment":[{"href":"https:\/\/jundiai.sp.gov.br\/administracao-e-gestao-de-pessoas\/wp-json\/wp\/v2\/media?parent=4074"}],"curies":[{"name":"wp","href":"https:\/\/api.w.org\/{rel}","templated":true}]}}

LICENÇA CANDIDATURA A CARGO ELETIVO

<ul class="wp-block-list">
<li><strong>O que é?</strong></li>
</ul>



<p>Afastamento concedido a servidor efetivo candidato a cargo eletivo, quando obrigatório o afastamento nos termos da Lei Complementar nº 64, de 18 de maio de 1990.</p>



<p>A licença será concedida pelo prazo de desincompatibilização previsto na Lei Complementar. Sugere-se a consulta ao site do Tribunal Superior Eleitoral a respeito dos prazos de desincompatibilização.</p>



<p><u>Tratando-se de eleições municipais, a licença somente será concedida quando o servidor for candidato no Município de Jundiaí.</u></p>



<ul class="wp-block-list">
<li><strong>Quem tem direito?</strong></li>
</ul>



<p>Somente servidores efetivos, desde que obrigatório o afastamento.</p>



<ul class="wp-block-list">
<li><strong>Como requerer?</strong></li>
</ul>



<p>O Servidor poderá solicitar através de preenchimento do Requerimento de Protocolo, disponível no site da Prefeitura, que deve ser enviado para o e-mail&nbsp;<a href="mailto:atendeservidor@jundiai.sp.gov.br" target="_blank" rel="noopener">atendeservidor@jundiai.sp.gov.<wbr>br</a>&nbsp;da SMAGP/ Seção de Atendimento ao Servidor, anexando Declaração do Presidente do Partido atestando que o servidor é filiado ao partido e pretende concorrer ao cargo eletivo no pleito eleitoral.</p>



<p>Após realização da Convenção Partidária, o servidor deverá apresentar cópia da ata da convenção, confirmando a sua escolha como candidato a cargo eletivo.</p>



<ul class="wp-block-list">
<li><strong>O que acarreta?</strong></li>
</ul>



<p>No período da Licença fica mantida a remuneração do cargo efetivo e ocorre a perda de: Auxílio-Transporte, Adicional de Insalubridade, Adicional de Periculosidade, Adicional de Risco de Vida (quando ocupante de cargo de Agente de Fiscalização de Posturas Municipais) e Gratificações.</p>



<ul class="wp-block-list">
<li><strong>Informações adicionais</strong></li>
</ul>



<p>Para servidores ocupantes exclusivamente de cargo em comissão, a desincompatibilização é feita por meio do pedido de exoneração.</p>



<p><strong>Contato: Divisão de Apoio Técnico – 4589-8740 / 4589-8741</strong></p>



<p><strong>Qual a Legislação que trata do Assunto?</strong></p>



<p>– Lei Complementar nº 64, de 18 de maio de 1990. Estabelece casos de inelegibilidade, prazos de cessação, e determina outras providências.</p>



<p>– Lei Complementar nº 499, de 22 de dezembro de 2010, Estatuto dos Funcionários Públicos do Município, art.55, inciso XVI.</p>



<p><a href="https://sapl.jundiai.sp.leg.br/pysc/download_norma_pysc?cod_norma=8545&amp;texto_consolidado=1" target="_blank" rel="noopener">Disponível aqui</a></p>



<p><strong>Anexos:</strong></p>



<p>– Formulário Requerimento de Protocolo.</p>



<p><span style="font-weight: 400;"><a href="https://jundiai.sp.gov.br/administracao-e-gestao-de-pessoas/wp-content/uploads/sites/16/2025/10/requerimento-de-protocolo.pdf" target="_blank" rel="noreferrer noopener">Disponível aqui</a></span></p>

<p>Afastamento concedido a servidor efetivo candidato a cargo eletivo, quando obrigatório o afastamento nos termos da Lei Complementar nº 64, de 18 de maio de 1990. A licença será concedida pelo prazo de desincompatibilização previsto na Lei Complementar. Sugere-se a consulta ao site do Tribunal Superior Eleitoral a respeito dos prazos de desincompatibilização. Tratando-se de [&hellip;]</p>
