{"id":420,"date":"2014-09-03T13:32:20","date_gmt":"2014-09-03T16:32:20","guid":{"rendered":"https:\/\/jundiai.sp.gov.br\/recursos-humanos\/?page_id=420"},"modified":"2025-05-13T14:55:53","modified_gmt":"2025-05-13T17:55:53","slug":"estagio-probatorio","status":"publish","type":"page","link":"https:\/\/jundiai.sp.gov.br\/administracao-e-gestao-de-pessoas\/gestao-de-pessoas\/servidores\/estagio-probatorio\/","title":{"rendered":"Est\u00e1gio Probat\u00f3rio"},"content":{"rendered":"\n<p><a href=\"https:\/\/portaldoservidor.jundiai.sp.gov.br\" target=\"_blank\" rel=\"noreferrer noopener\">Acesse o Sistema de Avalia\u00e7\u00e3o<\/a><\/p>\n\n\n\n<div style=\"height:100px\" aria-hidden=\"true\" class=\"wp-block-spacer\"><\/div>\n\n\n\n<p><a href=\"https:\/\/jundiai.sp.gov.br\/administracao-e-gestao-de-pessoas\/wp-content\/uploads\/sites\/16\/2014\/09\/Decreto-Est\u00e1gio-Probat\u00f3rio-19-de-fevereiro-de-2014.pdf\">Decreto Est\u00e1gio Probat\u00f3rio<\/a><\/p>\n\n\n\n<p><a href=\"https:\/\/jundiai.sp.gov.br\/administracao-e-gestao-de-pessoas\/wp-content\/uploads\/sites\/16\/2014\/09\/Altera\u00e7\u00e3o-do-decreto-24.843-de-13-de-fevereiro-de-2014.pdf\">Altera\u00e7\u00e3o do Decreto 24.843 &#8211; 13 de fevereiro de 2014<\/a><\/p>\n","protected":false},"excerpt":{"rendered":"<p>Acesse o Sistema de Avalia\u00e7\u00e3o Decreto Est\u00e1gio Probat\u00f3rio Altera\u00e7\u00e3o do Decreto 24.843 &#8211; 13 de fevereiro de 2014<\/p>\n","protected":false},"author":5,"featured_media":0,"parent":1885,"menu_order":3,"comment_status":"closed","ping_status":"closed","template":"","meta":{"footnotes":""},"class_list":["post-420","page","type-page","status-publish","hentry"],"_links":{"self":[{"href":"https:\/\/jundiai.sp.gov.br\/administracao-e-gestao-de-pessoas\/wp-json\/wp\/v2\/pages\/420","targetHints":{"allow":["GET"]}}],"collection":[{"href":"https:\/\/jundiai.sp.gov.br\/administracao-e-gestao-de-pessoas\/wp-json\/wp\/v2\/pages"}],"about":[{"href":"https:\/\/jundiai.sp.gov.br\/administracao-e-gestao-de-pessoas\/wp-json\/wp\/v2\/types\/page"}],"author":[{"embeddable":true,"href":"https:\/\/jundiai.sp.gov.br\/administracao-e-gestao-de-pessoas\/wp-json\/wp\/v2\/users\/5"}],"replies":[{"embeddable":true,"href":"https:\/\/jundiai.sp.gov.br\/administracao-e-gestao-de-pessoas\/wp-json\/wp\/v2\/comments?post=420"}],"version-history":[{"count":8,"href":"https:\/\/jundiai.sp.gov.br\/administracao-e-gestao-de-pessoas\/wp-json\/wp\/v2\/pages\/420\/revisions"}],"predecessor-version":[{"id":7225,"href":"https:\/\/jundiai.sp.gov.br\/administracao-e-gestao-de-pessoas\/wp-json\/wp\/v2\/pages\/420\/revisions\/7225"}],"up":[{"embeddable":true,"href":"https:\/\/jundiai.sp.gov.br\/administracao-e-gestao-de-pessoas\/wp-json\/wp\/v2\/pages\/1885"}],"wp:attachment":[{"href":"https:\/\/jundiai.sp.gov.br\/administracao-e-gestao-de-pessoas\/wp-json\/wp\/v2\/media?parent=420"}],"curies":[{"name":"wp","href":"https:\/\/api.w.org\/{rel}","templated":true}]}}