{"id":14,"date":"2014-08-19T14:55:01","date_gmt":"2014-08-19T17:55:01","guid":{"rendered":"https:\/\/jundiai.sp.gov.br\/agricultura-e-abastecimento\/?page_id=14"},"modified":"2025-08-29T16:16:18","modified_gmt":"2025-08-29T19:16:18","slug":"gestor","status":"publish","type":"page","link":"https:\/\/jundiai.sp.gov.br\/agronegocio-abastecimento-e-turismo\/gestor\/","title":{"rendered":"Secret\u00e1ria"},"content":{"rendered":"\n<div class=\"wp-block-columns is-layout-flex wp-container-core-columns-is-layout-9d6595d7 wp-block-columns-is-layout-flex\">\n<div class=\"wp-block-column is-layout-flow wp-block-column-is-layout-flow\">\n<figure class=\"wp-block-image\"><img decoding=\"async\" src=\"https:\/\/lh7-rt.googleusercontent.com\/docsz\/AD_4nXfVydLjlPDJytfH9zGu9UhxPnpGZaJJL_LvFOrMLPgNHOsjsimBxVx0TAvSpS4HsV-1WVKwhxdmvWjewDX8h4mhM5Fqy-c4eD3EVhEQihHhlda0kD8PdRDGuipbs4AZU_K0TDn5UQ?key=Hf0gcSGaDKuyDw574CgLLqLC\" alt=\"\" \/><\/figure>\n<\/div>\n\n\n\n<div class=\"wp-block-column is-layout-flow wp-block-column-is-layout-flow\">\n<h2 class=\"wp-block-heading\"><strong>Marcela Moro<\/strong><\/h2>\n\n\n\n<p>Marcela Moro \u00e9 Turism\u00f3loga e Mestre em Comunica\u00e7\u00e3o, com 27 anos de experi\u00eancia em turismo, especialmente em gest\u00e3o p\u00fablica. Foi Diretora de Turismo de Jundia\u00ed entre 2013 e 2024, liderando projetos como a reestrutura\u00e7\u00e3o da Festa da Uva, a cria\u00e7\u00e3o das Rotas Tur\u00edsticas e os programas Jundia\u00ed Feito \u00e0 M\u00e3o e Sabores de Jundia\u00ed.<\/p>\n\n\n\n<p>Como Gestora, Marcela trabalha para fortalecer a integra\u00e7\u00e3o entre o agroneg\u00f3cio, o abastecimento e o turismo, impulsionando o desenvolvimento sustent\u00e1vel e a valoriza\u00e7\u00e3o de Jundia\u00ed como refer\u00eancia nesses setores.<\/p>\n<\/div>\n<\/div>\n\n\n\n<p><\/p>\n","protected":false},"excerpt":{"rendered":"<p>Marcela Moro Marcela Moro \u00e9 Turism\u00f3loga e Mestre em Comunica\u00e7\u00e3o, com 27 anos de experi\u00eancia em turismo, especialmente em gest\u00e3o p\u00fablica. Foi Diretora de Turismo de Jundia\u00ed entre 2013 e 2024, liderando projetos como a reestrutura\u00e7\u00e3o da Festa da Uva, a cria\u00e7\u00e3o das Rotas Tur\u00edsticas e os programas Jundia\u00ed Feito \u00e0 M\u00e3o e Sabores de [&hellip;]<\/p>\n","protected":false},"author":14,"featured_media":0,"parent":0,"menu_order":0,"comment_status":"closed","ping_status":"closed","template":"","meta":{"footnotes":""},"class_list":["post-14","page","type-page","status-publish","hentry"],"_links":{"self":[{"href":"https:\/\/jundiai.sp.gov.br\/agronegocio-abastecimento-e-turismo\/wp-json\/wp\/v2\/pages\/14","targetHints":{"allow":["GET"]}}],"collection":[{"href":"https:\/\/jundiai.sp.gov.br\/agronegocio-abastecimento-e-turismo\/wp-json\/wp\/v2\/pages"}],"about":[{"href":"https:\/\/jundiai.sp.gov.br\/agronegocio-abastecimento-e-turismo\/wp-json\/wp\/v2\/types\/page"}],"author":[{"embeddable":true,"href":"https:\/\/jundiai.sp.gov.br\/agronegocio-abastecimento-e-turismo\/wp-json\/wp\/v2\/users\/14"}],"replies":[{"embeddable":true,"href":"https:\/\/jundiai.sp.gov.br\/agronegocio-abastecimento-e-turismo\/wp-json\/wp\/v2\/comments?post=14"}],"version-history":[{"count":21,"href":"https:\/\/jundiai.sp.gov.br\/agronegocio-abastecimento-e-turismo\/wp-json\/wp\/v2\/pages\/14\/revisions"}],"predecessor-version":[{"id":529,"href":"https:\/\/jundiai.sp.gov.br\/agronegocio-abastecimento-e-turismo\/wp-json\/wp\/v2\/pages\/14\/revisions\/529"}],"wp:attachment":[{"href":"https:\/\/jundiai.sp.gov.br\/agronegocio-abastecimento-e-turismo\/wp-json\/wp\/v2\/media?parent=14"}],"curies":[{"name":"wp","href":"https:\/\/api.w.org\/{rel}","templated":true}]}}

Secretária

<div class="wp-block-columns is-layout-flex wp-container-core-columns-is-layout-9d6595d7 wp-block-columns-is-layout-flex">
<div class="wp-block-column is-layout-flow wp-block-column-is-layout-flow">
<figure class="wp-block-image"><img decoding="async" src="https://lh7-rt.googleusercontent.com/docsz/AD_4nXfVydLjlPDJytfH9zGu9UhxPnpGZaJJL_LvFOrMLPgNHOsjsimBxVx0TAvSpS4HsV-1WVKwhxdmvWjewDX8h4mhM5Fqy-c4eD3EVhEQihHhlda0kD8PdRDGuipbs4AZU_K0TDn5UQ?key=Hf0gcSGaDKuyDw574CgLLqLC" alt="" /></figure>
</div>



<div class="wp-block-column is-layout-flow wp-block-column-is-layout-flow">
<h2 class="wp-block-heading"><strong>Marcela Moro</strong></h2>



<p>Marcela Moro é Turismóloga e Mestre em Comunicação, com 27 anos de experiência em turismo, especialmente em gestão pública. Foi Diretora de Turismo de Jundiaí entre 2013 e 2024, liderando projetos como a reestruturação da Festa da Uva, a criação das Rotas Turísticas e os programas Jundiaí Feito à Mão e Sabores de Jundiaí.</p>



<p>Como Gestora, Marcela trabalha para fortalecer a integração entre o agronegócio, o abastecimento e o turismo, impulsionando o desenvolvimento sustentável e a valorização de Jundiaí como referência nesses setores.</p>
</div>
</div>



<p></p>

<p>Marcela Moro Marcela Moro é Turismóloga e Mestre em Comunicação, com 27 anos de experiência em turismo, especialmente em gestão pública. Foi Diretora de Turismo de Jundiaí entre 2013 e 2024, liderando projetos como a reestruturação da Festa da Uva, a criação das Rotas Turísticas e os programas Jundiaí Feito à Mão e Sabores de [&hellip;]</p>
