{"id":2479,"date":"2024-12-19T14:18:18","date_gmt":"2024-12-19T17:18:18","guid":{"rendered":"https:\/\/jundiai.sp.gov.br\/assistencia-e-desenvolvimento-social\/?page_id=2479"},"modified":"2024-12-19T14:21:03","modified_gmt":"2024-12-19T17:21:03","slug":"protecao-social-basica","status":"publish","type":"page","link":"https:\/\/jundiai.sp.gov.br\/assistencia-e-desenvolvimento-social\/protecao-social-basica\/","title":{"rendered":"Prote\u00e7\u00e3o Social B\u00e1sica"},"content":{"rendered":"\n<p><a href=\"https:\/\/jundiai.sp.gov.br\/assistencia-e-desenvolvimento-social\/wp-content\/uploads\/sites\/5\/2024\/12\/protocolo-paif-jundiai_sp-versao-1-2024.pdf\" data-type=\"link\" data-id=\"https:\/\/jundiai.sp.gov.br\/assistencia-e-desenvolvimento-social\/wp-content\/uploads\/sites\/5\/2024\/12\/protocolo-paif-jundiai_sp-versao-1-2024.pdf\">Protocolo do Servi\u00e7o de Prote\u00e7\u00e3o e Atendimento Integral \u00e0 fam\u00edlia (PAIF)<\/a><\/p>\n\n\n\n<p><a href=\"https:\/\/jundiai.sp.gov.br\/assistencia-e-desenvolvimento-social\/wp-content\/uploads\/sites\/5\/2024\/12\/protocolo-cras-jundiai-2025-1_241219_091525-1-1.pdf\" data-type=\"link\" data-id=\"https:\/\/jundiai.sp.gov.br\/assistencia-e-desenvolvimento-social\/wp-content\/uploads\/sites\/5\/2024\/12\/protocolo-cras-jundiai-2025-1_241219_091525-1-1.pdf\">Protocolo CRAS &#8211; trabalho social com fam\u00edlias nos territ\u00f3rios &#8211; Manual em fam\u00edlia<\/a><\/p>\n","protected":false},"excerpt":{"rendered":"<p>Protocolo do Servi\u00e7o de Prote\u00e7\u00e3o e Atendimento Integral \u00e0 fam\u00edlia (PAIF) Protocolo CRAS &#8211; trabalho social com fam\u00edlias nos territ\u00f3rios &#8211; Manual em fam\u00edlia<\/p>\n","protected":false},"author":112,"featured_media":0,"parent":0,"menu_order":0,"comment_status":"closed","ping_status":"closed","template":"","meta":{"footnotes":""},"class_list":["post-2479","page","type-page","status-publish","hentry"],"_links":{"self":[{"href":"https:\/\/jundiai.sp.gov.br\/assistencia-e-desenvolvimento-social\/wp-json\/wp\/v2\/pages\/2479","targetHints":{"allow":["GET"]}}],"collection":[{"href":"https:\/\/jundiai.sp.gov.br\/assistencia-e-desenvolvimento-social\/wp-json\/wp\/v2\/pages"}],"about":[{"href":"https:\/\/jundiai.sp.gov.br\/assistencia-e-desenvolvimento-social\/wp-json\/wp\/v2\/types\/page"}],"author":[{"embeddable":true,"href":"https:\/\/jundiai.sp.gov.br\/assistencia-e-desenvolvimento-social\/wp-json\/wp\/v2\/users\/112"}],"replies":[{"embeddable":true,"href":"https:\/\/jundiai.sp.gov.br\/assistencia-e-desenvolvimento-social\/wp-json\/wp\/v2\/comments?post=2479"}],"version-history":[{"count":4,"href":"https:\/\/jundiai.sp.gov.br\/assistencia-e-desenvolvimento-social\/wp-json\/wp\/v2\/pages\/2479\/revisions"}],"predecessor-version":[{"id":2485,"href":"https:\/\/jundiai.sp.gov.br\/assistencia-e-desenvolvimento-social\/wp-json\/wp\/v2\/pages\/2479\/revisions\/2485"}],"wp:attachment":[{"href":"https:\/\/jundiai.sp.gov.br\/assistencia-e-desenvolvimento-social\/wp-json\/wp\/v2\/media?parent=2479"}],"curies":[{"name":"wp","href":"https:\/\/api.w.org\/{rel}","templated":true}]}}

Proteção Social Básica

<p><a href="https://jundiai.sp.gov.br/assistencia-e-desenvolvimento-social/wp-content/uploads/sites/5/2024/12/protocolo-paif-jundiai_sp-versao-1-2024.pdf" data-type="link" data-id="https://jundiai.sp.gov.br/assistencia-e-desenvolvimento-social/wp-content/uploads/sites/5/2024/12/protocolo-paif-jundiai_sp-versao-1-2024.pdf">Protocolo do Serviço de Proteção e Atendimento Integral à família (PAIF)</a></p>



<p><a href="https://jundiai.sp.gov.br/assistencia-e-desenvolvimento-social/wp-content/uploads/sites/5/2024/12/protocolo-cras-jundiai-2025-1_241219_091525-1-1.pdf" data-type="link" data-id="https://jundiai.sp.gov.br/assistencia-e-desenvolvimento-social/wp-content/uploads/sites/5/2024/12/protocolo-cras-jundiai-2025-1_241219_091525-1-1.pdf">Protocolo CRAS &#8211; trabalho social com famílias nos territórios &#8211; Manual em família</a></p>

<p>Protocolo do Serviço de Proteção e Atendimento Integral à família (PAIF) Protocolo CRAS &#8211; trabalho social com famílias nos territórios &#8211; Manual em família</p>
