{"id":342,"date":"2017-04-25T15:28:30","date_gmt":"2017-04-25T18:28:30","guid":{"rendered":"https:\/\/jundiai.sp.gov.br\/assistencia-e-desenvolvimento-social\/?page_id=342"},"modified":"2025-12-15T12:28:39","modified_gmt":"2025-12-15T15:28:39","slug":"organograma","status":"publish","type":"page","link":"https:\/\/jundiai.sp.gov.br\/assistencia-e-desenvolvimento-social\/organograma\/","title":{"rendered":"Organograma"},"content":{"rendered":"\n<h2 class=\"wp-block-heading\">Estrutura da Secretaria<\/h2>\n\n\n\n<p><strong>Secret\u00e1ria: <b>Luciane Mosca<\/b><\/strong><\/p>\n\n\n\n<p><strong>Departamento de Planejamento, Gest\u00e3o e Finan\u00e7as<\/strong><br>Diretor: Rodolfo Brandino da Rosa Pereira <br>Telefone: (11) 4527-4160<\/p>\n\n\n\n<p><strong>Departamento de Prote\u00e7\u00e3o Social<\/strong><br>Diretora<strong>:<\/strong> Cassia Regina Herrera <br>Telefone: (11) 4589-6759<\/p>\n\n\n\n<p><strong>Departamento de Vigil\u00e2ncia Social&nbsp;<\/strong><br>Diretor: Luciano Garcia Resende <br>Telefone: (11) 4589-6779&nbsp;<\/p>\n\n\n\n<p><strong>Departamento de Pol\u00edticas Complementares<\/strong><br>Diretora: Edilaine Cardoso Santos<br>Telefone: (11) 4589-6772<\/p>\n","protected":false},"excerpt":{"rendered":"<p>Estrutura da Secretaria Secret\u00e1ria: Luciane Mosca Departamento de Planejamento, Gest\u00e3o e Finan\u00e7asDiretor: Rodolfo Brandino da Rosa Pereira Telefone: (11) 4527-4160 Departamento de Prote\u00e7\u00e3o SocialDiretora: Cassia Regina Herrera Telefone: (11) 4589-6759 Departamento de Vigil\u00e2ncia Social&nbsp;Diretor: Luciano Garcia Resende Telefone: (11) 4589-6779&nbsp; Departamento de Pol\u00edticas ComplementaresDiretora: Edilaine Cardoso SantosTelefone: (11) 4589-6772<\/p>\n","protected":false},"author":30,"featured_media":0,"parent":0,"menu_order":0,"comment_status":"closed","ping_status":"closed","template":"","meta":{"footnotes":""},"class_list":["post-342","page","type-page","status-publish","hentry"],"_links":{"self":[{"href":"https:\/\/jundiai.sp.gov.br\/assistencia-e-desenvolvimento-social\/wp-json\/wp\/v2\/pages\/342","targetHints":{"allow":["GET"]}}],"collection":[{"href":"https:\/\/jundiai.sp.gov.br\/assistencia-e-desenvolvimento-social\/wp-json\/wp\/v2\/pages"}],"about":[{"href":"https:\/\/jundiai.sp.gov.br\/assistencia-e-desenvolvimento-social\/wp-json\/wp\/v2\/types\/page"}],"author":[{"embeddable":true,"href":"https:\/\/jundiai.sp.gov.br\/assistencia-e-desenvolvimento-social\/wp-json\/wp\/v2\/users\/30"}],"replies":[{"embeddable":true,"href":"https:\/\/jundiai.sp.gov.br\/assistencia-e-desenvolvimento-social\/wp-json\/wp\/v2\/comments?post=342"}],"version-history":[{"count":36,"href":"https:\/\/jundiai.sp.gov.br\/assistencia-e-desenvolvimento-social\/wp-json\/wp\/v2\/pages\/342\/revisions"}],"predecessor-version":[{"id":2546,"href":"https:\/\/jundiai.sp.gov.br\/assistencia-e-desenvolvimento-social\/wp-json\/wp\/v2\/pages\/342\/revisions\/2546"}],"wp:attachment":[{"href":"https:\/\/jundiai.sp.gov.br\/assistencia-e-desenvolvimento-social\/wp-json\/wp\/v2\/media?parent=342"}],"curies":[{"name":"wp","href":"https:\/\/api.w.org\/{rel}","templated":true}]}}