{"id":9,"date":"2024-02-15T09:15:06","date_gmt":"2024-02-15T12:15:06","guid":{"rendered":"https:\/\/jundiai.sp.gov.br\/boletimarboviroses\/?page_id=9"},"modified":"2026-02-06T16:48:50","modified_gmt":"2026-02-06T19:48:50","slug":"boletim-epidemiologico-de-arboviroses","status":"publish","type":"page","link":"https:\/\/jundiai.sp.gov.br\/boletimarboviroses\/","title":{"rendered":"Boletim Epidemiol\u00f3gico de Arboviroses 2026"},"content":{"rendered":"\n<p>Este boletim epidemiol\u00f3gico est\u00e1 sujeito a atualiza\u00e7\u00f5es peri\u00f3dicas e pode ser alterado a qualquer momento, conforme a disponibilidade de novos dados e informa\u00e7\u00f5es relevantes.<br><\/p>\n\n\n\n<div style=\"height:50px\" aria-hidden=\"true\" class=\"wp-block-spacer\"><\/div>\n\n\n\n<h2 class=\"wp-block-heading has-text-align-center\">Boletim Arbovirose<\/h2>\n\n\n\n<!-- C\u00d3DIGO DO BI - N\u00c3O ALTERAR!!! -->\n<iframe loading=\"lazy\" class=\"container-bi\" title=\"Boletim Epidemiol\u00f3gicom Dengue\" width=\"100%\" height=\"800\" src=\"https:\/\/app.powerbi.com\/view?r=eyJrIjoiOTBkYzJhOTktZTc2NS00OWIzLWE5NjgtZmM4NTY5ZGI2NzIzIiwidCI6IjI3MmYwMTNkLWExMTgtNDBkNi05ODRjLWQwNmFmODUzNzhiYyJ9&#038;pageName=24d0f5a9368719478797\" frameborder=\"0\" allowFullScreen=\"true\"><\/iframe>\n\n\n\n<div style=\"height:50px\" aria-hidden=\"true\" class=\"wp-block-spacer\"><\/div>\n\n\n\n<h2 class=\"wp-block-heading has-text-align-center\">Boletim Dengue<\/h2>\n\n\n\n<!-- C\u00d3DIGO DO BI - N\u00c3O ALTERAR!!! -->\n<iframe loading=\"lazy\" class=\"container-bi\" title=\"Boletim Dengue\" width=\"100%\" height=\"800\" src=\"https:\/\/app.powerbi.com\/view?r=eyJrIjoiOTBkYzJhOTktZTc2NS00OWIzLWE5NjgtZmM4NTY5ZGI2NzIzIiwidCI6IjI3MmYwMTNkLWExMTgtNDBkNi05ODRjLWQwNmFmODUzNzhiYyJ9&#038;pageName=639a93a695340a591480\" frameborder=\"0\" allowFullScreen=\"true\"><\/iframe>\n\n\n\n<style>\n.acumulado {margin-top: -1.3em;}\n<\/style>\n\n\n\n<div style=\"height:100px\" aria-hidden=\"true\" class=\"wp-block-spacer\"><\/div>\n","protected":false},"excerpt":{"rendered":"<p>Este boletim epidemiol\u00f3gico est\u00e1 sujeito a atualiza\u00e7\u00f5es peri\u00f3dicas e pode ser alterado a qualquer momento, conforme a disponibilidade de novos dados e informa\u00e7\u00f5es relevantes. Boletim Arbovirose Boletim Dengue<\/p>\n","protected":false},"author":8,"featured_media":170,"parent":0,"menu_order":0,"comment_status":"closed","ping_status":"closed","template":"","meta":{"footnotes":""},"class_list":["post-9","page","type-page","status-publish","has-post-thumbnail","hentry"],"_links":{"self":[{"href":"https:\/\/jundiai.sp.gov.br\/boletimarboviroses\/wp-json\/wp\/v2\/pages\/9","targetHints":{"allow":["GET"]}}],"collection":[{"href":"https:\/\/jundiai.sp.gov.br\/boletimarboviroses\/wp-json\/wp\/v2\/pages"}],"about":[{"href":"https:\/\/jundiai.sp.gov.br\/boletimarboviroses\/wp-json\/wp\/v2\/types\/page"}],"author":[{"embeddable":true,"href":"https:\/\/jundiai.sp.gov.br\/boletimarboviroses\/wp-json\/wp\/v2\/users\/8"}],"replies":[{"embeddable":true,"href":"https:\/\/jundiai.sp.gov.br\/boletimarboviroses\/wp-json\/wp\/v2\/comments?post=9"}],"version-history":[{"count":37,"href":"https:\/\/jundiai.sp.gov.br\/boletimarboviroses\/wp-json\/wp\/v2\/pages\/9\/revisions"}],"predecessor-version":[{"id":169,"href":"https:\/\/jundiai.sp.gov.br\/boletimarboviroses\/wp-json\/wp\/v2\/pages\/9\/revisions\/169"}],"wp:featuredmedia":[{"embeddable":true,"href":"https:\/\/jundiai.sp.gov.br\/boletimarboviroses\/wp-json\/wp\/v2\/media\/170"}],"wp:attachment":[{"href":"https:\/\/jundiai.sp.gov.br\/boletimarboviroses\/wp-json\/wp\/v2\/media?parent=9"}],"curies":[{"name":"wp","href":"https:\/\/api.w.org\/{rel}","templated":true}]}}