{"id":7,"date":"2025-06-24T10:30:19","date_gmt":"2025-06-24T13:30:19","guid":{"rendered":"https:\/\/jundiai.sp.gov.br\/avidanaotemvolta\/?page_id=7"},"modified":"2025-07-10T11:46:33","modified_gmt":"2025-07-10T14:46:33","slug":"a-vida-nao-tem-volta","status":"publish","type":"page","link":"https:\/\/jundiai.sp.gov.br\/campanhadetransito\/","title":{"rendered":"Motociclista: N\u00e3o deixe uma trag\u00e9dia contar a sua hist\u00f3ria"},"content":{"rendered":"\n<p><strong>A realidade dos acidentes de tr\u00e2nsito em Jundia\u00ed<\/strong><\/p>\n\n\n\n<p>O tr\u00e2nsito \u00e9 uma das principais causas de mortes no mundo \u2014 e os motociclistas est\u00e3o entre as maiores v\u00edtimas. Em Jundia\u00ed, a situa\u00e7\u00e3o \u00e9 alarmante: somos a 1\u00aa cidade do estado no ranking dos munic\u00edpios com mais de 300 mil habitantes, como o maior \u00edndice de v\u00edtimas fatais por 100.000 habitantes, somando 85 \u00f3bitos no tr\u00e2nsito nos \u00faltimos 12 meses.<\/p>\n\n\n\n<p>Em 2024, 39% das v\u00edtimas fatais foram motociclistas, n\u00famero ainda mais alarmante se somado aos casos em que os caminhos de quem sofre o acidente mudam radicalmente.<\/p>\n\n\n\n<p>A imprud\u00eancia, a neglig\u00eancia e at\u00e9 mesmo as caracter\u00edsticas da motocicleta \u2014 que oferece menos prote\u00e7\u00e3o em compara\u00e7\u00e3o a outros ve\u00edculos \u2014 tornam o motociclista o elo mais fr\u00e1gil no tr\u00e2nsito. Pequenos acidentes podem gerar <strong>consequ\u00eancias irrevers\u00edveis<\/strong>, como sequelas graves, tratamentos longos ou, no pior cen\u00e1rio, a perda da vida.<\/p>\n\n\n\n<hr class=\"wp-block-separator has-alpha-channel-opacity\"\/>\n\n\n\n<p><strong>?<\/strong><strong> N\u00fameros que preocupam<\/strong><\/p>\n\n\n\n<p>Segundo o Infosiga (Sistema de Informa\u00e7\u00f5es Gerenciais de Acidentes de Tr\u00e2nsito do Estado de S\u00e3o Paulo):<\/p>\n\n\n\n<ul class=\"wp-block-list\">\n<li>De <strong>janeiro a maio de 2025<\/strong>, Jundia\u00ed registrou <strong>18 v\u00edtimas fatais no tr\u00e2nsito<\/strong> \u2014 um aumento de <strong><strong>350%<\/strong><\/strong> em compara\u00e7\u00e3o ao mesmo per\u00edodo de 2024 (4 \u00f3bitos).<\/li>\n\n\n\n<li>No total de 2024, foram <strong>71 mortes<\/strong> em ocorr\u00eancias vi\u00e1rias:\n<ul class=\"wp-block-list\">\n<li><strong>39% motociclistas<\/strong><\/li>\n\n\n\n<li><strong>27% pedestres<\/strong><\/li>\n\n\n\n<li><strong>87% das v\u00edtimas eram homens<\/strong><\/li>\n<\/ul>\n<\/li>\n<\/ul>\n\n\n\n<hr class=\"wp-block-separator has-alpha-channel-opacity\"\/>\n\n\n\n<p><strong>?<\/strong><strong> Hist\u00f3rias que marcam \u2013 e mudam vidas<\/strong><\/p>\n\n\n\n<p>Nesta campanha, apresentamos <strong>hist\u00f3rias reais<\/strong> de pessoas que tiveram suas vidas radicalmente transformadas ap\u00f3s um acidente de moto. S\u00e3o relatos emocionantes, que revelam como um \u00fanico momento pode dividir uma vida em &#8220;antes e depois&#8221;.<\/p>\n\n\n\n<p>Sem apelar para o choque visual ou para mensagens excessivamente agressivas, a campanha busca <strong>sensibilizar, humanizar e conscientizar<\/strong>. Nosso objetivo \u00e9 mostrar, de forma direta e emp\u00e1tica, que um acidente de tr\u00e2nsito n\u00e3o \u00e9 apenas um n\u00famero \u2014 \u00e9 uma hist\u00f3ria, uma perda, uma mudan\u00e7a para sempre.<\/p>\n\n\n\n<hr class=\"wp-block-separator has-alpha-channel-opacity\"\/>\n\n\n\n<p><strong>\u26a0\ufe0f<\/strong><strong> Conscientizar \u00e9 salvar vidas<\/strong><\/p>\n\n\n\n<p>A campanha \u201cA Vida N\u00e3o Tem Volta\u201d convida todos \u2014 motociclistas, motoristas, ciclistas e pedestres \u2014 a refletirem sobre suas atitudes no tr\u00e2nsito. Cada escolha faz diferen\u00e7a. O respeito \u00e0s regras e a empatia com o outro podem evitar trag\u00e9dias.<\/p>\n\n\n\n<p><strong>Motociclista, voc\u00ea \u00e9 visto. Seja lembrado pela sua vida \u2014 n\u00e3o pela sua aus\u00eancia.<\/strong><\/p>\n","protected":false},"excerpt":{"rendered":"<p>A realidade dos acidentes de tr\u00e2nsito em Jundia\u00ed O tr\u00e2nsito \u00e9 uma das principais causas de mortes no mundo \u2014 e os motociclistas est\u00e3o entre as maiores v\u00edtimas. Em Jundia\u00ed, a situa\u00e7\u00e3o \u00e9 alarmante: somos a 1\u00aa cidade do estado no ranking dos munic\u00edpios com mais de 300 mil habitantes, como o maior \u00edndice de [&hellip;]<\/p>\n","protected":false},"author":8,"featured_media":8,"parent":0,"menu_order":0,"comment_status":"closed","ping_status":"closed","template":"2025-avidanaotemvolta\/2025-avidanaotempreco.php","meta":{"footnotes":""},"class_list":["post-7","page","type-page","status-publish","has-post-thumbnail","hentry"],"_links":{"self":[{"href":"https:\/\/jundiai.sp.gov.br\/campanhadetransito\/wp-json\/wp\/v2\/pages\/7","targetHints":{"allow":["GET"]}}],"collection":[{"href":"https:\/\/jundiai.sp.gov.br\/campanhadetransito\/wp-json\/wp\/v2\/pages"}],"about":[{"href":"https:\/\/jundiai.sp.gov.br\/campanhadetransito\/wp-json\/wp\/v2\/types\/page"}],"author":[{"embeddable":true,"href":"https:\/\/jundiai.sp.gov.br\/campanhadetransito\/wp-json\/wp\/v2\/users\/8"}],"replies":[{"embeddable":true,"href":"https:\/\/jundiai.sp.gov.br\/campanhadetransito\/wp-json\/wp\/v2\/comments?post=7"}],"version-history":[{"count":6,"href":"https:\/\/jundiai.sp.gov.br\/campanhadetransito\/wp-json\/wp\/v2\/pages\/7\/revisions"}],"predecessor-version":[{"id":17,"href":"https:\/\/jundiai.sp.gov.br\/campanhadetransito\/wp-json\/wp\/v2\/pages\/7\/revisions\/17"}],"wp:featuredmedia":[{"embeddable":true,"href":"https:\/\/jundiai.sp.gov.br\/campanhadetransito\/wp-json\/wp\/v2\/media\/8"}],"wp:attachment":[{"href":"https:\/\/jundiai.sp.gov.br\/campanhadetransito\/wp-json\/wp\/v2\/media?parent=7"}],"curies":[{"name":"wp","href":"https:\/\/api.w.org\/{rel}","templated":true}]}}

Motociclista: Não deixe uma tragédia contar a sua história

<p><strong>A realidade dos acidentes de trânsito em Jundiaí</strong></p>



<p>O trânsito é uma das principais causas de mortes no mundo — e os motociclistas estão entre as maiores vítimas. Em Jundiaí, a situação é alarmante: somos a 1ª cidade do estado no ranking dos municípios com mais de 300 mil habitantes, como o maior índice de vítimas fatais por 100.000 habitantes, somando 85 óbitos no trânsito nos últimos 12 meses.</p>



<p>Em 2024, 39% das vítimas fatais foram motociclistas, número ainda mais alarmante se somado aos casos em que os caminhos de quem sofre o acidente mudam radicalmente.</p>



<p>A imprudência, a negligência e até mesmo as características da motocicleta — que oferece menos proteção em comparação a outros veículos — tornam o motociclista o elo mais frágil no trânsito. Pequenos acidentes podem gerar <strong>consequências irreversíveis</strong>, como sequelas graves, tratamentos longos ou, no pior cenário, a perda da vida.</p>



<hr class="wp-block-separator has-alpha-channel-opacity"/>



<p><strong>?</strong><strong> Números que preocupam</strong></p>



<p>Segundo o Infosiga (Sistema de Informações Gerenciais de Acidentes de Trânsito do Estado de São Paulo):</p>



<ul class="wp-block-list">
<li>De <strong>janeiro a maio de 2025</strong>, Jundiaí registrou <strong>18 vítimas fatais no trânsito</strong> — um aumento de <strong><strong>350%</strong></strong> em comparação ao mesmo período de 2024 (4 óbitos).</li>



<li>No total de 2024, foram <strong>71 mortes</strong> em ocorrências viárias:
<ul class="wp-block-list">
<li><strong>39% motociclistas</strong></li>



<li><strong>27% pedestres</strong></li>



<li><strong>87% das vítimas eram homens</strong></li>
</ul>
</li>
</ul>



<hr class="wp-block-separator has-alpha-channel-opacity"/>



<p><strong>?</strong><strong> Histórias que marcam – e mudam vidas</strong></p>



<p>Nesta campanha, apresentamos <strong>histórias reais</strong> de pessoas que tiveram suas vidas radicalmente transformadas após um acidente de moto. São relatos emocionantes, que revelam como um único momento pode dividir uma vida em &#8220;antes e depois&#8221;.</p>



<p>Sem apelar para o choque visual ou para mensagens excessivamente agressivas, a campanha busca <strong>sensibilizar, humanizar e conscientizar</strong>. Nosso objetivo é mostrar, de forma direta e empática, que um acidente de trânsito não é apenas um número — é uma história, uma perda, uma mudança para sempre.</p>



<hr class="wp-block-separator has-alpha-channel-opacity"/>



<p><strong>⚠️</strong><strong> Conscientizar é salvar vidas</strong></p>



<p>A campanha “A Vida Não Tem Volta” convida todos — motociclistas, motoristas, ciclistas e pedestres — a refletirem sobre suas atitudes no trânsito. Cada escolha faz diferença. O respeito às regras e a empatia com o outro podem evitar tragédias.</p>



<p><strong>Motociclista, você é visto. Seja lembrado pela sua vida — não pela sua ausência.</strong></p>

<p>A realidade dos acidentes de trânsito em Jundiaí O trânsito é uma das principais causas de mortes no mundo — e os motociclistas estão entre as maiores vítimas. Em Jundiaí, a situação é alarmante: somos a 1ª cidade do estado no ranking dos municípios com mais de 300 mil habitantes, como o maior índice de [&hellip;]</p>
