{"id":11369,"date":"2025-05-12T10:04:30","date_gmt":"2025-05-12T13:04:30","guid":{"rendered":"https:\/\/jundiai.sp.gov.br\/casa-civil\/?page_id=11369"},"modified":"2025-11-27T10:02:41","modified_gmt":"2025-11-27T13:02:41","slug":"boletim-operacao-noites-frias","status":"publish","type":"page","link":"https:\/\/jundiai.sp.gov.br\/casa-civil\/boletim-operacao-noites-frias\/","title":{"rendered":"Boletim Opera\u00e7\u00e3o Noites Frias"},"content":{"rendered":"\n<p><strong><mark style=\"background-color:rgba(0, 0, 0, 0)\" class=\"has-inline-color has-vivid-red-color\">Alerta<\/mark>:\u00a0<strong><strong><strong><strong><strong><strong><strong><strong><strong><strong><strong><strong><strong><strong><strong><strong><strong><strong><strong><strong><strong><strong><strong><strong><strong><strong><strong><strong><strong><strong><strong><strong><strong><strong><strong><strong><strong>Previs\u00e3o de Baixas Temperaturas (Iguais ou Inferiores a 13\u00b0C) a partir do dia 27\/11 ( Quinta-Feira ) at\u00e9 pelo menos 28\/11 (Sexta-Feira).<\/strong><\/strong><\/strong><\/strong><\/strong><\/strong><\/strong><\/strong><\/strong><\/strong><\/strong><\/strong><\/strong><\/strong><\/strong><\/strong><\/strong><\/strong><\/strong><\/strong><\/strong><\/strong><\/strong><\/strong><\/strong><\/strong><\/strong><\/strong><\/strong><\/strong><\/strong><\/strong><\/strong><\/strong><\/strong><\/strong><\/strong><\/strong><\/p>\n\n\n\n<p>Links de consulta das previs\u00f5es para os pr\u00f3ximos dias no Munic\u00edpio:<br><a href=\"https:\/\/www.climatempo.com.br\/previsao-do-tempo\/15-dias\/cidade\/473\/jundiai-sp\" target=\"_blank\" rel=\"noreferrer noopener\">https:\/\/www.climatempo.com.br\/previsao-do-tempo\/15-dias\/cidade\/473\/jundiai-sp<\/a><br><a href=\"https:\/\/metsul.com\/previsao\/sp\/jundiai\/\" target=\"_blank\" rel=\"noreferrer noopener\">https:\/\/metsul.com\/previsao\/sp\/jundiai\/<\/a><\/p>\n\n\n\n<p><em><a href=\"https:\/\/jundiai.sp.gov.br\/casa-civil\/wp-content\/uploads\/sites\/6\/2025\/05\/sei_1388437_despacho.pdf\">SEI 1388437\/2024<\/a><\/em><\/p>\n","protected":false},"excerpt":{"rendered":"<p>Alerta:\u00a0Previs\u00e3o de Baixas Temperaturas (Iguais ou Inferiores a 13\u00b0C) a partir do dia 27\/11 ( Quinta-Feira ) at\u00e9 pelo menos 28\/11 (Sexta-Feira). Links de consulta das previs\u00f5es para os pr\u00f3ximos dias no Munic\u00edpio:https:\/\/www.climatempo.com.br\/previsao-do-tempo\/15-dias\/cidade\/473\/jundiai-sphttps:\/\/metsul.com\/previsao\/sp\/jundiai\/ SEI 1388437\/2024<\/p>\n","protected":false},"author":129,"featured_media":0,"parent":0,"menu_order":0,"comment_status":"closed","ping_status":"closed","template":"","meta":{"footnotes":""},"class_list":["post-11369","page","type-page","status-publish","hentry"],"_links":{"self":[{"href":"https:\/\/jundiai.sp.gov.br\/casa-civil\/wp-json\/wp\/v2\/pages\/11369","targetHints":{"allow":["GET"]}}],"collection":[{"href":"https:\/\/jundiai.sp.gov.br\/casa-civil\/wp-json\/wp\/v2\/pages"}],"about":[{"href":"https:\/\/jundiai.sp.gov.br\/casa-civil\/wp-json\/wp\/v2\/types\/page"}],"author":[{"embeddable":true,"href":"https:\/\/jundiai.sp.gov.br\/casa-civil\/wp-json\/wp\/v2\/users\/129"}],"replies":[{"embeddable":true,"href":"https:\/\/jundiai.sp.gov.br\/casa-civil\/wp-json\/wp\/v2\/comments?post=11369"}],"version-history":[{"count":43,"href":"https:\/\/jundiai.sp.gov.br\/casa-civil\/wp-json\/wp\/v2\/pages\/11369\/revisions"}],"predecessor-version":[{"id":12072,"href":"https:\/\/jundiai.sp.gov.br\/casa-civil\/wp-json\/wp\/v2\/pages\/11369\/revisions\/12072"}],"wp:attachment":[{"href":"https:\/\/jundiai.sp.gov.br\/casa-civil\/wp-json\/wp\/v2\/media?parent=11369"}],"curies":[{"name":"wp","href":"https:\/\/api.w.org\/{rel}","templated":true}]}}