{"id":129,"date":"2014-09-11T17:14:34","date_gmt":"2014-09-11T20:14:34","guid":{"rendered":"https:\/\/jundiai.sp.gov.br\/casa-civil\/?page_id=129"},"modified":"2025-10-15T11:04:20","modified_gmt":"2025-10-15T14:04:20","slug":"conselho","status":"publish","type":"page","link":"https:\/\/jundiai.sp.gov.br\/casa-civil\/conselho\/","title":{"rendered":"Conselhos"},"content":{"rendered":"\n<p><strong>Vinculados \u00e0 Secretaria Municipal da Casa Civil<\/strong><\/p>\n\n\n\n<p>Conselho Municipal dos Direitos da Pessoa com Defici\u00eancia<br>Conselho Municipal de Antidrogas<br>Conselho Municipal dos Direitos da Mulher<br>Conselho Municipal de Seguran\u00e7a Alimentar e Nutri\u00e7\u00e3o<br>Conselho Municipal da Juventude<br>Conselho Municipal de Participa\u00e7\u00e3o e Desenvolvimento da Comunidade Negra<br>Conselho Municipal de Rela\u00e7\u00f5es Internacionais<br>Conselho da Cidade de Jundia\u00ed<\/p>\n\n\n\n<p>Contato:&nbsp;<a href=\"mailto:diretoriadeconselhos@jundiai.sp.gov.br\" rel=\"noreferrer noopener\" target=\"_blank\">diretoriadeconselhos@jundiai.sp.gov.br<\/a><\/p>\n\n\n\n<p><strong>Vinculado\u00a0\u00e0 Secretaria de Governo<br><\/strong>Conselho Municipal de Transpar\u00eancia P\u00fablica e Participa\u00e7\u00e3o Social<br>Contato:\u00a0<a href=\"mailto:diretoriadeconselhos@jundiai.sp.gov.br\" target=\"_blank\" rel=\"noreferrer noopener\">diretoriadeconselhos@jundiai.sp.gov.br<\/a><\/p>\n\n\n\n<p><strong>Vinculado \u00e0 Secretaria Municipal de Habita\u00e7\u00e3o Social<br><\/strong>Conselho Municipal de Habita\u00e7\u00e3o<br>Contato:\u00a0<a href=\"mailto:diretoriadeconselhos@jundiai.sp.gov.br\" target=\"_blank\" rel=\"noreferrer noopener\">diretoriadeconselhos@jundiai.sp.gov.br<\/a><\/p>\n\n\n\n<p><strong>Vinculados \u00e0 Secretaria Municipal de Assist\u00eancia e Desenvolvimento Social<br><\/strong>Conselho Municipal de Assist\u00eancia Social \u00a0\u2013\u00a0Contato:\u00a0<a href=\"mailto:cmas@jundiai.sp.gov.br\" target=\"_blank\" rel=\"noreferrer noopener\">cmas@jundiai.sp.gov.br<\/a><br>Conselho Municipal dos Direitos da Crian\u00e7a e do Adolescente\u00a0\u2013\u00a0Contato:\u00a0<a href=\"mailto:cmdca@jundiai.sp.gov.br\" target=\"_blank\" rel=\"noreferrer noopener\">cmdca@jundiai.sp.gov.br<\/a><br>Conselho Municipal dos Direitos do Idoso\u00a0\u2013\u00a0Contato:\u00a0<a href=\"mailto:comdipi@jundiai.sp.gov.br\" target=\"_blank\" rel=\"noreferrer noopener\">comdipi@jundiai.sp.gov.br<\/a><br>Contato:\u00a0<a href=\"mailto:diretoriadeconselhos@jundiai.sp.gov.br\" target=\"_blank\" rel=\"noreferrer noopener\">diretoriadeconselhos@jundiai.sp.gov.br<\/a><\/p>\n\n\n\n<p><strong>Vinculado \u00e0 Secretaria Municipal de Agroneg\u00f3cio, Abastecimento e Turismo<br><\/strong>Conselho Municipal de Turismo<br>Conselho Municipal de Desenvolvimento Rural<br>Contato:\u00a0<a href=\"mailto:diretoriadeconselhos@jundiai.sp.gov.br\" target=\"_blank\" rel=\"noreferrer noopener\">diretoriadeconselhos@jundiai.sp.gov.br<\/a><\/p>\n\n\n\n<p><strong>Vinculado \u00e0 Secretaria Municipal de Desenvolvimento Econ\u00f4mico, Ci\u00eancia e Tecnologia<br><\/strong>Conselho Municipal de Ci\u00eancia, Tecnologia e Inova\u00e7\u00e3o de Jundia\u00ed<br>Contato:\u00a0<a href=\"mailto:diretoriadeconselhos@jundiai.sp.gov.br\" target=\"_blank\" rel=\"noreferrer noopener\">diretoriadeconselhos@jundiai.sp.gov.br<\/a><\/p>\n\n\n\n<p><strong>Vinculados \u00e0 Secretaria Municipal de Cultura<br><\/strong>Conselho Municipal de Pol\u00edtica Cultural<br>Conselho Municipal de Patrim\u00f4nio Cultural<\/p>\n\n\n\n<p><strong>Vinculados \u00e0 Secretaria Municipal de Educa\u00e7\u00e3o<br><\/strong>Conselho Municipal de Alimenta\u00e7\u00e3o Escolar<br>Fundeb<br>Conselho Municipal de Educa\u00e7\u00e3o<br>Contato:\u00a0<a href=\"mailto:diretoriadeconselhos@jundiai.sp.gov.br\" target=\"_blank\" rel=\"noreferrer noopener\">diretoriadeconselhos@jundiai.sp.gov.br<\/a><\/p>\n\n\n\n<p><strong>Vinculado \u00e0 Secretaria Municipal de Mobilidade e Transporte<br><\/strong>Conselho Municipal de Mobilidade Urbana e Transporte<br>Contato:\u00a0<a href=\"mailto:diretoriadeconselhos@jundiai.sp.gov.br\" target=\"_blank\" rel=\"noreferrer noopener\">diretoriadeconselhos@jundiai.sp.gov.br<\/a><\/p>\n\n\n\n<p><strong>Vinculado \u00e0 Secretaria Municipal de Planejamento Urbano e Meio Ambiente<br><\/strong>Conselho Gestor da Serra do Japi<br>Conselho Municipal de Defesa do Meio Ambiente\u00a0<br>Conselho Municipal de Pol\u00edtica Territorial<br>Conselho Municipal de Obras e Edifica\u00e7\u00f5es<br>Contato:\u00a0<a href=\"mailto:diretoriadeconselhos@jundiai.sp.gov.br\" target=\"_blank\" rel=\"noreferrer noopener\">diretoriadeconselhos@jundiai.sp.gov.br<\/a><\/p>\n\n\n\n<p><strong>Vinculados \u00e0 Secretaria Municipal de Esporte e Lazer<br><\/strong>Conselho Municipal de Esportes e Lazer<br>Contato:\u00a0<a href=\"mailto:diretoriadeconselhos@jundiai.sp.gov.br\" target=\"_blank\" rel=\"noreferrer noopener\">diretoriadeconselhos@jundiai.sp.gov.br<\/a><\/p>\n\n\n\n<p><strong>Vinculados \u00e0 Secretaria Municipal de Seguran\u00e7a P\u00fablica<br><\/strong>Conselho Municipal de Seguran\u00e7a P\u00fablica<br>Contato:\u00a0<a href=\"mailto:diretoriadeconselhos@jundiai.sp.gov.br\" target=\"_blank\" rel=\"noreferrer noopener\">diretoriadeconselhos@jundiai.sp.gov.br<\/a><br><br><strong>Vinculados \u00e0 Secretaria Municipal de Promo\u00e7\u00e3o da Sa\u00fade<br><\/strong>Conselho Municipal de Sa\u00fade<br>Contato:\u00a0<a href=\"mailto:diretoriadeconselhos@jundiai.sp.gov.br\" target=\"_blank\" rel=\"noreferrer noopener\">diretoriadeconselhos@jundiai.sp.gov.br<\/a><\/p>\n","protected":false},"excerpt":{"rendered":"<p>Vinculados \u00e0 Secretaria Municipal da Casa Civil Conselho Municipal dos Direitos da Pessoa com Defici\u00eanciaConselho Municipal de AntidrogasConselho Municipal dos Direitos da MulherConselho Municipal de Seguran\u00e7a Alimentar e Nutri\u00e7\u00e3oConselho Municipal da JuventudeConselho Municipal de Participa\u00e7\u00e3o e Desenvolvimento da Comunidade NegraConselho Municipal de Rela\u00e7\u00f5es InternacionaisConselho da Cidade de Jundia\u00ed Contato:&nbsp;diretoriadeconselhos@jundiai.sp.gov.br Vinculado\u00a0\u00e0 Secretaria de GovernoConselho Municipal de [&hellip;]<\/p>\n","protected":false},"author":5,"featured_media":0,"parent":0,"menu_order":0,"comment_status":"closed","ping_status":"closed","template":"","meta":{"footnotes":""},"class_list":["post-129","page","type-page","status-publish","hentry"],"_links":{"self":[{"href":"https:\/\/jundiai.sp.gov.br\/casa-civil\/wp-json\/wp\/v2\/pages\/129","targetHints":{"allow":["GET"]}}],"collection":[{"href":"https:\/\/jundiai.sp.gov.br\/casa-civil\/wp-json\/wp\/v2\/pages"}],"about":[{"href":"https:\/\/jundiai.sp.gov.br\/casa-civil\/wp-json\/wp\/v2\/types\/page"}],"author":[{"embeddable":true,"href":"https:\/\/jundiai.sp.gov.br\/casa-civil\/wp-json\/wp\/v2\/users\/5"}],"replies":[{"embeddable":true,"href":"https:\/\/jundiai.sp.gov.br\/casa-civil\/wp-json\/wp\/v2\/comments?post=129"}],"version-history":[{"count":18,"href":"https:\/\/jundiai.sp.gov.br\/casa-civil\/wp-json\/wp\/v2\/pages\/129\/revisions"}],"predecessor-version":[{"id":11956,"href":"https:\/\/jundiai.sp.gov.br\/casa-civil\/wp-json\/wp\/v2\/pages\/129\/revisions\/11956"}],"wp:attachment":[{"href":"https:\/\/jundiai.sp.gov.br\/casa-civil\/wp-json\/wp\/v2\/media?parent=129"}],"curies":[{"name":"wp","href":"https:\/\/api.w.org\/{rel}","templated":true}]}}