{"id":257,"date":"2017-03-20T11:43:29","date_gmt":"2017-03-20T14:43:29","guid":{"rendered":"https:\/\/jundiai.sp.gov.br\/casa-civil\/?page_id=257"},"modified":"2025-10-08T11:34:18","modified_gmt":"2025-10-08T14:34:18","slug":"nucleo-de-planejamento-gestao-e-financas","status":"publish","type":"page","link":"https:\/\/jundiai.sp.gov.br\/casa-civil\/nucleo-de-planejamento-gestao-e-financas\/","title":{"rendered":"Departamento de Planejamento, Gest\u00e3o e Finan\u00e7as"},"content":{"rendered":"\n<p>O Departamento de Planejamento, Gest\u00e3o e Finan\u00e7as tem como objetivo promover a gest\u00e3o, coordena\u00e7\u00e3o e supervis\u00e3o das a\u00e7\u00f5es p\u00fablicas relacionadas \u00e0 sua \u00e1rea de atua\u00e7\u00e3o, propondo solu\u00e7\u00f5es ao atendimento das diretrizes de governo, prestando ao Secret\u00e1rio Municipal assist\u00eancia e assessoramento, coordenando a\u00e7\u00f5es de natureza administrativa, or\u00e7ament\u00e1ria e de gest\u00e3o da informa\u00e7\u00e3o.<\/p>\n\n\n\n<p>Diretor: Samuel Ferraz Duarte<br>Pa\u00e7o Municipal \u2013 7\u00ba andar \u2013 Ala Sul<br>Telefone: (11) 4589-8606<br><a href=\"https:\/\/jundiai.sp.gov.br\/casa-civil\/nucleo-de-planejamento-gestao-e-financas\/sfduarte@jundiai.sp.gov.br\" target=\"_blank\" rel=\"noreferrer noopener\">sfduarte@jundiai.sp.gov.br<\/a><\/p>\n\n\n\n<p><\/p>\n","protected":false},"excerpt":{"rendered":"<p>O Departamento de Planejamento, Gest\u00e3o e Finan\u00e7as tem como objetivo promover a gest\u00e3o, coordena\u00e7\u00e3o e supervis\u00e3o das a\u00e7\u00f5es p\u00fablicas relacionadas \u00e0 sua \u00e1rea de atua\u00e7\u00e3o, propondo solu\u00e7\u00f5es ao atendimento das diretrizes de governo, prestando ao Secret\u00e1rio Municipal assist\u00eancia e assessoramento, coordenando a\u00e7\u00f5es de natureza administrativa, or\u00e7ament\u00e1ria e de gest\u00e3o da informa\u00e7\u00e3o. Diretor: Samuel Ferraz DuartePa\u00e7o [&hellip;]<\/p>\n","protected":false},"author":14,"featured_media":0,"parent":0,"menu_order":0,"comment_status":"closed","ping_status":"closed","template":"","meta":{"footnotes":""},"class_list":["post-257","page","type-page","status-publish","hentry"],"_links":{"self":[{"href":"https:\/\/jundiai.sp.gov.br\/casa-civil\/wp-json\/wp\/v2\/pages\/257","targetHints":{"allow":["GET"]}}],"collection":[{"href":"https:\/\/jundiai.sp.gov.br\/casa-civil\/wp-json\/wp\/v2\/pages"}],"about":[{"href":"https:\/\/jundiai.sp.gov.br\/casa-civil\/wp-json\/wp\/v2\/types\/page"}],"author":[{"embeddable":true,"href":"https:\/\/jundiai.sp.gov.br\/casa-civil\/wp-json\/wp\/v2\/users\/14"}],"replies":[{"embeddable":true,"href":"https:\/\/jundiai.sp.gov.br\/casa-civil\/wp-json\/wp\/v2\/comments?post=257"}],"version-history":[{"count":11,"href":"https:\/\/jundiai.sp.gov.br\/casa-civil\/wp-json\/wp\/v2\/pages\/257\/revisions"}],"predecessor-version":[{"id":11940,"href":"https:\/\/jundiai.sp.gov.br\/casa-civil\/wp-json\/wp\/v2\/pages\/257\/revisions\/11940"}],"wp:attachment":[{"href":"https:\/\/jundiai.sp.gov.br\/casa-civil\/wp-json\/wp\/v2\/media?parent=257"}],"curies":[{"name":"wp","href":"https:\/\/api.w.org\/{rel}","templated":true}]}}