{"id":318,"date":"2017-03-30T18:10:17","date_gmt":"2017-03-30T21:10:17","guid":{"rendered":"https:\/\/jundiai.sp.gov.br\/casa-civil\/?page_id=318"},"modified":"2025-05-23T17:37:48","modified_gmt":"2025-05-23T20:37:48","slug":"prefeito","status":"publish","type":"page","link":"https:\/\/jundiai.sp.gov.br\/casa-civil\/prefeito\/","title":{"rendered":"Prefeito"},"content":{"rendered":"\n<div class=\"wp-block-columns is-layout-flex wp-container-core-columns-is-layout-9d6595d7 wp-block-columns-is-layout-flex\">\n<div class=\"wp-block-column is-layout-flow wp-block-column-is-layout-flow\">\n<figure class=\"wp-block-image size-large\"><a href=\"https:\/\/jundiai.sp.gov.br\/casa-civil\/wp-content\/uploads\/sites\/6\/2025\/05\/visc_reuniao_prefeito_palacio_bandeirantes-80-1.jpg\"><img loading=\"lazy\" decoding=\"async\" width=\"761\" height=\"960\" src=\"https:\/\/jundiai.sp.gov.br\/casa-civil\/wp-content\/uploads\/sites\/6\/2025\/05\/visc_reuniao_prefeito_palacio_bandeirantes-80-1-761x960.jpg\" alt=\"\" class=\"wp-image-11439\" srcset=\"https:\/\/jundiai.sp.gov.br\/casa-civil\/wp-content\/uploads\/sites\/6\/2025\/05\/visc_reuniao_prefeito_palacio_bandeirantes-80-1-761x960.jpg 761w, https:\/\/jundiai.sp.gov.br\/casa-civil\/wp-content\/uploads\/sites\/6\/2025\/05\/visc_reuniao_prefeito_palacio_bandeirantes-80-1-300x378.jpg 300w, https:\/\/jundiai.sp.gov.br\/casa-civil\/wp-content\/uploads\/sites\/6\/2025\/05\/visc_reuniao_prefeito_palacio_bandeirantes-80-1-768x968.jpg 768w, https:\/\/jundiai.sp.gov.br\/casa-civil\/wp-content\/uploads\/sites\/6\/2025\/05\/visc_reuniao_prefeito_palacio_bandeirantes-80-1-1218x1536.jpg 1218w, https:\/\/jundiai.sp.gov.br\/casa-civil\/wp-content\/uploads\/sites\/6\/2025\/05\/visc_reuniao_prefeito_palacio_bandeirantes-80-1-1624x2048.jpg 1624w, https:\/\/jundiai.sp.gov.br\/casa-civil\/wp-content\/uploads\/sites\/6\/2025\/05\/visc_reuniao_prefeito_palacio_bandeirantes-80-1.jpg 1900w\" sizes=\"auto, (max-width: 761px) 100vw, 761px\" \/><\/a><\/figure>\n<\/div>\n\n\n\n<div class=\"wp-block-column is-layout-flow wp-block-column-is-layout-flow\">\n<h2 class=\"wp-block-heading\"><strong>Gustavo Martinelli<\/strong><\/h2>\n\n\n\n<p>Nascido em 1985, em Jundia\u00ed, S\u00e3o Paulo, Gustavo Martinelli iniciou sua trajet\u00f3ria de lideran\u00e7a ainda jovem, como presidente de gr\u00eamios estudantis e l\u00edder comunit\u00e1rio. Formado na \u00e1rea ambiental, foi vereador por tr\u00eas mandatos consecutivos (2009\u20132020), destacando-se por projetos de inclus\u00e3o, sustentabilidade e aproxima\u00e7\u00e3o entre popula\u00e7\u00e3o e poder p\u00fablico.<\/p>\n\n\n\n<p>Em 2020, foi eleito vice-prefeito, atuando em \u00e1reas estrat\u00e9gicas como sa\u00fade, educa\u00e7\u00e3o e infraestrutura. Em 2024, com ampla aprova\u00e7\u00e3o popular, tornou-se prefeito de Jundia\u00ed, assumindo o compromisso de liderar uma gest\u00e3o inovadora e focada na qualidade de vida dos jundiaienses.<\/p>\n\n\n\n<p>Casado com Ellen Camila e pai de Arthur e Manuela, Gustavo alia sua dedica\u00e7\u00e3o \u00e0 fam\u00edlia com sua miss\u00e3o de transformar Jundia\u00ed em um exemplo de desenvolvimento sustent\u00e1vel e humano.<\/p>\n<\/div>\n<\/div>\n\n\n\n<p><\/p>\n","protected":false},"excerpt":{"rendered":"<p>Gustavo Martinelli Nascido em 1985, em Jundia\u00ed, S\u00e3o Paulo, Gustavo Martinelli iniciou sua trajet\u00f3ria de lideran\u00e7a ainda jovem, como presidente de gr\u00eamios estudantis e l\u00edder comunit\u00e1rio. Formado na \u00e1rea ambiental, foi vereador por tr\u00eas mandatos consecutivos (2009\u20132020), destacando-se por projetos de inclus\u00e3o, sustentabilidade e aproxima\u00e7\u00e3o entre popula\u00e7\u00e3o e poder p\u00fablico. Em 2020, foi eleito vice-prefeito, [&hellip;]<\/p>\n","protected":false},"author":8,"featured_media":0,"parent":0,"menu_order":0,"comment_status":"closed","ping_status":"closed","template":"","meta":{"footnotes":""},"class_list":["post-318","page","type-page","status-publish","hentry"],"_links":{"self":[{"href":"https:\/\/jundiai.sp.gov.br\/casa-civil\/wp-json\/wp\/v2\/pages\/318","targetHints":{"allow":["GET"]}}],"collection":[{"href":"https:\/\/jundiai.sp.gov.br\/casa-civil\/wp-json\/wp\/v2\/pages"}],"about":[{"href":"https:\/\/jundiai.sp.gov.br\/casa-civil\/wp-json\/wp\/v2\/types\/page"}],"author":[{"embeddable":true,"href":"https:\/\/jundiai.sp.gov.br\/casa-civil\/wp-json\/wp\/v2\/users\/8"}],"replies":[{"embeddable":true,"href":"https:\/\/jundiai.sp.gov.br\/casa-civil\/wp-json\/wp\/v2\/comments?post=318"}],"version-history":[{"count":19,"href":"https:\/\/jundiai.sp.gov.br\/casa-civil\/wp-json\/wp\/v2\/pages\/318\/revisions"}],"predecessor-version":[{"id":11440,"href":"https:\/\/jundiai.sp.gov.br\/casa-civil\/wp-json\/wp\/v2\/pages\/318\/revisions\/11440"}],"wp:attachment":[{"href":"https:\/\/jundiai.sp.gov.br\/casa-civil\/wp-json\/wp\/v2\/media?parent=318"}],"curies":[{"name":"wp","href":"https:\/\/api.w.org\/{rel}","templated":true}]}}