{"id":320,"date":"2021-01-05T11:09:00","date_gmt":"2021-01-05T14:09:00","guid":{"rendered":"https:\/\/jundiai.sp.gov.br\/casa-civil\/?page_id=320"},"modified":"2025-09-04T09:52:43","modified_gmt":"2025-09-04T12:52:43","slug":"vice-prefeito","status":"publish","type":"page","link":"https:\/\/jundiai.sp.gov.br\/casa-civil\/vice-prefeito\/","title":{"rendered":"Vice-Prefeito"},"content":{"rendered":"\n<div class=\"wp-block-columns is-layout-flex wp-container-core-columns-is-layout-9d6595d7 wp-block-columns-is-layout-flex\">\n<div class=\"wp-block-column is-layout-flow wp-block-column-is-layout-flow\">\n<figure class=\"wp-block-image\"><img decoding=\"async\" src=\"https:\/\/lh7-rt.googleusercontent.com\/docsz\/AD_4nXdNsnpqjYYXjy87ghs82fa04d6rbbXmQUPV3y72gFDJs48lu6aeYuo_a7U_ZuTcKY8xSuHPVcJ1gEp09RnCqfDqdvJ9jgU-7IR5yMkDBmtOnlLgORKRERo_LCOV8R_veL-nf9w2cg?key=Zw_oW_FGb6ujTXisQP4v7dsI\" alt=\"\"\/><\/figure>\n<\/div>\n\n\n\n<div class=\"wp-block-column is-layout-flow wp-block-column-is-layout-flow\">\n<h2 class=\"wp-block-heading\">Ricardo Benassi<\/h2>\n\n\n\n<p>Ricardo Benassi \u00e9 o atual vice-prefeito de Jundia\u00ed. Aos 47 anos, Benassi \u00e9 engenheiro civil formado pela Universidade S\u00e3o Francisco (USF) e especialista em Gest\u00e3o Ambiental pela Universidade Federal de S\u00e3o Carlos (UFSCar).<\/p>\n\n\n\n<p>Com uma vis\u00e3o t\u00e9cnica e estrat\u00e9gica, Ricardo trabalha para alinhar a administra\u00e7\u00e3o p\u00fablica e garantir que as metas estabelecidas sejam alcan\u00e7adas com efici\u00eancia e transpar\u00eancia. Casado com Ana Paula Benassi e pai de Ana Cl\u00e1udia e Andr\u00e9, ele reafirma seu compromisso de contribuir para o desenvolvimento sustent\u00e1vel e a qualidade de vida em Jundia\u00ed.<\/p>\n<\/div>\n<\/div>\n","protected":false},"excerpt":{"rendered":"<p>Ricardo Benassi Ricardo Benassi \u00e9 o atual vice-prefeito de Jundia\u00ed. Aos 47 anos, Benassi \u00e9 engenheiro civil formado pela Universidade S\u00e3o Francisco (USF) e especialista em Gest\u00e3o Ambiental pela Universidade Federal de S\u00e3o Carlos (UFSCar). Com uma vis\u00e3o t\u00e9cnica e estrat\u00e9gica, Ricardo trabalha para alinhar a administra\u00e7\u00e3o p\u00fablica e garantir que as metas estabelecidas sejam [&hellip;]<\/p>\n","protected":false},"author":8,"featured_media":0,"parent":0,"menu_order":0,"comment_status":"closed","ping_status":"closed","template":"","meta":{"footnotes":""},"class_list":["post-320","page","type-page","status-publish","hentry"],"_links":{"self":[{"href":"https:\/\/jundiai.sp.gov.br\/casa-civil\/wp-json\/wp\/v2\/pages\/320","targetHints":{"allow":["GET"]}}],"collection":[{"href":"https:\/\/jundiai.sp.gov.br\/casa-civil\/wp-json\/wp\/v2\/pages"}],"about":[{"href":"https:\/\/jundiai.sp.gov.br\/casa-civil\/wp-json\/wp\/v2\/types\/page"}],"author":[{"embeddable":true,"href":"https:\/\/jundiai.sp.gov.br\/casa-civil\/wp-json\/wp\/v2\/users\/8"}],"replies":[{"embeddable":true,"href":"https:\/\/jundiai.sp.gov.br\/casa-civil\/wp-json\/wp\/v2\/comments?post=320"}],"version-history":[{"count":17,"href":"https:\/\/jundiai.sp.gov.br\/casa-civil\/wp-json\/wp\/v2\/pages\/320\/revisions"}],"predecessor-version":[{"id":11823,"href":"https:\/\/jundiai.sp.gov.br\/casa-civil\/wp-json\/wp\/v2\/pages\/320\/revisions\/11823"}],"wp:attachment":[{"href":"https:\/\/jundiai.sp.gov.br\/casa-civil\/wp-json\/wp\/v2\/media?parent=320"}],"curies":[{"name":"wp","href":"https:\/\/api.w.org\/{rel}","templated":true}]}}