{"id":3252,"date":"2021-10-18T18:03:25","date_gmt":"2021-10-18T21:03:25","guid":{"rendered":"https:\/\/jundiai.sp.gov.br\/casa-civil\/?page_id=3252"},"modified":"2025-10-15T10:43:58","modified_gmt":"2025-10-15T13:43:58","slug":"departamento-de-apoio-aos-conselhos-e-entidades","status":"publish","type":"page","link":"https:\/\/jundiai.sp.gov.br\/casa-civil\/departamento-de-apoio-aos-conselhos-e-entidades\/","title":{"rendered":"Departamento de Apoio aos Conselhos e Entidades"},"content":{"rendered":"\n<h2 class=\"wp-block-heading\">Conselhos Municipais<\/h2>\n\n\n\n<p>O Departamento de Apoio aos Conselhos e Entidades tem a finalidade de planejar, monitorar e avaliar a execu\u00e7\u00e3o dos programas, a\u00e7\u00f5es, servi\u00e7os e metas dos Conselhos objetivando ao atendimento de pol\u00edticas p\u00fablicas.<\/p>\n\n\n\n<p>Os Conselhos atuam como uma organiza\u00e7\u00e3o capaz de estreitar a rela\u00e7\u00e3o entre o Poder P\u00fablico e a Sociedade Civil.<\/p>\n\n\n\n<p>S\u00e3o realizadas reuni\u00f5es peri\u00f3dicas com o objetivo de avaliar e apresentar novas diretrizes e solu\u00e7\u00f5es para os problemas sociais em benef\u00edcio da popula\u00e7\u00e3o.<\/p>\n\n\n\n<p>O n\u00famero de conselheiros Titulares ou Suplentes varia de acordo com o tipo de Conselho e sua composi\u00e7\u00e3o pode ou n\u00e3o ser parit\u00e1ria, definida atrav\u00e9s de Lei ou Decreto.<\/p>\n\n\n\n<p>A situa\u00e7\u00e3o atual<\/p>\n\n\n\n<ul class=\"wp-block-list\">\n<li>Jundia\u00ed possui 32 conselhos municipais, totalizando 1270 conselheiros.<\/li>\n<\/ul>\n\n\n\n<h2 class=\"wp-block-heading\">Conselhos Municipais<\/h2>\n\n\n\n<ol class=\"wp-block-list\">\n<li>Conselho da Cidade de Jundia\u00ed<\/li>\n\n\n\n<li>Conselho Gestor da Serra do Japi<\/li>\n\n\n\n<li>Conselho Municipal da Juventude<\/li>\n\n\n\n<li>Conselho Municipal de Alimenta\u00e7\u00e3o Escolar<\/li>\n\n\n\n<li>Conselho Municipal de Assist\u00eancia Social &nbsp;<\/li>\n\n\n\n<li>Conselho Municipal de Ci\u00eancia, Tecnologia e Inova\u00e7\u00e3o de Jundia\u00ed<\/li>\n\n\n\n<li>Conselho Municipal de Defesa do Meio Ambiente<\/li>\n\n\n\n<li>Conselho Municipal de Defesa e Bem-Estar Animal<\/li>\n\n\n\n<li>Conselho Municipal de Desenvolvimento Rural<\/li>\n\n\n\n<li>Conselho Municipal de Educa\u00e7\u00e3o<\/li>\n\n\n\n<li>Conselho Municipal de Esportes e Lazer<\/li>\n\n\n\n<li>Conselho Municipal de Habita\u00e7\u00e3o<\/li>\n\n\n\n<li>Conselho Municipal de Mobilidade Urbana e Transporte<\/li>\n\n\n\n<li>Conselho Municipal de Obras e Edifica\u00e7\u00f5es<\/li>\n\n\n\n<li>Conselho Municipal de Participa\u00e7\u00e3o e Desenvolvimento da Comunidade Negra<\/li>\n\n\n\n<li>Conselho Municipal de Patrim\u00f4nio Cultural<\/li>\n\n\n\n<li>Conselho Municipal de Pol\u00edtica Cultural<\/li>\n\n\n\n<li>Conselho Municipal de Pol\u00edtica Territorial<\/li>\n\n\n\n<li>Conselho Municipal de Pol\u00edticas sobre Drogas<\/li>\n\n\n\n<li>Conselho Municipal de Rela\u00e7\u00f5es Internacionais<\/li>\n\n\n\n<li>Conselho Municipal de Sa\u00fade<\/li>\n\n\n\n<li>Conselho Municipal de Seguran\u00e7a Alimentar e Nutri\u00e7\u00e3o<\/li>\n\n\n\n<li>Conselho Municipal de Seguran\u00e7a P\u00fablica e Cidadania<\/li>\n\n\n\n<li>Conselho Municipal de Transpar\u00eancia P\u00fablica e Participa\u00e7\u00e3o Social<\/li>\n\n\n\n<li>Conselho Municipal de Turismo<\/li>\n\n\n\n<li>Conselho Municipal do Trabalho, Emprego e Renda<\/li>\n\n\n\n<li>Conselho Municipal dos Direitos da Crian\u00e7a e do Adolescente&nbsp;<\/li>\n\n\n\n<li>Conselho Municipal dos Direitos da Mulher<\/li>\n\n\n\n<li>Conselho Municipal dos Direitos da Pessoa com Defici\u00eancia<\/li>\n\n\n\n<li>Conselho Municipal dos Direitos da Pessoa Idosa&nbsp;<\/li>\n\n\n\n<li>FUNDEB<\/li>\n\n\n\n<li>FUNSS<\/li>\n<\/ol>\n\n\n\n<p><strong>Departamento de Apoio aos Conselhos e Entidades<br><\/strong>Diretora: Flavia Gon\u00e7alves Pessoa de Macedo<br>Pa\u00e7o Municipal \u2013 8\u00ba andar \u2013 Ala Norte<br>Telefone: (11) 4589-8751<br><a href=\"mailto:diretoriadeconselhos@jundiai.sp.gov.br\" target=\"_blank\" rel=\"noreferrer noopener\">diretoriadeconselhos@jundiai.sp.gov.br<\/a><\/p>\n","protected":false},"excerpt":{"rendered":"<p>Conselhos Municipais O Departamento de Apoio aos Conselhos e Entidades tem a finalidade de planejar, monitorar e avaliar a execu\u00e7\u00e3o dos programas, a\u00e7\u00f5es, servi\u00e7os e metas dos Conselhos objetivando ao atendimento de pol\u00edticas p\u00fablicas. Os Conselhos atuam como uma organiza\u00e7\u00e3o capaz de estreitar a rela\u00e7\u00e3o entre o Poder P\u00fablico e a Sociedade Civil. S\u00e3o realizadas [&hellip;]<\/p>\n","protected":false},"author":69,"featured_media":0,"parent":0,"menu_order":0,"comment_status":"closed","ping_status":"closed","template":"","meta":{"footnotes":""},"class_list":["post-3252","page","type-page","status-publish","hentry"],"_links":{"self":[{"href":"https:\/\/jundiai.sp.gov.br\/casa-civil\/wp-json\/wp\/v2\/pages\/3252","targetHints":{"allow":["GET"]}}],"collection":[{"href":"https:\/\/jundiai.sp.gov.br\/casa-civil\/wp-json\/wp\/v2\/pages"}],"about":[{"href":"https:\/\/jundiai.sp.gov.br\/casa-civil\/wp-json\/wp\/v2\/types\/page"}],"author":[{"embeddable":true,"href":"https:\/\/jundiai.sp.gov.br\/casa-civil\/wp-json\/wp\/v2\/users\/69"}],"replies":[{"embeddable":true,"href":"https:\/\/jundiai.sp.gov.br\/casa-civil\/wp-json\/wp\/v2\/comments?post=3252"}],"version-history":[{"count":4,"href":"https:\/\/jundiai.sp.gov.br\/casa-civil\/wp-json\/wp\/v2\/pages\/3252\/revisions"}],"predecessor-version":[{"id":11951,"href":"https:\/\/jundiai.sp.gov.br\/casa-civil\/wp-json\/wp\/v2\/pages\/3252\/revisions\/11951"}],"wp:attachment":[{"href":"https:\/\/jundiai.sp.gov.br\/casa-civil\/wp-json\/wp\/v2\/media?parent=3252"}],"curies":[{"name":"wp","href":"https:\/\/api.w.org\/{rel}","templated":true}]}}