{"id":375,"date":"2017-04-06T16:53:05","date_gmt":"2017-04-06T19:53:05","guid":{"rendered":"https:\/\/jundiai.sp.gov.br\/casa-civil\/?page_id=375"},"modified":"2025-05-28T11:48:10","modified_gmt":"2025-05-28T14:48:10","slug":"gabinete-de-gestao-integrada-municipal-ggim","status":"publish","type":"page","link":"https:\/\/jundiai.sp.gov.br\/casa-civil\/gabinete-de-gestao-integrada-municipal-ggim\/","title":{"rendered":"Gabinete de Gest\u00e3o Integrada Municipal (GGIM)"},"content":{"rendered":"\n<p>O Gabinete de Gest\u00e3o Integrada Municipal (GGIM) \u00e9 um espa\u00e7o de interlocu\u00e7\u00e3o permanente entre o Poder Executivo e as institui\u00e7\u00f5es do sistema de Justi\u00e7a Criminal e de promo\u00e7\u00e3o da Seguran\u00e7a P\u00fablica na cidade e em toda regi\u00e3o, visando \u00e0 redu\u00e7\u00e3o da viol\u00eancia.<\/p>\n\n\n\n<p><strong>Gabinete de Gest\u00e3o Integrada Municipal (GGIM)<\/strong><br>Assessor Especial para Assuntos de Seguran\u00e7a P\u00fablica<strong>\u00a0<\/strong><br>Pa\u00e7o Municipal \u2013 8\u00ba andar \u2013 Ala Norte<br>Telefone: (11) 4589-8880<br><a href=\"mailto:pgiacomelli@jundiai.sp.gov.br\">adceolin@jundiai.sp.gov.br<\/a><\/p>\n\n\n\n<p><\/p>\n","protected":false},"excerpt":{"rendered":"<p>O Gabinete de Gest\u00e3o Integrada Municipal (GGIM) \u00e9 um espa\u00e7o de interlocu\u00e7\u00e3o permanente entre o Poder Executivo e as institui\u00e7\u00f5es do sistema de Justi\u00e7a Criminal e de promo\u00e7\u00e3o da Seguran\u00e7a P\u00fablica na cidade e em toda regi\u00e3o, visando \u00e0 redu\u00e7\u00e3o da viol\u00eancia. Gabinete de Gest\u00e3o Integrada Municipal (GGIM)Assessor Especial para Assuntos de Seguran\u00e7a P\u00fablica\u00a0Pa\u00e7o Municipal [&hellip;]<\/p>\n","protected":false},"author":14,"featured_media":0,"parent":0,"menu_order":0,"comment_status":"closed","ping_status":"closed","template":"","meta":{"footnotes":""},"class_list":["post-375","page","type-page","status-publish","hentry"],"_links":{"self":[{"href":"https:\/\/jundiai.sp.gov.br\/casa-civil\/wp-json\/wp\/v2\/pages\/375","targetHints":{"allow":["GET"]}}],"collection":[{"href":"https:\/\/jundiai.sp.gov.br\/casa-civil\/wp-json\/wp\/v2\/pages"}],"about":[{"href":"https:\/\/jundiai.sp.gov.br\/casa-civil\/wp-json\/wp\/v2\/types\/page"}],"author":[{"embeddable":true,"href":"https:\/\/jundiai.sp.gov.br\/casa-civil\/wp-json\/wp\/v2\/users\/14"}],"replies":[{"embeddable":true,"href":"https:\/\/jundiai.sp.gov.br\/casa-civil\/wp-json\/wp\/v2\/comments?post=375"}],"version-history":[{"count":10,"href":"https:\/\/jundiai.sp.gov.br\/casa-civil\/wp-json\/wp\/v2\/pages\/375\/revisions"}],"predecessor-version":[{"id":11451,"href":"https:\/\/jundiai.sp.gov.br\/casa-civil\/wp-json\/wp\/v2\/pages\/375\/revisions\/11451"}],"wp:attachment":[{"href":"https:\/\/jundiai.sp.gov.br\/casa-civil\/wp-json\/wp\/v2\/media?parent=375"}],"curies":[{"name":"wp","href":"https:\/\/api.w.org\/{rel}","templated":true}]}}