{"id":550,"date":"2019-09-24T17:45:13","date_gmt":"2019-09-24T20:45:13","guid":{"rendered":"https:\/\/jundiai.sp.gov.br\/casa-civil\/?page_id=550"},"modified":"2025-02-19T11:12:57","modified_gmt":"2025-02-19T14:12:57","slug":"departamento-de-apoio-parlamentar","status":"publish","type":"page","link":"https:\/\/jundiai.sp.gov.br\/casa-civil\/departamento-de-apoio-parlamentar\/","title":{"rendered":"Departamento de Apoio Parlamentar"},"content":{"rendered":"<p>O Departamento de Apoio Parlamentar exerce a dire\u00e7\u00e3o geral e supervis\u00e3o dos programas e a\u00e7\u00f5es dos \u00f3rg\u00e3os vinculados ao Departamento, de acordo com a pol\u00edtica de governo. Desempenha rigoroso controle dos prazos relativos a pedidos de informa\u00e7\u00e3o de parlamentares, \u00e0 san\u00e7\u00e3o ou veto do Prefeito, projeto de lei e convoca\u00e7\u00e3o de<br \/>\nautoridades do Executivo pela C\u00e2mara Municipal.<\/p>\n<p>Diretor: <b>Luis Gustavo Losqui<br \/>\n<\/b>Pa\u00e7o Municipal \u2013 8\u00ba andar \u2013 Ala Norte<\/p>\n","protected":false},"excerpt":{"rendered":"<p>O Departamento de Apoio Parlamentar exerce a dire\u00e7\u00e3o geral e supervis\u00e3o dos programas e a\u00e7\u00f5es dos \u00f3rg\u00e3os vinculados ao Departamento, de acordo com a pol\u00edtica de governo. Desempenha rigoroso controle dos prazos relativos a pedidos de informa\u00e7\u00e3o de parlamentares, \u00e0 san\u00e7\u00e3o ou veto do Prefeito, projeto de lei e convoca\u00e7\u00e3o de autoridades do Executivo pela [&hellip;]<\/p>\n","protected":false},"author":50,"featured_media":0,"parent":0,"menu_order":0,"comment_status":"closed","ping_status":"closed","template":"","meta":{"footnotes":""},"class_list":["post-550","page","type-page","status-publish","hentry"],"_links":{"self":[{"href":"https:\/\/jundiai.sp.gov.br\/casa-civil\/wp-json\/wp\/v2\/pages\/550","targetHints":{"allow":["GET"]}}],"collection":[{"href":"https:\/\/jundiai.sp.gov.br\/casa-civil\/wp-json\/wp\/v2\/pages"}],"about":[{"href":"https:\/\/jundiai.sp.gov.br\/casa-civil\/wp-json\/wp\/v2\/types\/page"}],"author":[{"embeddable":true,"href":"https:\/\/jundiai.sp.gov.br\/casa-civil\/wp-json\/wp\/v2\/users\/50"}],"replies":[{"embeddable":true,"href":"https:\/\/jundiai.sp.gov.br\/casa-civil\/wp-json\/wp\/v2\/comments?post=550"}],"version-history":[{"count":4,"href":"https:\/\/jundiai.sp.gov.br\/casa-civil\/wp-json\/wp\/v2\/pages\/550\/revisions"}],"predecessor-version":[{"id":10776,"href":"https:\/\/jundiai.sp.gov.br\/casa-civil\/wp-json\/wp\/v2\/pages\/550\/revisions\/10776"}],"wp:attachment":[{"href":"https:\/\/jundiai.sp.gov.br\/casa-civil\/wp-json\/wp\/v2\/media?parent=550"}],"curies":[{"name":"wp","href":"https:\/\/api.w.org\/{rel}","templated":true}]}}

<p>O Departamento de Apoio Parlamentar exerce a direção geral e supervisão dos programas e ações dos órgãos vinculados ao Departamento, de acordo com a política de governo. Desempenha rigoroso controle dos prazos relativos a pedidos de informação de parlamentares, à sanção ou veto do Prefeito, projeto de lei e convocação de<br />
autoridades do Executivo pela Câmara Municipal.</p>
<p>Diretor: <b>Luis Gustavo Losqui<br />
</b>Paço Municipal – 8º andar – Ala Norte</p>

<p>O Departamento de Apoio Parlamentar exerce a direção geral e supervisão dos programas e ações dos órgãos vinculados ao Departamento, de acordo com a política de governo. Desempenha rigoroso controle dos prazos relativos a pedidos de informação de parlamentares, à sanção ou veto do Prefeito, projeto de lei e convocação de autoridades do Executivo pela [&hellip;]</p>
