{"id":73,"date":"2014-08-18T17:15:05","date_gmt":"2014-08-18T20:15:05","guid":{"rendered":"https:\/\/jundiai.sp.gov.br\/casa-civil\/?page_id=73"},"modified":"2023-10-03T15:49:37","modified_gmt":"2023-10-03T18:49:37","slug":"fundo-social-de-solidariedade","status":"publish","type":"page","link":"https:\/\/jundiai.sp.gov.br\/casa-civil\/orgaos-vinculados\/fundo-social-de-solidariedade\/","title":{"rendered":"Fundo Social de Solidariedade"},"content":{"rendered":"<p>Jundia\u00ed \u00e9 considerada cidade modelo para todo o Brasil. Seus cerca de 401 mil habitantes contam com \u00e1gua e esgoto tratados, um eficiente sistema de ensino p\u00fablico e um dos \u00edndices mais baixos de pobreza. Isso \u00e9 resultado do trabalho de uma popula\u00e7\u00e3o solid\u00e1ria somado aos grandes investimentos feitos em projetos sociais.<\/p>\n<p>A cidade investe maci\u00e7amente em programas sociais; desenvolve in\u00fameros programas participativos voltados \u00e0 popula\u00e7\u00e3o e, neste cen\u00e1rio, desponta o trabalho realizado pelo <a href=\"https:\/\/www.facebook.com\/fundosocialsolidariedadedejundiai\/\" target=\"_blank\" rel=\"noopener\">Fundo Social de Solidariedade (Funss)<\/a> que desenvolve programas e atividades que valorizam o ser humano e estimulam a busca por uma vida com mais qualidade e alegria. O trabalho \u00e9 intenso e seus frutos brotam por toda a cidade.<\/p>\n<p>Presidido pela primeira dama, Vanessa Machado, o Fundo Social de Solidariedade tem como objetivo mobilizar a comunidade para atender as necessidades da popula\u00e7\u00e3o. Conhe\u00e7a melhor, a partir de agora, os cursos oferecidos, os programas desenvolvidos e as campanhas realizadas pelo Fundo Social.<\/p>\n<h2>Contato<\/h2>\n<p>O Fundo Social de Solidariedade fica na Avenida Manoela Lacerda de Vergueiro, s\/n, Port\u00e3o 3, anexo ao Parque da Uva \u2013 Anhangaba\u00fa<br \/>\nTelefone: (11) 4589-6319 \/ 6320<br \/>\n<a href=\"https:\/\/www.facebook.com\/fundosocialsolidariedadedejundiai\/\" target=\"_blank\" rel=\"noopener\">P\u00e1gina oficial no Facebook<\/a><\/p>\n","protected":false},"excerpt":{"rendered":"<p>Jundia\u00ed \u00e9 considerada cidade modelo para todo o Brasil. Seus cerca de 401 mil habitantes contam com \u00e1gua e esgoto tratados, um eficiente sistema de ensino p\u00fablico e um dos \u00edndices mais baixos de pobreza. Isso \u00e9 resultado do trabalho de uma popula\u00e7\u00e3o solid\u00e1ria somado aos grandes investimentos feitos em projetos sociais. A cidade investe [&hellip;]<\/p>\n","protected":false},"author":5,"featured_media":0,"parent":65,"menu_order":0,"comment_status":"closed","ping_status":"closed","template":"","meta":{"footnotes":""},"class_list":["post-73","page","type-page","status-publish","hentry"],"_links":{"self":[{"href":"https:\/\/jundiai.sp.gov.br\/casa-civil\/wp-json\/wp\/v2\/pages\/73","targetHints":{"allow":["GET"]}}],"collection":[{"href":"https:\/\/jundiai.sp.gov.br\/casa-civil\/wp-json\/wp\/v2\/pages"}],"about":[{"href":"https:\/\/jundiai.sp.gov.br\/casa-civil\/wp-json\/wp\/v2\/types\/page"}],"author":[{"embeddable":true,"href":"https:\/\/jundiai.sp.gov.br\/casa-civil\/wp-json\/wp\/v2\/users\/5"}],"replies":[{"embeddable":true,"href":"https:\/\/jundiai.sp.gov.br\/casa-civil\/wp-json\/wp\/v2\/comments?post=73"}],"version-history":[{"count":6,"href":"https:\/\/jundiai.sp.gov.br\/casa-civil\/wp-json\/wp\/v2\/pages\/73\/revisions"}],"predecessor-version":[{"id":7402,"href":"https:\/\/jundiai.sp.gov.br\/casa-civil\/wp-json\/wp\/v2\/pages\/73\/revisions\/7402"}],"up":[{"embeddable":true,"href":"https:\/\/jundiai.sp.gov.br\/casa-civil\/wp-json\/wp\/v2\/pages\/65"}],"wp:attachment":[{"href":"https:\/\/jundiai.sp.gov.br\/casa-civil\/wp-json\/wp\/v2\/media?parent=73"}],"curies":[{"name":"wp","href":"https:\/\/api.w.org\/{rel}","templated":true}]}}