{"id":8253,"date":"2024-03-06T10:14:26","date_gmt":"2024-03-06T13:14:26","guid":{"rendered":"https:\/\/jundiai.sp.gov.br\/casa-civil\/?page_id=8253"},"modified":"2024-12-19T11:46:42","modified_gmt":"2024-12-19T14:46:42","slug":"novembro","status":"publish","type":"page","link":"https:\/\/jundiai.sp.gov.br\/casa-civil\/decretos-municipais\/2024-2\/novembro\/","title":{"rendered":"Novembro"},"content":{"rendered":"\n<div class=\"wp-block-columns is-layout-flex wp-container-core-columns-is-layout-9d6595d7 wp-block-columns-is-layout-flex\">\n<div class=\"wp-block-column is-layout-flow wp-block-column-is-layout-flow\">\n<div class=\"wp-block-file\"><a id=\"wp-block-file--media-30089c5d-88cc-4c9c-a60a-621cee0c6863\" href=\"https:\/\/jundiai.sp.gov.br\/casa-civil\/wp-content\/uploads\/sites\/6\/2024\/11\/sei_1943021_decreto_orcamentario_34-582.pdf\">34.582 &#8211; Decreto Or\u00e7ament\u00e1rio<\/a><\/div>\n\n\n\n<div class=\"wp-block-file\"><a id=\"wp-block-file--media-0a8a72e1-0df5-4424-bb4c-3dce68f4a2ac\" href=\"https:\/\/jundiai.sp.gov.br\/casa-civil\/wp-content\/uploads\/sites\/6\/2024\/11\/sei_1943025_decreto_orcamentario_34-583.pdf\">34.583 &#8211; Decreto Or\u00e7ament\u00e1rio<\/a><\/div>\n\n\n\n<div class=\"wp-block-file\"><a id=\"wp-block-file--media-9f845cfe-8779-4a88-a8e2-ee439ebd4a49\" href=\"https:\/\/jundiai.sp.gov.br\/casa-civil\/wp-content\/uploads\/sites\/6\/2024\/11\/sei_1943029_decreto_orcamentario_34-584.pdf\">34.584 &#8211; Decreto Or\u00e7ament\u00e1rio<\/a><\/div>\n\n\n\n<div class=\"wp-block-file\"><a id=\"wp-block-file--media-dd6bf205-95d7-4043-8fa9-b8d8b9c6c959\" href=\"https:\/\/jundiai.sp.gov.br\/casa-civil\/wp-content\/uploads\/sites\/6\/2024\/11\/34-585.pdf\">34.585 &#8211; Declara\u00e7\u00e3o de Utilidade P\u00fablica<\/a><\/div>\n\n\n\n<div class=\"wp-block-file\"><a id=\"wp-block-file--media-395d0a3a-08bd-4d9f-af52-4979a377d037\" href=\"https:\/\/jundiai.sp.gov.br\/casa-civil\/wp-content\/uploads\/sites\/6\/2024\/11\/sei_1943758_decreto_orcamentario_34-586.pdf\">34.586 &#8211; Decreto Or\u00e7ament\u00e1rio<\/a><\/div>\n\n\n\n<div class=\"wp-block-file\"><a id=\"wp-block-file--media-c5c9a401-54c3-4a3b-98cb-edf1647da55b\" href=\"https:\/\/jundiai.sp.gov.br\/casa-civil\/wp-content\/uploads\/sites\/6\/2024\/11\/sei_1943760_decreto_orcamentario_34-587.pdf\">34.587 &#8211; Decreto Or\u00e7ament\u00e1rio<\/a><\/div>\n\n\n\n<div class=\"wp-block-file\"><a id=\"wp-block-file--media-abf6dffe-51fa-4523-a7e0-fe60419cc3d0\" href=\"https:\/\/jundiai.sp.gov.br\/casa-civil\/wp-content\/uploads\/sites\/6\/2024\/11\/sei_1944282_decreto_orcamentario_34-588.pdf\">34.588 &#8211; Decreto Or\u00e7ament\u00e1rio<\/a><\/div>\n\n\n\n<div class=\"wp-block-file\"><a id=\"wp-block-file--media-2f210464-d7d2-4020-9528-64b7bce5ff13\" href=\"https:\/\/jundiai.sp.gov.br\/casa-civil\/wp-content\/uploads\/sites\/6\/2024\/11\/sei_1944284_decreto_orcamentario_34-589.pdf\">34.589 &#8211; Decreto Or\u00e7ament\u00e1rio<\/a><\/div>\n\n\n\n<div class=\"wp-block-file\"><a id=\"wp-block-file--media-4508d686-236e-4efd-96b9-fe84ea5ab6ca\" href=\"https:\/\/jundiai.sp.gov.br\/casa-civil\/wp-content\/uploads\/sites\/6\/2024\/11\/sei_1944288_decreto_orcamentario_34-590.pdf\">34.590 &#8211; Decreto Or\u00e7ament\u00e1rio<\/a><\/div>\n\n\n\n<div class=\"wp-block-file\"><a id=\"wp-block-file--media-f9db8339-06c1-4efe-9e08-e95b129884da\" href=\"https:\/\/jundiai.sp.gov.br\/casa-civil\/wp-content\/uploads\/sites\/6\/2024\/12\/sei_1945495_decreto_orcamentario_34-591_revogacao.pdf\">34.591 &#8211; Decreto Or\u00e7ament\u00e1rio<\/a><\/div>\n\n\n\n<div class=\"wp-block-file\"><a id=\"wp-block-file--media-749edaf5-e7ce-4713-8327-2fe17f921377\" href=\"https:\/\/jundiai.sp.gov.br\/casa-civil\/wp-content\/uploads\/sites\/6\/2024\/12\/sei_1944914_decreto_n__34-592__de_06_de_novembro_de_2024.pdf\">34.592 &#8211; Feriados e Pontos Facultativos<\/a><\/div>\n\n\n\n<div class=\"wp-block-file\"><a id=\"wp-block-file--media-65f4af5d-9c7e-4a22-b486-eb935aeeb5af\" href=\"https:\/\/jundiai.sp.gov.br\/casa-civil\/wp-content\/uploads\/sites\/6\/2024\/12\/34-593-1.pdf\">34.593 &#8211; Declara\u00e7\u00e3o de Utilidade P\u00fablica<\/a><\/div>\n\n\n\n<div class=\"wp-block-file\"><a id=\"wp-block-file--media-40c78cd6-194d-4280-b3ef-000c85333cb9\" href=\"https:\/\/jundiai.sp.gov.br\/casa-civil\/wp-content\/uploads\/sites\/6\/2024\/12\/sei_1945731_decreto_orcamentario_34-594.pdf\">34.594 &#8211; Decreto Or\u00e7ament\u00e1rio<\/a><\/div>\n\n\n\n<div class=\"wp-block-file\"><a id=\"wp-block-file--media-a6f62a47-81f5-422f-a4f6-e1e2cdda34df\" href=\"https:\/\/jundiai.sp.gov.br\/casa-civil\/wp-content\/uploads\/sites\/6\/2024\/12\/sei_1946577_decreto_n__34-595__de_07_de_novembro_de_2024.pdf\">34.595 &#8211; Renova\u00e7\u00e3o de Permiss\u00e3o de Uso<\/a><\/div>\n\n\n\n<div class=\"wp-block-file\"><a id=\"wp-block-file--media-317da582-719a-4b80-b4e5-73c4a72e2303\" href=\"https:\/\/jundiai.sp.gov.br\/casa-civil\/wp-content\/uploads\/sites\/6\/2024\/12\/sei_1948768_decreto_orcamentario_34-596-1.pdf\">34.596 &#8211; Decreto Or\u00e7ament\u00e1rio<\/a><\/div>\n\n\n\n<div class=\"wp-block-file\"><a id=\"wp-block-file--media-7e8a8745-5ca9-415f-86d5-4d6352953447\" href=\"https:\/\/jundiai.sp.gov.br\/casa-civil\/wp-content\/uploads\/sites\/6\/2024\/12\/sei_1948769_decreto_orcamentario_34-597-1.pdf\">34.597 &#8211; Decreto Or\u00e7ament\u00e1rio<\/a><\/div>\n\n\n\n<div class=\"wp-block-file\"><a id=\"wp-block-file--media-5623cfcc-1fba-4fcf-a311-72cc4995f53c\" href=\"https:\/\/jundiai.sp.gov.br\/casa-civil\/wp-content\/uploads\/sites\/6\/2024\/12\/sei_1953414_decreto_orcamentario_34-598_fmj-1.pdf\">34.598 &#8211; Decreto Or\u00e7ament\u00e1rio<\/a><\/div>\n\n\n\n<div class=\"wp-block-file\"><a id=\"wp-block-file--media-34899f28-a59b-4c0a-8aba-ea34eafe7fda\" href=\"https:\/\/jundiai.sp.gov.br\/casa-civil\/wp-content\/uploads\/sites\/6\/2024\/12\/sei_1954871_decreto_orcamentario_34-599-1.pdf\">34.599 &#8211; Decreto Or\u00e7ament\u00e1rio<\/a><\/div>\n\n\n\n<div class=\"wp-block-file\"><a id=\"wp-block-file--media-bf28d734-9ab4-4789-8b21-3ca5824f1fa5\" href=\"https:\/\/jundiai.sp.gov.br\/casa-civil\/wp-content\/uploads\/sites\/6\/2024\/12\/sei_1939947_decreto_n__34-600__de_12_de_novembro_de_2024.pdf\">34.600 &#8211; Altera\u00e7\u00e3o do Decreto 30.318 <\/a><\/div>\n\n\n\n<div class=\"wp-block-file\"><a id=\"wp-block-file--media-2e33b504-869e-4251-9cd3-be39e310cd3f\" href=\"https:\/\/jundiai.sp.gov.br\/casa-civil\/wp-content\/uploads\/sites\/6\/2024\/12\/sei_1955477_decreto_orcamentario_34-601-1.pdf\">34.601 &#8211; Decreto Or\u00e7ament\u00e1rio<\/a><\/div>\n\n\n\n<div class=\"wp-block-file\"><a id=\"wp-block-file--media-758bfb25-60a3-42d8-8713-c4ec064ec2df\" href=\"https:\/\/jundiai.sp.gov.br\/casa-civil\/wp-content\/uploads\/sites\/6\/2024\/12\/sei_1956055_decreto_orcamentario_34-602-1.pdf\">34.602 &#8211; Decreto Or\u00e7ament\u00e1rio<\/a><\/div>\n\n\n\n<div class=\"wp-block-file\"><a id=\"wp-block-file--media-9f4819b0-9a22-4763-acd3-8f538e1b7506\" href=\"https:\/\/jundiai.sp.gov.br\/casa-civil\/wp-content\/uploads\/sites\/6\/2024\/12\/sei_1956057_decreto_orcamentario_34-603-1.pdf\">34.603 &#8211; Decreto Or\u00e7ament\u00e1rio<\/a><\/div>\n\n\n\n<div class=\"wp-block-file\"><a id=\"wp-block-file--media-db641039-26bc-4fac-9935-9a101100d774\" href=\"https:\/\/jundiai.sp.gov.br\/casa-civil\/wp-content\/uploads\/sites\/6\/2024\/12\/sei_1961950_decreto_orcamentario_34-604-1.pdf\">34.604 &#8211; Decreto Or\u00e7ament\u00e1rio<\/a><\/div>\n\n\n\n<div class=\"wp-block-file\"><a id=\"wp-block-file--media-e8086007-af23-4320-812c-74372b94205c\" href=\"https:\/\/jundiai.sp.gov.br\/casa-civil\/wp-content\/uploads\/sites\/6\/2024\/12\/sei_1961951_decreto_orcamentario_34-605-1.pdf\">34.605 &#8211; Decreto Or\u00e7ament\u00e1rio<\/a><\/div>\n\n\n\n<div class=\"wp-block-file\"><a id=\"wp-block-file--media-19924abc-8fdf-4859-8974-e0fb8eaebd15\" href=\"https:\/\/jundiai.sp.gov.br\/casa-civil\/wp-content\/uploads\/sites\/6\/2024\/12\/sei_1961954_decreto_orcamentario_34-606-1.pdf\">34.606 &#8211; Decreto Or\u00e7ament\u00e1rio<\/a><\/div>\n\n\n\n<p><\/p>\n<\/div>\n\n\n\n<div class=\"wp-block-column is-layout-flow wp-block-column-is-layout-flow\">\n<div class=\"wp-block-file\"><a id=\"wp-block-file--media-4574542d-e813-42cd-b997-ea885fece11b\" href=\"https:\/\/jundiai.sp.gov.br\/casa-civil\/wp-content\/uploads\/sites\/6\/2024\/12\/sei_1961960_decreto_orcamentario_34-607___tv_tec.pdf\">34.607 &#8211; Decreto Or\u00e7ament\u00e1rio<\/a><\/div>\n\n\n\n<div class=\"wp-block-file\"><a id=\"wp-block-file--media-d4892648-c6bb-4a98-a8b4-b61e1c26a8bf\" href=\"https:\/\/jundiai.sp.gov.br\/casa-civil\/wp-content\/uploads\/sites\/6\/2024\/12\/sei_1961966_decreto_orcamentario_34-608___tv_tec.pdf\">34.608 &#8211; Decreto Or\u00e7ament\u00e1rio<\/a><\/div>\n\n\n\n<div class=\"wp-block-file\"><a id=\"wp-block-file--media-32fed8ca-4074-433c-a02e-e40403b891b8\" href=\"https:\/\/jundiai.sp.gov.br\/casa-civil\/wp-content\/uploads\/sites\/6\/2024\/12\/sei_1961968_decreto_orcamentario_34-609___tv_tec.pdf\">34.609 &#8211; Decreto Or\u00e7ament\u00e1rio<\/a><\/div>\n\n\n\n<div class=\"wp-block-file\"><a id=\"wp-block-file--media-b6c37927-1935-4928-91cd-7af4fb3a89ad\" href=\"https:\/\/jundiai.sp.gov.br\/casa-civil\/wp-content\/uploads\/sites\/6\/2024\/12\/sei_1961970_decreto_orcamentario_34-610___tv_tec.pdf\">34.610 &#8211; Decreto Or\u00e7ament\u00e1rio<\/a><\/div>\n\n\n\n<div class=\"wp-block-file\"><a id=\"wp-block-file--media-dc8d1aa7-ad17-4cd1-b2f4-9f3530705889\" href=\"https:\/\/jundiai.sp.gov.br\/casa-civil\/wp-content\/uploads\/sites\/6\/2024\/12\/sei_1961971_decreto_orcamentario_34-611___tv_tec.pdf\">34.611 &#8211; Decreto Or\u00e7ament\u00e1rio<\/a><\/div>\n\n\n\n<div class=\"wp-block-file\"><a id=\"wp-block-file--media-87731d64-ed29-4aef-a5b8-750515d167ef\" href=\"https:\/\/jundiai.sp.gov.br\/casa-civil\/wp-content\/uploads\/sites\/6\/2024\/12\/sei_1961974_decreto_orcamentario_34-612___tv_tec.pdf\">34.612 &#8211; Decreto Or\u00e7ament\u00e1rio<\/a><\/div>\n\n\n\n<div class=\"wp-block-file\"><a id=\"wp-block-file--media-937f148f-0a2f-4b8f-b366-89b65699ff2e\" href=\"https:\/\/jundiai.sp.gov.br\/casa-civil\/wp-content\/uploads\/sites\/6\/2024\/12\/sei_1966939_decreto_orcamentario_34-613.pdf\">34.613 &#8211; Decreto Or\u00e7ament\u00e1rio<\/a><\/div>\n\n\n\n<div class=\"wp-block-file\"><a id=\"wp-block-file--media-7cb6bbb4-0b98-4654-a82e-4a1fc8083665\" href=\"https:\/\/jundiai.sp.gov.br\/casa-civil\/wp-content\/uploads\/sites\/6\/2024\/12\/sei_1966941_decreto_orcamentario_34-614.pdf\">34.614 &#8211; Decreto Or\u00e7ament\u00e1rio<\/a><\/div>\n\n\n\n<div class=\"wp-block-file\"><a id=\"wp-block-file--media-a783183d-61ef-4663-ac9c-753e7f07ddf4\" href=\"https:\/\/jundiai.sp.gov.br\/casa-civil\/wp-content\/uploads\/sites\/6\/2024\/12\/sei_1966944_decreto_orcamentario_34-615.pdf\">34.615 &#8211; Decreto Or\u00e7ament\u00e1rio<\/a><\/div>\n\n\n\n<div class=\"wp-block-file\"><a id=\"wp-block-file--media-56b051c9-6c4c-4bc3-985c-97eea1cde90c\" href=\"https:\/\/jundiai.sp.gov.br\/casa-civil\/wp-content\/uploads\/sites\/6\/2024\/12\/sei_1967305_decreto_orcamentario_34-616.pdf\">34.616 &#8211; Decreto Or\u00e7ament\u00e1rio<\/a><\/div>\n\n\n\n<div class=\"wp-block-file\"><a id=\"wp-block-file--media-1b4cc42c-75d4-4b82-a710-34d49d992b65\" href=\"https:\/\/jundiai.sp.gov.br\/casa-civil\/wp-content\/uploads\/sites\/6\/2024\/12\/sei_1970825_decreto_n__34-617__de_21_de_novembro_de_2024.pdf\">34.617 &#8211; Regimento Interno Conselho Tutelas<\/a><\/div>\n\n\n\n<div class=\"wp-block-file\"><a id=\"wp-block-file--media-2da2e852-398a-412b-835f-f054558e52da\" href=\"https:\/\/jundiai.sp.gov.br\/casa-civil\/wp-content\/uploads\/sites\/6\/2024\/12\/sei_1972005_decreto_orcamentario_34-618.pdf\">34.618 &#8211; Decreto Or\u00e7ament\u00e1rio<\/a><\/div>\n\n\n\n<div class=\"wp-block-file\"><a id=\"wp-block-file--media-7cff2413-8c9b-4641-97bd-e87716aa4530\" href=\"https:\/\/jundiai.sp.gov.br\/casa-civil\/wp-content\/uploads\/sites\/6\/2024\/12\/sei_1972010_decreto_orcamentario_34-619_fumas.pdf\">34.619 &#8211; Decreto Or\u00e7ament\u00e1rio<\/a><\/div>\n\n\n\n<div class=\"wp-block-file\"><a id=\"wp-block-file--media-b8df8fb8-2c4b-4821-9d9c-74c70f54b1ba\" href=\"https:\/\/jundiai.sp.gov.br\/casa-civil\/wp-content\/uploads\/sites\/6\/2024\/12\/sei_1979073_decreto_orcamentario_34-621.pdf\">34.621 &#8211; Decreto Or\u00e7ament\u00e1rio<\/a><\/div>\n\n\n\n<div class=\"wp-block-file\"><a id=\"wp-block-file--media-ec56e28d-4044-46a7-a750-4e70ad515bd4\" href=\"https:\/\/jundiai.sp.gov.br\/casa-civil\/wp-content\/uploads\/sites\/6\/2024\/12\/sei_1979326_decreto_orcamentario_34-622.pdf\">34.622 &#8211; Decreto Or\u00e7ament\u00e1rio<\/a><\/div>\n\n\n\n<div class=\"wp-block-file\"><a id=\"wp-block-file--media-3c0399d1-24c1-4aaa-9fd2-5fdc1b34c090\" href=\"https:\/\/jundiai.sp.gov.br\/casa-civil\/wp-content\/uploads\/sites\/6\/2024\/12\/sei_1980513_decreto_orcamentario_34-623.pdf\">34.623 &#8211; Decreto Or\u00e7ament\u00e1rio<\/a><\/div>\n\n\n\n<div class=\"wp-block-file\"><a id=\"wp-block-file--media-b8c0fccc-b9ba-4951-b2d7-de4310e71c64\" href=\"https:\/\/jundiai.sp.gov.br\/casa-civil\/wp-content\/uploads\/sites\/6\/2024\/12\/sei_1980518_decreto_orcamentario_34-624.pdf\">34.624 &#8211; Decreto Or\u00e7ament\u00e1rio<\/a><\/div>\n\n\n\n<div class=\"wp-block-file\"><a id=\"wp-block-file--media-db3d5186-5079-4943-adae-2354984b65cd\" href=\"https:\/\/jundiai.sp.gov.br\/casa-civil\/wp-content\/uploads\/sites\/6\/2024\/12\/sei_1980524_decreto_orcamentario_34-625.pdf\">34.625 &#8211; Decreto Or\u00e7ament\u00e1rio<\/a><\/div>\n\n\n\n<div class=\"wp-block-file\"><a id=\"wp-block-file--media-73bb4d7f-6df2-4f39-b7ff-5c69f29eded8\" href=\"https:\/\/jundiai.sp.gov.br\/casa-civil\/wp-content\/uploads\/sites\/6\/2024\/12\/sei_1980528_decreto_orcamentario_34-626.pdf\">34.626 &#8211; Decreto Or\u00e7ament\u00e1rio<\/a><\/div>\n\n\n\n<div class=\"wp-block-file\"><a id=\"wp-block-file--media-e4f1e20e-b6e4-4e13-b3d1-d20e950f8a90\" href=\"https:\/\/jundiai.sp.gov.br\/casa-civil\/wp-content\/uploads\/sites\/6\/2024\/12\/sei_1980530_decreto_orcamentario_34-627.pdf\">34.627 &#8211; Decreto Or\u00e7ament\u00e1rio<\/a><\/div>\n\n\n\n<div class=\"wp-block-file\"><a id=\"wp-block-file--media-4e740b09-bcde-4211-abdb-dea476ae25e0\" href=\"https:\/\/jundiai.sp.gov.br\/casa-civil\/wp-content\/uploads\/sites\/6\/2024\/12\/34-627-1.pdf\">34.627 &#8211; Decreto Or\u00e7ament\u00e1rio<\/a><\/div>\n\n\n\n<div class=\"wp-block-file\"><a id=\"wp-block-file--media-bbf8b21c-47de-4dd9-a2a9-9ef1b13415c0\" href=\"https:\/\/jundiai.sp.gov.br\/casa-civil\/wp-content\/uploads\/sites\/6\/2024\/12\/34-628-1.pdf\">34.628 &#8211; Decreto Or\u00e7ament\u00e1rio<\/a><\/div>\n\n\n\n<div class=\"wp-block-file\"><a id=\"wp-block-file--media-f5972dc1-503b-41f9-8216-a2d3d432396a\" href=\"https:\/\/jundiai.sp.gov.br\/casa-civil\/wp-content\/uploads\/sites\/6\/2024\/12\/34-629-1.pdf\">34.629 &#8211; Decreto Or\u00e7ament\u00e1rio<\/a><\/div>\n\n\n\n<div class=\"wp-block-file\"><a id=\"wp-block-file--media-0f4cbe51-7b8e-4aa1-acf4-8cbf9e204b07\" href=\"https:\/\/jundiai.sp.gov.br\/casa-civil\/wp-content\/uploads\/sites\/6\/2024\/12\/sei_1982770_decreto_n__34-630__de_26_de_novembro_de_2024.pdf\">34.630 &#8211; Renova\u00e7\u00e3o de Permiss\u00e3o de Uso<\/a><\/div>\n\n\n\n<div class=\"wp-block-file\"><a id=\"wp-block-file--media-2bca6971-d363-47b8-9415-8730f5717145\" href=\"https:\/\/jundiai.sp.gov.br\/casa-civil\/wp-content\/uploads\/sites\/6\/2024\/12\/34-631.pdf\">34.631 &#8211; Declara\u00e7\u00e3o de Utilidade P\u00fablica<\/a><\/div>\n\n\n\n<div class=\"wp-block-file\"><a id=\"wp-block-file--media-3a2fa370-ef40-42a3-9d17-d0cfac6bebcd\" href=\"https:\/\/jundiai.sp.gov.br\/casa-civil\/wp-content\/uploads\/sites\/6\/2024\/12\/sei_1986737_decreto_n__34-632__de_27_de_novembro_de_2024.pdf\">34.632 &#8211; Renova\u00e7\u00e3o de Permiss\u00e3o de Uso<\/a><\/div>\n<\/div>\n\n\n\n<div class=\"wp-block-column is-layout-flow wp-block-column-is-layout-flow\">\n<div class=\"wp-block-file\"><a id=\"wp-block-file--media-79af6f89-17b9-4c02-9dd9-6be92507acb9\" href=\"https:\/\/jundiai.sp.gov.br\/casa-civil\/wp-content\/uploads\/sites\/6\/2024\/12\/sei_1986978_decreto_n__34-633__de_27_de_novembro_de_2024.pdf\">34.633 &#8211; Altera\u00e7\u00e3o do Decreto n\u00ba 34.436<\/a><\/div>\n\n\n\n<div class=\"wp-block-file\"><a id=\"wp-block-file--media-7c564978-f35f-4a3e-b84f-8932ac56d15a\" href=\"https:\/\/jundiai.sp.gov.br\/casa-civil\/wp-content\/uploads\/sites\/6\/2024\/12\/sei_1989245_decreto_orcamentario_34-634.pdf\">34.634 &#8211; Decreto Or\u00e7ament\u00e1rio<\/a><\/div>\n\n\n\n<div class=\"wp-block-file\"><a id=\"wp-block-file--media-677c759c-e7bf-4a42-b8bb-e1baa6e6730b\" href=\"https:\/\/jundiai.sp.gov.br\/casa-civil\/wp-content\/uploads\/sites\/6\/2024\/12\/sei_1989248_decreto_orcamentario_34-635.pdf\">34.635 &#8211; Decreto Or\u00e7ament\u00e1rio<\/a><\/div>\n\n\n\n<div class=\"wp-block-file\"><a id=\"wp-block-file--media-59ea29a7-efa7-437a-9845-7ae46840110c\" href=\"https:\/\/jundiai.sp.gov.br\/casa-civil\/wp-content\/uploads\/sites\/6\/2024\/12\/sei_1989251_decreto_orcamentario_34-636.pdf\">34.636 &#8211; Decreto Or\u00e7ament\u00e1rio<\/a><\/div>\n\n\n\n<div class=\"wp-block-file\"><a id=\"wp-block-file--media-7bb4f5ad-dfab-478b-ac87-107649874fe5\" href=\"https:\/\/jundiai.sp.gov.br\/casa-civil\/wp-content\/uploads\/sites\/6\/2024\/12\/sei_1989255_decreto_orcamentario_34-637.pdf\">34.637 &#8211; Decreto Or\u00e7ament\u00e1rio<\/a><\/div>\n\n\n\n<div class=\"wp-block-file\"><a id=\"wp-block-file--media-bd4d296e-25f0-4346-ba1e-c89602f8f0c6\" href=\"https:\/\/jundiai.sp.gov.br\/casa-civil\/wp-content\/uploads\/sites\/6\/2024\/12\/sei_1989268_decreto_orcamentario_34-638.pdf\">34.638 &#8211; Decreto Or\u00e7ament\u00e1rio<\/a><\/div>\n\n\n\n<div class=\"wp-block-file\"><a id=\"wp-block-file--media-b552e6aa-5069-485d-8668-9c992b9a8c16\" href=\"https:\/\/jundiai.sp.gov.br\/casa-civil\/wp-content\/uploads\/sites\/6\/2024\/12\/sei_1989281_decreto_orcamentario_34-639.pdf\">34.639 &#8211; Decreto Or\u00e7ament\u00e1rio<\/a><\/div>\n\n\n\n<div class=\"wp-block-file\"><a id=\"wp-block-file--media-baedaaca-6505-454e-b888-5dd6da56ba8d\" href=\"https:\/\/jundiai.sp.gov.br\/casa-civil\/wp-content\/uploads\/sites\/6\/2024\/12\/sei_1989286_decreto_orcamentario_34-640.pdf\">34.640 &#8211; Decreto Or\u00e7ament\u00e1rio<\/a><\/div>\n\n\n\n<div class=\"wp-block-file\"><a id=\"wp-block-file--media-984707bb-6712-4493-9a64-f9fc2aeccf6c\" href=\"https:\/\/jundiai.sp.gov.br\/casa-civil\/wp-content\/uploads\/sites\/6\/2024\/12\/sei_1995032_decreto_orcamentario_34-641.pdf\">34.641 &#8211; Decreto Or\u00e7ament\u00e1rio<\/a><\/div>\n<\/div>\n<\/div>\n\n\n\n<p><\/p>\n","protected":false},"excerpt":{"rendered":"","protected":false},"author":75,"featured_media":0,"parent":8212,"menu_order":11,"comment_status":"closed","ping_status":"closed","template":"","meta":{"footnotes":""},"class_list":["post-8253","page","type-page","status-publish","hentry"],"_links":{"self":[{"href":"https:\/\/jundiai.sp.gov.br\/casa-civil\/wp-json\/wp\/v2\/pages\/8253","targetHints":{"allow":["GET"]}}],"collection":[{"href":"https:\/\/jundiai.sp.gov.br\/casa-civil\/wp-json\/wp\/v2\/pages"}],"about":[{"href":"https:\/\/jundiai.sp.gov.br\/casa-civil\/wp-json\/wp\/v2\/types\/page"}],"author":[{"embeddable":true,"href":"https:\/\/jundiai.sp.gov.br\/casa-civil\/wp-json\/wp\/v2\/users\/75"}],"replies":[{"embeddable":true,"href":"https:\/\/jundiai.sp.gov.br\/casa-civil\/wp-json\/wp\/v2\/comments?post=8253"}],"version-history":[{"count":7,"href":"https:\/\/jundiai.sp.gov.br\/casa-civil\/wp-json\/wp\/v2\/pages\/8253\/revisions"}],"predecessor-version":[{"id":10508,"href":"https:\/\/jundiai.sp.gov.br\/casa-civil\/wp-json\/wp\/v2\/pages\/8253\/revisions\/10508"}],"up":[{"embeddable":true,"href":"https:\/\/jundiai.sp.gov.br\/casa-civil\/wp-json\/wp\/v2\/pages\/8212"}],"wp:attachment":[{"href":"https:\/\/jundiai.sp.gov.br\/casa-civil\/wp-json\/wp\/v2\/media?parent=8253"}],"curies":[{"name":"wp","href":"https:\/\/api.w.org\/{rel}","templated":true}]}}