{"id":8268,"date":"2024-03-15T14:10:12","date_gmt":"2024-03-15T17:10:12","guid":{"rendered":"https:\/\/jundiai.sp.gov.br\/casa-civil\/?page_id=8268"},"modified":"2024-05-02T09:58:17","modified_gmt":"2024-05-02T12:58:17","slug":"boletins-operacao-chuvas-de-verao-2024","status":"publish","type":"page","link":"https:\/\/jundiai.sp.gov.br\/casa-civil\/boletins-da-operacao-chuvas-de-verao\/boletins-operacao-chuvas-de-verao-2024\/","title":{"rendered":"Boletins Opera\u00e7\u00e3o Chuvas de Ver\u00e3o 2024"},"content":{"rendered":"\n<div class=\"wp-block-columns is-layout-flex wp-container-core-columns-is-layout-9d6595d7 wp-block-columns-is-layout-flex\">\n<div class=\"wp-block-column is-layout-flow wp-block-column-is-layout-flow\">\n<figure class=\"wp-block-image size-large\"><a href=\"https:\/\/jundiai.sp.gov.br\/casa-civil\/wp-content\/uploads\/sites\/6\/2024\/05\/whatsapp-image-2024-04-30-at-8-57-44-am.jpeg\"><img loading=\"lazy\" decoding=\"async\" width=\"1280\" height=\"960\" src=\"https:\/\/jundiai.sp.gov.br\/casa-civil\/wp-content\/uploads\/sites\/6\/2024\/05\/whatsapp-image-2024-04-30-at-8-57-44-am-1280x960.jpeg\" alt=\"\" class=\"wp-image-8824\" srcset=\"https:\/\/jundiai.sp.gov.br\/casa-civil\/wp-content\/uploads\/sites\/6\/2024\/05\/whatsapp-image-2024-04-30-at-8-57-44-am-1280x960.jpeg 1280w, https:\/\/jundiai.sp.gov.br\/casa-civil\/wp-content\/uploads\/sites\/6\/2024\/05\/whatsapp-image-2024-04-30-at-8-57-44-am-300x225.jpeg 300w, https:\/\/jundiai.sp.gov.br\/casa-civil\/wp-content\/uploads\/sites\/6\/2024\/05\/whatsapp-image-2024-04-30-at-8-57-44-am-768x576.jpeg 768w, https:\/\/jundiai.sp.gov.br\/casa-civil\/wp-content\/uploads\/sites\/6\/2024\/05\/whatsapp-image-2024-04-30-at-8-57-44-am-1536x1152.jpeg 1536w, https:\/\/jundiai.sp.gov.br\/casa-civil\/wp-content\/uploads\/sites\/6\/2024\/05\/whatsapp-image-2024-04-30-at-8-57-44-am.jpeg 1600w\" sizes=\"auto, (max-width: 1280px) 100vw, 1280px\" \/><\/a><figcaption class=\"wp-element-caption\">Boletim 29\/04<\/figcaption><\/figure>\n<\/div>\n\n\n\n<div class=\"wp-block-column is-layout-flow wp-block-column-is-layout-flow\">\n<figure class=\"wp-block-image size-large\"><a href=\"https:\/\/jundiai.sp.gov.br\/casa-civil\/wp-content\/uploads\/sites\/6\/2024\/04\/whatsapp-image-2024-04-26-at-9-43-22-am.jpeg\"><img loading=\"lazy\" decoding=\"async\" width=\"1280\" height=\"960\" src=\"https:\/\/jundiai.sp.gov.br\/casa-civil\/wp-content\/uploads\/sites\/6\/2024\/04\/whatsapp-image-2024-04-26-at-9-43-22-am-1280x960.jpeg\" alt=\"\" class=\"wp-image-8561\" srcset=\"https:\/\/jundiai.sp.gov.br\/casa-civil\/wp-content\/uploads\/sites\/6\/2024\/04\/whatsapp-image-2024-04-26-at-9-43-22-am-1280x960.jpeg 1280w, https:\/\/jundiai.sp.gov.br\/casa-civil\/wp-content\/uploads\/sites\/6\/2024\/04\/whatsapp-image-2024-04-26-at-9-43-22-am-300x225.jpeg 300w, https:\/\/jundiai.sp.gov.br\/casa-civil\/wp-content\/uploads\/sites\/6\/2024\/04\/whatsapp-image-2024-04-26-at-9-43-22-am-768x576.jpeg 768w, https:\/\/jundiai.sp.gov.br\/casa-civil\/wp-content\/uploads\/sites\/6\/2024\/04\/whatsapp-image-2024-04-26-at-9-43-22-am-1536x1152.jpeg 1536w, https:\/\/jundiai.sp.gov.br\/casa-civil\/wp-content\/uploads\/sites\/6\/2024\/04\/whatsapp-image-2024-04-26-at-9-43-22-am.jpeg 1600w\" sizes=\"auto, (max-width: 1280px) 100vw, 1280px\" \/><\/a><figcaption class=\"wp-element-caption\">Boletim 25\/04<\/figcaption><\/figure>\n<\/div>\n<\/div>\n\n\n\n<div class=\"wp-block-columns is-layout-flex wp-container-core-columns-is-layout-9d6595d7 wp-block-columns-is-layout-flex\">\n<div class=\"wp-block-column is-layout-flow wp-block-column-is-layout-flow\">\n<figure class=\"wp-block-image size-large\"><a href=\"https:\/\/jundiai.sp.gov.br\/casa-civil\/wp-content\/uploads\/sites\/6\/2024\/04\/1-boletim-chuvas-de-verao-2024-23abr_page-0001.jpg\"><img loading=\"lazy\" decoding=\"async\" width=\"1280\" height=\"960\" src=\"https:\/\/jundiai.sp.gov.br\/casa-civil\/wp-content\/uploads\/sites\/6\/2024\/04\/1-boletim-chuvas-de-verao-2024-23abr_page-0001-1280x960.jpg\" alt=\"\" class=\"wp-image-8554\" srcset=\"https:\/\/jundiai.sp.gov.br\/casa-civil\/wp-content\/uploads\/sites\/6\/2024\/04\/1-boletim-chuvas-de-verao-2024-23abr_page-0001-1280x960.jpg 1280w, https:\/\/jundiai.sp.gov.br\/casa-civil\/wp-content\/uploads\/sites\/6\/2024\/04\/1-boletim-chuvas-de-verao-2024-23abr_page-0001-300x225.jpg 300w, https:\/\/jundiai.sp.gov.br\/casa-civil\/wp-content\/uploads\/sites\/6\/2024\/04\/1-boletim-chuvas-de-verao-2024-23abr_page-0001-768x576.jpg 768w, https:\/\/jundiai.sp.gov.br\/casa-civil\/wp-content\/uploads\/sites\/6\/2024\/04\/1-boletim-chuvas-de-verao-2024-23abr_page-0001-1536x1152.jpg 1536w, https:\/\/jundiai.sp.gov.br\/casa-civil\/wp-content\/uploads\/sites\/6\/2024\/04\/1-boletim-chuvas-de-verao-2024-23abr_page-0001.jpg 1900w\" sizes=\"auto, (max-width: 1280px) 100vw, 1280px\" \/><\/a><figcaption class=\"wp-element-caption\">Boletim 22\/04<\/figcaption><\/figure>\n<\/div>\n\n\n\n<div class=\"wp-block-column is-layout-flow wp-block-column-is-layout-flow\">\n<figure class=\"wp-block-image size-large\"><a href=\"https:\/\/jundiai.sp.gov.br\/casa-civil\/wp-content\/uploads\/sites\/6\/2024\/04\/whatsapp-image-2024-04-19-at-9-24-25-am.jpeg\"><img loading=\"lazy\" decoding=\"async\" width=\"1280\" height=\"960\" src=\"https:\/\/jundiai.sp.gov.br\/casa-civil\/wp-content\/uploads\/sites\/6\/2024\/04\/whatsapp-image-2024-04-19-at-9-24-25-am-1280x960.jpeg\" alt=\"\" class=\"wp-image-8548\" srcset=\"https:\/\/jundiai.sp.gov.br\/casa-civil\/wp-content\/uploads\/sites\/6\/2024\/04\/whatsapp-image-2024-04-19-at-9-24-25-am-1280x960.jpeg 1280w, https:\/\/jundiai.sp.gov.br\/casa-civil\/wp-content\/uploads\/sites\/6\/2024\/04\/whatsapp-image-2024-04-19-at-9-24-25-am-300x225.jpeg 300w, https:\/\/jundiai.sp.gov.br\/casa-civil\/wp-content\/uploads\/sites\/6\/2024\/04\/whatsapp-image-2024-04-19-at-9-24-25-am-768x576.jpeg 768w, https:\/\/jundiai.sp.gov.br\/casa-civil\/wp-content\/uploads\/sites\/6\/2024\/04\/whatsapp-image-2024-04-19-at-9-24-25-am-1536x1152.jpeg 1536w, https:\/\/jundiai.sp.gov.br\/casa-civil\/wp-content\/uploads\/sites\/6\/2024\/04\/whatsapp-image-2024-04-19-at-9-24-25-am.jpeg 1600w\" sizes=\"auto, (max-width: 1280px) 100vw, 1280px\" \/><\/a><figcaption class=\"wp-element-caption\">Boletim 18\/04<\/figcaption><\/figure>\n<\/div>\n<\/div>\n\n\n\n<div class=\"wp-block-columns is-layout-flex wp-container-core-columns-is-layout-9d6595d7 wp-block-columns-is-layout-flex\">\n<div class=\"wp-block-column is-layout-flow wp-block-column-is-layout-flow\">\n<figure class=\"wp-block-image size-large\"><a href=\"https:\/\/jundiai.sp.gov.br\/casa-civil\/wp-content\/uploads\/sites\/6\/2024\/04\/1-boletim-chuvas-de-verao-2024-16apr_page-0001-1.jpg\"><img loading=\"lazy\" decoding=\"async\" width=\"1280\" height=\"960\" src=\"https:\/\/jundiai.sp.gov.br\/casa-civil\/wp-content\/uploads\/sites\/6\/2024\/04\/1-boletim-chuvas-de-verao-2024-16apr_page-0001-1-1280x960.jpg\" alt=\"\" class=\"wp-image-8541\" srcset=\"https:\/\/jundiai.sp.gov.br\/casa-civil\/wp-content\/uploads\/sites\/6\/2024\/04\/1-boletim-chuvas-de-verao-2024-16apr_page-0001-1-1280x960.jpg 1280w, https:\/\/jundiai.sp.gov.br\/casa-civil\/wp-content\/uploads\/sites\/6\/2024\/04\/1-boletim-chuvas-de-verao-2024-16apr_page-0001-1-300x225.jpg 300w, https:\/\/jundiai.sp.gov.br\/casa-civil\/wp-content\/uploads\/sites\/6\/2024\/04\/1-boletim-chuvas-de-verao-2024-16apr_page-0001-1-768x576.jpg 768w, https:\/\/jundiai.sp.gov.br\/casa-civil\/wp-content\/uploads\/sites\/6\/2024\/04\/1-boletim-chuvas-de-verao-2024-16apr_page-0001-1-1536x1152.jpg 1536w, https:\/\/jundiai.sp.gov.br\/casa-civil\/wp-content\/uploads\/sites\/6\/2024\/04\/1-boletim-chuvas-de-verao-2024-16apr_page-0001-1.jpg 1900w\" sizes=\"auto, (max-width: 1280px) 100vw, 1280px\" \/><\/a><figcaption class=\"wp-element-caption\">Boletim 15\/04<\/figcaption><\/figure>\n<\/div>\n\n\n\n<div class=\"wp-block-column is-layout-flow wp-block-column-is-layout-flow\">\n<figure class=\"wp-block-image size-large\"><a href=\"https:\/\/jundiai.sp.gov.br\/casa-civil\/wp-content\/uploads\/sites\/6\/2024\/04\/whatsapp-image-2024-04-12-at-10-05-27-am.jpeg\"><img loading=\"lazy\" decoding=\"async\" width=\"1280\" height=\"960\" src=\"https:\/\/jundiai.sp.gov.br\/casa-civil\/wp-content\/uploads\/sites\/6\/2024\/04\/whatsapp-image-2024-04-12-at-10-05-27-am-1280x960.jpeg\" alt=\"\" class=\"wp-image-8535\" srcset=\"https:\/\/jundiai.sp.gov.br\/casa-civil\/wp-content\/uploads\/sites\/6\/2024\/04\/whatsapp-image-2024-04-12-at-10-05-27-am-1280x960.jpeg 1280w, https:\/\/jundiai.sp.gov.br\/casa-civil\/wp-content\/uploads\/sites\/6\/2024\/04\/whatsapp-image-2024-04-12-at-10-05-27-am-300x225.jpeg 300w, https:\/\/jundiai.sp.gov.br\/casa-civil\/wp-content\/uploads\/sites\/6\/2024\/04\/whatsapp-image-2024-04-12-at-10-05-27-am-768x576.jpeg 768w, https:\/\/jundiai.sp.gov.br\/casa-civil\/wp-content\/uploads\/sites\/6\/2024\/04\/whatsapp-image-2024-04-12-at-10-05-27-am-1536x1152.jpeg 1536w, https:\/\/jundiai.sp.gov.br\/casa-civil\/wp-content\/uploads\/sites\/6\/2024\/04\/whatsapp-image-2024-04-12-at-10-05-27-am.jpeg 1600w\" sizes=\"auto, (max-width: 1280px) 100vw, 1280px\" \/><\/a><figcaption class=\"wp-element-caption\">Boletim 10\/04<\/figcaption><\/figure>\n<\/div>\n<\/div>\n\n\n\n<div class=\"wp-block-columns are-vertically-aligned-center is-layout-flex wp-container-core-columns-is-layout-9d6595d7 wp-block-columns-is-layout-flex\">\n<div class=\"wp-block-column is-vertically-aligned-center is-layout-flow wp-block-column-is-layout-flow\"><\/div>\n\n\n\n<div class=\"wp-block-column is-vertically-aligned-center is-layout-flow wp-block-column-is-layout-flow\"><\/div>\n<\/div>\n\n\n\n<div class=\"wp-block-columns is-layout-flex wp-container-core-columns-is-layout-9d6595d7 wp-block-columns-is-layout-flex\">\n<div class=\"wp-block-column is-layout-flow wp-block-column-is-layout-flow\">\n<figure class=\"wp-block-image size-large\"><a href=\"https:\/\/jundiai.sp.gov.br\/casa-civil\/wp-content\/uploads\/sites\/6\/2024\/04\/1-boletim-chuvas-de-verao-2024-04apr.jpeg\"><img loading=\"lazy\" decoding=\"async\" width=\"1280\" height=\"960\" src=\"https:\/\/jundiai.sp.gov.br\/casa-civil\/wp-content\/uploads\/sites\/6\/2024\/04\/1-boletim-chuvas-de-verao-2024-04apr-1280x960.jpeg\" alt=\"\" class=\"wp-image-8526\" srcset=\"https:\/\/jundiai.sp.gov.br\/casa-civil\/wp-content\/uploads\/sites\/6\/2024\/04\/1-boletim-chuvas-de-verao-2024-04apr-1280x960.jpeg 1280w, https:\/\/jundiai.sp.gov.br\/casa-civil\/wp-content\/uploads\/sites\/6\/2024\/04\/1-boletim-chuvas-de-verao-2024-04apr-300x225.jpeg 300w, https:\/\/jundiai.sp.gov.br\/casa-civil\/wp-content\/uploads\/sites\/6\/2024\/04\/1-boletim-chuvas-de-verao-2024-04apr-768x576.jpeg 768w, https:\/\/jundiai.sp.gov.br\/casa-civil\/wp-content\/uploads\/sites\/6\/2024\/04\/1-boletim-chuvas-de-verao-2024-04apr-1536x1152.jpeg 1536w, https:\/\/jundiai.sp.gov.br\/casa-civil\/wp-content\/uploads\/sites\/6\/2024\/04\/1-boletim-chuvas-de-verao-2024-04apr.jpeg 1600w\" sizes=\"auto, (max-width: 1280px) 100vw, 1280px\" \/><\/a><figcaption class=\"wp-element-caption\">Boletim 01\/04<\/figcaption><\/figure>\n<\/div>\n\n\n\n<div class=\"wp-block-column is-layout-flow wp-block-column-is-layout-flow\">\n<figure class=\"wp-block-image size-large\"><a href=\"https:\/\/jundiai.sp.gov.br\/casa-civil\/wp-content\/uploads\/sites\/6\/2024\/03\/1-boletim-chuvas-de-verao-2024-25mar_page-0001.jpg\"><img loading=\"lazy\" decoding=\"async\" width=\"1280\" height=\"960\" src=\"https:\/\/jundiai.sp.gov.br\/casa-civil\/wp-content\/uploads\/sites\/6\/2024\/03\/1-boletim-chuvas-de-verao-2024-25mar_page-0001-1280x960.jpg\" alt=\"\" class=\"wp-image-8520\" srcset=\"https:\/\/jundiai.sp.gov.br\/casa-civil\/wp-content\/uploads\/sites\/6\/2024\/03\/1-boletim-chuvas-de-verao-2024-25mar_page-0001-1280x960.jpg 1280w, https:\/\/jundiai.sp.gov.br\/casa-civil\/wp-content\/uploads\/sites\/6\/2024\/03\/1-boletim-chuvas-de-verao-2024-25mar_page-0001-300x225.jpg 300w, https:\/\/jundiai.sp.gov.br\/casa-civil\/wp-content\/uploads\/sites\/6\/2024\/03\/1-boletim-chuvas-de-verao-2024-25mar_page-0001-768x576.jpg 768w, https:\/\/jundiai.sp.gov.br\/casa-civil\/wp-content\/uploads\/sites\/6\/2024\/03\/1-boletim-chuvas-de-verao-2024-25mar_page-0001-1536x1152.jpg 1536w, https:\/\/jundiai.sp.gov.br\/casa-civil\/wp-content\/uploads\/sites\/6\/2024\/03\/1-boletim-chuvas-de-verao-2024-25mar_page-0001.jpg 1900w\" sizes=\"auto, (max-width: 1280px) 100vw, 1280px\" \/><\/a><figcaption class=\"wp-element-caption\">Boletim 23\/03<\/figcaption><\/figure>\n<\/div>\n<\/div>\n\n\n\n<div class=\"wp-block-columns is-layout-flex wp-container-core-columns-is-layout-9d6595d7 wp-block-columns-is-layout-flex\">\n<div class=\"wp-block-column is-layout-flow wp-block-column-is-layout-flow\">\n<figure class=\"wp-block-image size-large\"><a href=\"https:\/\/jundiai.sp.gov.br\/casa-civil\/wp-content\/uploads\/sites\/6\/2024\/03\/1-boletim-chuvas-de-verao-2024-18mar_page-0001.jpg\"><img loading=\"lazy\" decoding=\"async\" width=\"1280\" height=\"960\" src=\"https:\/\/jundiai.sp.gov.br\/casa-civil\/wp-content\/uploads\/sites\/6\/2024\/03\/1-boletim-chuvas-de-verao-2024-18mar_page-0001-1280x960.jpg\" alt=\"\" class=\"wp-image-8295\" srcset=\"https:\/\/jundiai.sp.gov.br\/casa-civil\/wp-content\/uploads\/sites\/6\/2024\/03\/1-boletim-chuvas-de-verao-2024-18mar_page-0001-1280x960.jpg 1280w, https:\/\/jundiai.sp.gov.br\/casa-civil\/wp-content\/uploads\/sites\/6\/2024\/03\/1-boletim-chuvas-de-verao-2024-18mar_page-0001-300x225.jpg 300w, https:\/\/jundiai.sp.gov.br\/casa-civil\/wp-content\/uploads\/sites\/6\/2024\/03\/1-boletim-chuvas-de-verao-2024-18mar_page-0001-768x576.jpg 768w, https:\/\/jundiai.sp.gov.br\/casa-civil\/wp-content\/uploads\/sites\/6\/2024\/03\/1-boletim-chuvas-de-verao-2024-18mar_page-0001-1536x1152.jpg 1536w, https:\/\/jundiai.sp.gov.br\/casa-civil\/wp-content\/uploads\/sites\/6\/2024\/03\/1-boletim-chuvas-de-verao-2024-18mar_page-0001.jpg 1900w\" sizes=\"auto, (max-width: 1280px) 100vw, 1280px\" \/><\/a><figcaption class=\"wp-element-caption\">Boletim 15\/03<\/figcaption><\/figure>\n<\/div>\n\n\n\n<div class=\"wp-block-column is-layout-flow wp-block-column-is-layout-flow\">\n<figure class=\"wp-block-image size-large\"><a href=\"https:\/\/jundiai.sp.gov.br\/casa-civil\/wp-content\/uploads\/sites\/6\/2024\/03\/1-boletim-chuvas-de-verao-2024-14mar_page-0001.jpg\"><img loading=\"lazy\" decoding=\"async\" width=\"1280\" height=\"960\" src=\"https:\/\/jundiai.sp.gov.br\/casa-civil\/wp-content\/uploads\/sites\/6\/2024\/03\/1-boletim-chuvas-de-verao-2024-14mar_page-0001-1280x960.jpg\" alt=\"\" class=\"wp-image-8269\" srcset=\"https:\/\/jundiai.sp.gov.br\/casa-civil\/wp-content\/uploads\/sites\/6\/2024\/03\/1-boletim-chuvas-de-verao-2024-14mar_page-0001-1280x960.jpg 1280w, https:\/\/jundiai.sp.gov.br\/casa-civil\/wp-content\/uploads\/sites\/6\/2024\/03\/1-boletim-chuvas-de-verao-2024-14mar_page-0001-300x225.jpg 300w, https:\/\/jundiai.sp.gov.br\/casa-civil\/wp-content\/uploads\/sites\/6\/2024\/03\/1-boletim-chuvas-de-verao-2024-14mar_page-0001-768x576.jpg 768w, https:\/\/jundiai.sp.gov.br\/casa-civil\/wp-content\/uploads\/sites\/6\/2024\/03\/1-boletim-chuvas-de-verao-2024-14mar_page-0001-1536x1152.jpg 1536w, https:\/\/jundiai.sp.gov.br\/casa-civil\/wp-content\/uploads\/sites\/6\/2024\/03\/1-boletim-chuvas-de-verao-2024-14mar_page-0001.jpg 1900w\" sizes=\"auto, (max-width: 1280px) 100vw, 1280px\" \/><\/a><figcaption class=\"wp-element-caption\">Boletim 11\/03<\/figcaption><\/figure>\n<\/div>\n<\/div>\n","protected":false},"excerpt":{"rendered":"","protected":false},"author":69,"featured_media":0,"parent":4742,"menu_order":0,"comment_status":"closed","ping_status":"closed","template":"","meta":{"footnotes":""},"class_list":["post-8268","page","type-page","status-publish","hentry"],"_links":{"self":[{"href":"https:\/\/jundiai.sp.gov.br\/casa-civil\/wp-json\/wp\/v2\/pages\/8268","targetHints":{"allow":["GET"]}}],"collection":[{"href":"https:\/\/jundiai.sp.gov.br\/casa-civil\/wp-json\/wp\/v2\/pages"}],"about":[{"href":"https:\/\/jundiai.sp.gov.br\/casa-civil\/wp-json\/wp\/v2\/types\/page"}],"author":[{"embeddable":true,"href":"https:\/\/jundiai.sp.gov.br\/casa-civil\/wp-json\/wp\/v2\/users\/69"}],"replies":[{"embeddable":true,"href":"https:\/\/jundiai.sp.gov.br\/casa-civil\/wp-json\/wp\/v2\/comments?post=8268"}],"version-history":[{"count":16,"href":"https:\/\/jundiai.sp.gov.br\/casa-civil\/wp-json\/wp\/v2\/pages\/8268\/revisions"}],"predecessor-version":[{"id":9704,"href":"https:\/\/jundiai.sp.gov.br\/casa-civil\/wp-json\/wp\/v2\/pages\/8268\/revisions\/9704"}],"up":[{"embeddable":true,"href":"https:\/\/jundiai.sp.gov.br\/casa-civil\/wp-json\/wp\/v2\/pages\/4742"}],"wp:attachment":[{"href":"https:\/\/jundiai.sp.gov.br\/casa-civil\/wp-json\/wp\/v2\/media?parent=8268"}],"curies":[{"name":"wp","href":"https:\/\/api.w.org\/{rel}","templated":true}]}}