{"id":6,"date":"2014-08-13T19:35:34","date_gmt":"2014-08-13T22:35:34","guid":{"rendered":"https:\/\/jundiai.sp.gov.br\/comunicacao\/?page_id=6"},"modified":"2026-04-01T17:25:45","modified_gmt":"2026-04-01T20:25:45","slug":"inovacao-relacao-com-o-cidadao","status":"publish","type":"page","link":"https:\/\/jundiai.sp.gov.br\/comunicacao\/","title":{"rendered":"Comunica\u00e7\u00e3o"},"content":{"rendered":"\n<p><strong>A Secretaria Municipal de Comunica\u00e7\u00e3o tem por finalidade coordenar as a\u00e7\u00f5es e pol\u00edticas de comunica\u00e7\u00e3o e de rela\u00e7\u00e3o com o cidad\u00e3o na Administra\u00e7\u00e3o direta do Munic\u00edpio, suportada pela seguinte estrutura org\u00e2nica b\u00e1sica:<\/strong><\/p>\n\n\n\n<ul class=\"wp-block-list\">\n<li>Secretaria Adjunta de Gest\u00e3o da Informa\u00e7\u00e3o;<\/li>\n\n\n\n<li>Departamento de Planejamento, Gest\u00e3o e Finan\u00e7as;<\/li>\n\n\n\n<li>Departamento de Comunica\u00e7\u00e3o;<\/li>\n\n\n\n<li>Ouvidoria Municipal.<\/li>\n<\/ul>\n\n\n\n<p>Atuam por coordena\u00e7\u00e3o administrativa a Secretaria de Comunica\u00e7\u00e3o e a <a href=\"https:\/\/tvtecjundiai.com.br\/\" target=\"_blank\" rel=\"noopener noreferrer\">Funda\u00e7\u00e3o Televis\u00e3o Educativa de Jundia\u00ed (FTVE)<\/a>.<\/p>\n\n\n\n<h2 class=\"wp-block-heading\">Contatos<\/h2>\n\n\n\n<p><strong>Gabinete da Secret\u00e1ria de Comunica\u00e7\u00e3o<\/strong><br>Pa\u00e7o Municipal &#8211; 7\u00ba andar &#8211; Ala Sul<br>Telefones: (11) 4589-8449<\/p>\n\n\n\n<p><strong>Departamento de Administra\u00e7\u00e3o da Secretaria de Comunica\u00e7\u00e3o:\u00a0<\/strong><br>Telefones: (11) 4589-8446 \/ 8448<\/p>\n\n\n\n<p><strong>Imprensa Oficial <\/strong><br>Telefones: (11) 4589-8446 \/ 8380<\/p>\n\n\n\n<p><strong>Departamento de Planejamento, Gest\u00e3o e Finan\u00e7as<\/strong><br>Telefone: (11) 4589-8446<\/p>\n\n\n\n<p><b>Departamento de Comunica\u00e7\u00e3o<\/b><br>Jornalismo \u2013 (11) 4589-8971 \/ 8946 \/ 8451 \/ 8452 \/ 8953 \/ 9323 \/ 8948 \/ <br>Fotografia \u2013 (11) 4589-9320 \/ 8447 \/ 8402 \/ 8943<br>M\u00eddia Digital \u2013 (11) 4589-8971 \/ 8946 \/ 9321 \/ 9375 \/ 8444<br>Publicidade e Cria\u00e7\u00e3o \u2013 (11) 4589-8453 \/ 9320<br>E-mail: <a href=\"mailto:comunicacao@jundiai.sp.gov.br\">comunicacao@jundiai.sp.gov.br\u00a0<\/a><\/p>\n\n\n\n<p><b>Ouvidoria Municipal<br>\n<\/b>Telefone: (11) 4589-8454<br>\nE-mail:&nbsp;<a href=\"mailto:ouvidoria@jundiai.sp.gov.br\" target=\"_blank\" rel=\"noopener\">ouvidoria@jundiai.sp.gov.br<\/a><\/p>\n\n\n\n<p><b>Informa\u00e7\u00f5es 156\u00a0<\/b><br> Pa\u00e7o Municipal \u2013 1\u00ba andar \u2013 Ala Sul<br> Telefone: 156<br><\/p>\n\n\n\n<p><b>Servi\u00e7o de Informa\u00e7\u00e3o ao Cidad\u00e3o (SIC)<\/b><br>\nPa\u00e7o Municipal \u2013 T\u00e9rreo \u2013 Ala Norte<br>\nE-mail:&nbsp;<a href=\"mailto:sic@jundiai.sp.gov.br\" target=\"_blank\" rel=\"noopener\">sic@jundiai.sp.gov.br<\/a><\/p>\n","protected":false},"excerpt":{"rendered":"<p>A Secretaria Municipal de Comunica\u00e7\u00e3o tem por finalidade coordenar as a\u00e7\u00f5es e pol\u00edticas de comunica\u00e7\u00e3o e de rela\u00e7\u00e3o com o cidad\u00e3o na Administra\u00e7\u00e3o direta do Munic\u00edpio, suportada pela seguinte estrutura org\u00e2nica b\u00e1sica: Atuam por coordena\u00e7\u00e3o administrativa a Secretaria de Comunica\u00e7\u00e3o e a Funda\u00e7\u00e3o Televis\u00e3o Educativa de Jundia\u00ed (FTVE). Contatos Gabinete da Secret\u00e1ria de Comunica\u00e7\u00e3oPa\u00e7o Municipal [&hellip;]<\/p>\n","protected":false},"author":8,"featured_media":0,"parent":0,"menu_order":0,"comment_status":"open","ping_status":"closed","template":"page-subpaginas.php","meta":{"footnotes":""},"class_list":["post-6","page","type-page","status-publish","hentry"],"_links":{"self":[{"href":"https:\/\/jundiai.sp.gov.br\/comunicacao\/wp-json\/wp\/v2\/pages\/6","targetHints":{"allow":["GET"]}}],"collection":[{"href":"https:\/\/jundiai.sp.gov.br\/comunicacao\/wp-json\/wp\/v2\/pages"}],"about":[{"href":"https:\/\/jundiai.sp.gov.br\/comunicacao\/wp-json\/wp\/v2\/types\/page"}],"author":[{"embeddable":true,"href":"https:\/\/jundiai.sp.gov.br\/comunicacao\/wp-json\/wp\/v2\/users\/8"}],"replies":[{"embeddable":true,"href":"https:\/\/jundiai.sp.gov.br\/comunicacao\/wp-json\/wp\/v2\/comments?post=6"}],"version-history":[{"count":45,"href":"https:\/\/jundiai.sp.gov.br\/comunicacao\/wp-json\/wp\/v2\/pages\/6\/revisions"}],"predecessor-version":[{"id":389,"href":"https:\/\/jundiai.sp.gov.br\/comunicacao\/wp-json\/wp\/v2\/pages\/6\/revisions\/389"}],"wp:attachment":[{"href":"https:\/\/jundiai.sp.gov.br\/comunicacao\/wp-json\/wp\/v2\/media?parent=6"}],"curies":[{"name":"wp","href":"https:\/\/api.w.org\/{rel}","templated":true}]}}