{"id":9,"date":"2017-03-29T15:31:11","date_gmt":"2017-03-29T18:31:11","guid":{"rendered":"https:\/\/jundiai.sp.gov.br\/controladoria-geral-do-municipio\/?page_id=9"},"modified":"2017-04-07T17:11:12","modified_gmt":"2017-04-07T20:11:12","slug":"controlador-geral","status":"publish","type":"page","link":"https:\/\/jundiai.sp.gov.br\/controladoria-geral-do-municipio\/controlador-geral\/","title":{"rendered":"Controlador Geral"},"content":{"rendered":"<p><strong>O cargo de Controlador Geral do Munic\u00edpio tem como requisito a ocupa\u00e7\u00e3o de um cargo efetivo e est\u00e1vel no Munic\u00edpio e como forma de provimento a livre nomea\u00e7\u00e3o e exonera\u00e7\u00e3o. Como forma\u00e7\u00e3o, \u00e9 necess\u00e1rio Ensino Superior completo em Direito, Contabilidade, Administra\u00e7\u00e3o ou Economia.<\/strong><\/p>\n<p>A descri\u00e7\u00e3o sum\u00e1ria do cargo de Controlador Geral do Munic\u00edpio \u00e9 controlar, fiscalizar, prestar assist\u00eancia imediata e assessoramento t\u00e9cnico com o objetivo de executar as atividades de controle interno no \u00e2mbito da Administra\u00e7\u00e3o P\u00fablica Municipal promovendo acompanhamento de atos e decis\u00f5es exarados pela Administra\u00e7\u00e3o, mediante a emiss\u00e3o de relat\u00f3rios peri\u00f3dicos e arquivamento das an\u00e1lises realizadas, bem como na realiza\u00e7\u00e3o de auditorias e inspe\u00e7\u00f5es. <\/p>\n","protected":false},"excerpt":{"rendered":"<p>O cargo de Controlador Geral do Munic\u00edpio tem como requisito a ocupa\u00e7\u00e3o de um cargo efetivo e est\u00e1vel no Munic\u00edpio e como forma de provimento a livre nomea\u00e7\u00e3o e exonera\u00e7\u00e3o. Como forma\u00e7\u00e3o, \u00e9 necess\u00e1rio Ensino Superior completo em Direito, Contabilidade, Administra\u00e7\u00e3o ou Economia. A descri\u00e7\u00e3o sum\u00e1ria do cargo de Controlador Geral do Munic\u00edpio \u00e9 controlar, [&hellip;]<\/p>\n","protected":false},"author":14,"featured_media":0,"parent":0,"menu_order":1,"comment_status":"closed","ping_status":"closed","template":"","meta":{"footnotes":""},"class_list":["post-9","page","type-page","status-publish","hentry"],"_links":{"self":[{"href":"https:\/\/jundiai.sp.gov.br\/controladoria-geral-do-municipio\/wp-json\/wp\/v2\/pages\/9","targetHints":{"allow":["GET"]}}],"collection":[{"href":"https:\/\/jundiai.sp.gov.br\/controladoria-geral-do-municipio\/wp-json\/wp\/v2\/pages"}],"about":[{"href":"https:\/\/jundiai.sp.gov.br\/controladoria-geral-do-municipio\/wp-json\/wp\/v2\/types\/page"}],"author":[{"embeddable":true,"href":"https:\/\/jundiai.sp.gov.br\/controladoria-geral-do-municipio\/wp-json\/wp\/v2\/users\/14"}],"replies":[{"embeddable":true,"href":"https:\/\/jundiai.sp.gov.br\/controladoria-geral-do-municipio\/wp-json\/wp\/v2\/comments?post=9"}],"version-history":[{"count":5,"href":"https:\/\/jundiai.sp.gov.br\/controladoria-geral-do-municipio\/wp-json\/wp\/v2\/pages\/9\/revisions"}],"predecessor-version":[{"id":19,"href":"https:\/\/jundiai.sp.gov.br\/controladoria-geral-do-municipio\/wp-json\/wp\/v2\/pages\/9\/revisions\/19"}],"wp:attachment":[{"href":"https:\/\/jundiai.sp.gov.br\/controladoria-geral-do-municipio\/wp-json\/wp\/v2\/media?parent=9"}],"curies":[{"name":"wp","href":"https:\/\/api.w.org\/{rel}","templated":true}]}}