{"id":107,"date":"2020-05-04T11:15:50","date_gmt":"2020-05-04T14:15:50","guid":{"rendered":"http:\/\/jundiai.sp.gov.br\/corona\/?page_id=107"},"modified":"2020-05-04T11:15:50","modified_gmt":"2020-05-04T14:15:50","slug":"o-que-e-pandemia","status":"publish","type":"page","link":"https:\/\/jundiai.sp.gov.br\/coronavirus\/faq\/o-coronavirus\/o-que-e-pandemia\/","title":{"rendered":"O que \u00e9 pandemia?"},"content":{"rendered":"<p>\t\t\t\t<span style=\"margin: 0px;color: black;font-family: 'Arial',sans-serif;font-size: 13.5pt\">Em 11 de mar\u00e7o de 2020, a Organiza\u00e7\u00e3o Mundial da Sa\u00fade classificou a doen\u00e7a causada pelo novo Coronav\u00edrus (COVID-19) como uma pandemia. Isso significa que h\u00e1 um n\u00famero de casos da doen\u00e7a acima do esperado e que o v\u00edrus est\u00e1 circulando em todos os continentes.<\/span>\t\t<\/p>\n","protected":false},"excerpt":{"rendered":"<p>Em 11 de mar\u00e7o de 2020, a Organiza\u00e7\u00e3o Mundial da Sa\u00fade classificou a doen\u00e7a causada pelo novo Coronav\u00edrus (COVID-19) como uma pandemia. Isso significa que h\u00e1 um n\u00famero de casos da doen\u00e7a acima do esperado e que o v\u00edrus est\u00e1 circulando em todos os continentes.<\/p>\n","protected":false},"author":5,"featured_media":0,"parent":100,"menu_order":2,"comment_status":"closed","ping_status":"closed","template":"","meta":{"footnotes":""},"class_list":["post-107","page","type-page","status-publish","hentry"],"_links":{"self":[{"href":"https:\/\/jundiai.sp.gov.br\/coronavirus\/wp-json\/wp\/v2\/pages\/107","targetHints":{"allow":["GET"]}}],"collection":[{"href":"https:\/\/jundiai.sp.gov.br\/coronavirus\/wp-json\/wp\/v2\/pages"}],"about":[{"href":"https:\/\/jundiai.sp.gov.br\/coronavirus\/wp-json\/wp\/v2\/types\/page"}],"author":[{"embeddable":true,"href":"https:\/\/jundiai.sp.gov.br\/coronavirus\/wp-json\/wp\/v2\/users\/5"}],"replies":[{"embeddable":true,"href":"https:\/\/jundiai.sp.gov.br\/coronavirus\/wp-json\/wp\/v2\/comments?post=107"}],"version-history":[{"count":0,"href":"https:\/\/jundiai.sp.gov.br\/coronavirus\/wp-json\/wp\/v2\/pages\/107\/revisions"}],"up":[{"embeddable":true,"href":"https:\/\/jundiai.sp.gov.br\/coronavirus\/wp-json\/wp\/v2\/pages\/100"}],"wp:attachment":[{"href":"https:\/\/jundiai.sp.gov.br\/coronavirus\/wp-json\/wp\/v2\/media?parent=107"}],"curies":[{"name":"wp","href":"https:\/\/api.w.org\/{rel}","templated":true}]}}