{"id":108,"date":"2017-04-17T14:13:15","date_gmt":"2017-04-17T17:13:15","guid":{"rendered":"https:\/\/jundiai.sp.gov.br\/cultura\/?page_id=108"},"modified":"2025-09-25T14:45:33","modified_gmt":"2025-09-25T17:45:33","slug":"organograma","status":"publish","type":"page","link":"https:\/\/jundiai.sp.gov.br\/cultura\/organograma\/","title":{"rendered":"Organograma"},"content":{"rendered":"<h2>Estrutura da Secretaria<\/h2>\n<p>Secret\u00e1ria: <strong>Clarina Fasanaro<\/strong><\/p>\n<hr \/>\n<p><strong>Departamento de Planejamento, Gest\u00e3o e Finan\u00e7as<\/strong><br \/>\nDiretor: Paulo Capobianco<br \/>\nTelefone: (11) 4589-6828<\/p>\n<p><strong>Departamento de Cultura<br \/>\n<\/strong>Diretor: William Ramos<br \/>\nTelefone: (11) 4589-6818<strong><br \/>\n<\/strong><\/p>\n<p><strong>Departamento de Teatros<\/strong><br \/>\nDiretor: Carlos Eduardo Pasqualim de Souza<br \/>\nTelefone: (11) 4589-6839<\/p>\n<p><strong>Departamento de Museus<\/strong><br \/>\nDiretor: Maur\u00edcio Ferreira<br \/>\nTelefone: (11) 4589-6813<\/p>\n<p><strong>Departamento de Patrim\u00f4nio Hist\u00f3rico<\/strong><br \/>\nDiretor: Fernando Maranha Peche<br \/>\nTelefone: (11) 4589-6826<\/p>\n<p><strong>Departamento de Gest\u00e3o do Complexo Fepasa<br \/>\n<\/strong>Diretora:\u00a0Fernanda Regina Nogueira<br \/>\nTelefone: (11) 4589-6808<\/p>\n","protected":false},"excerpt":{"rendered":"<p>Estrutura da Secretaria Secret\u00e1ria: Clarina Fasanaro Departamento de Planejamento, Gest\u00e3o e Finan\u00e7as Diretor: Paulo Capobianco Telefone: (11) 4589-6828 Departamento de Cultura Diretor: William Ramos Telefone: (11) 4589-6818 Departamento de Teatros Diretor: Carlos Eduardo Pasqualim de Souza Telefone: (11) 4589-6839 Departamento de Museus Diretor: Maur\u00edcio Ferreira Telefone: (11) 4589-6813 Departamento de Patrim\u00f4nio Hist\u00f3rico Diretor: Fernando Maranha [&hellip;]<\/p>\n","protected":false},"author":14,"featured_media":0,"parent":0,"menu_order":0,"comment_status":"closed","ping_status":"closed","template":"","meta":{"footnotes":""},"class_list":["post-108","page","type-page","status-publish","hentry"],"_links":{"self":[{"href":"https:\/\/jundiai.sp.gov.br\/cultura\/wp-json\/wp\/v2\/pages\/108","targetHints":{"allow":["GET"]}}],"collection":[{"href":"https:\/\/jundiai.sp.gov.br\/cultura\/wp-json\/wp\/v2\/pages"}],"about":[{"href":"https:\/\/jundiai.sp.gov.br\/cultura\/wp-json\/wp\/v2\/types\/page"}],"author":[{"embeddable":true,"href":"https:\/\/jundiai.sp.gov.br\/cultura\/wp-json\/wp\/v2\/users\/14"}],"replies":[{"embeddable":true,"href":"https:\/\/jundiai.sp.gov.br\/cultura\/wp-json\/wp\/v2\/comments?post=108"}],"version-history":[{"count":21,"href":"https:\/\/jundiai.sp.gov.br\/cultura\/wp-json\/wp\/v2\/pages\/108\/revisions"}],"predecessor-version":[{"id":251,"href":"https:\/\/jundiai.sp.gov.br\/cultura\/wp-json\/wp\/v2\/pages\/108\/revisions\/251"}],"wp:attachment":[{"href":"https:\/\/jundiai.sp.gov.br\/cultura\/wp-json\/wp\/v2\/media?parent=108"}],"curies":[{"name":"wp","href":"https:\/\/api.w.org\/{rel}","templated":true}]}}