{"id":26,"date":"2016-12-22T16:29:44","date_gmt":"2016-12-22T18:29:44","guid":{"rendered":"https:\/\/jundiai.sp.gov.br\/dae\/?page_id=26"},"modified":"2018-04-16T12:06:39","modified_gmt":"2018-04-16T15:06:39","slug":"plano-de-saneamento","status":"publish","type":"page","link":"https:\/\/jundiai.sp.gov.br\/dae\/plano-de-saneamento\/","title":{"rendered":"Plano de Saneamento B\u00e1sico"},"content":{"rendered":"<p>Em conson\u00e2ncia com as orienta\u00e7\u00f5es da Lei Federal n\u00ba 11.445\/2007, a DAE S.A, em parceria com a Prefeitura do Munic\u00edpio, realizou o Plano Municipal de Saneamento B\u00e1sico (PMSB) \u2013 \u00c1gua e Esgoto.<\/p>\n<p>Os Planos Municipais de Saneamento B\u00e1sico t\u00eam por objetivo consolidar os instrumentos de planejamento e gest\u00e3o afetos ao saneamento, com vistas a universalizar o acesso aos servi\u00e7os, garantindo qualidade e sufici\u00eancia no suprimento dos mesmos, proporcionando melhores condi\u00e7\u00f5es de vida \u00e0 popula\u00e7\u00e3o, bem como a melhoria das condi\u00e7\u00f5es ambientais.<\/p>\n<p>Conhe\u00e7a a \u00edntegra do PMSB\u00a0<a href=\"http:\/\/daejundiai.com.br\/wp-content\/uploads\/2018\/03\/PMSB-JUNDIAI-A4_REVIS%C3%83O-FINAL_v03b.pdf\" target=\"_blank\" rel=\"noopener\" data-saferedirecturl=\"https:\/\/www.google.com\/url?hl=pt-BR&amp;q=http:\/\/daejundiai.com.br\/wp-content\/uploads\/2018\/03\/PMSB-JUNDIAI-A4_REVIS%C3%83O-FINAL_v03b.pdf&amp;source=gmail&amp;ust=1523977090809000&amp;usg=AFQjCNGOJdbvJvkKBrqQv6I2OBmqBfAw4Q\">clicando aqui<\/a>, institu\u00eddo pela Lei n\u00ba 8.881, de 13 de dezembro de 2017.<\/p>\n<p>Acesse a lei do PMSB, publicada na Imprensa Oficial em 19\/12\/2017:\u00a0<a href=\"https:\/\/goo.gl\/XbmV88\" target=\"_blank\" rel=\"noopener\" data-saferedirecturl=\"https:\/\/www.google.com\/url?hl=pt-BR&amp;q=https:\/\/goo.gl\/XbmV88&amp;source=gmail&amp;ust=1523977090809000&amp;usg=AFQjCNET81mLXYmO_oOPYEHHuuSbSPshSA\">https:\/\/goo.gl\/XbmV88<\/a>.<\/p>\n<p>Confira o Plano de Saneamento 2017:<\/p>\n<p><iframe loading=\"lazy\" style=\"width: 725px; height: 512px;\" src=\"\/\/e.issuu.com\/embed.html#3272563\/54360259\" width=\"300\" height=\"150\" frameborder=\"0\" allowfullscreen=\"allowfullscreen\"><\/iframe><\/p>\n<p><a href=\"https:\/\/jundiai.sp.gov.br\/dae\/wp-content\/uploads\/sites\/29\/2016\/12\/pmsb-jundiai-compressed.pdf\"><strong>Fa\u00e7a o download<\/strong><\/a><\/p>\n","protected":false},"excerpt":{"rendered":"<p>Em conson\u00e2ncia com as orienta\u00e7\u00f5es da Lei Federal n\u00ba 11.445\/2007, a DAE S.A, em parceria com a Prefeitura do Munic\u00edpio, realizou o Plano Municipal de Saneamento B\u00e1sico (PMSB) \u2013 \u00c1gua e Esgoto. Os Planos Municipais de Saneamento B\u00e1sico t\u00eam por objetivo consolidar os instrumentos de planejamento e gest\u00e3o afetos ao saneamento, com vistas a universalizar [&hellip;]<\/p>\n","protected":false},"author":14,"featured_media":0,"parent":0,"menu_order":0,"comment_status":"closed","ping_status":"closed","template":"","meta":{"footnotes":""},"class_list":["post-26","page","type-page","status-publish","hentry"],"_links":{"self":[{"href":"https:\/\/jundiai.sp.gov.br\/dae\/wp-json\/wp\/v2\/pages\/26","targetHints":{"allow":["GET"]}}],"collection":[{"href":"https:\/\/jundiai.sp.gov.br\/dae\/wp-json\/wp\/v2\/pages"}],"about":[{"href":"https:\/\/jundiai.sp.gov.br\/dae\/wp-json\/wp\/v2\/types\/page"}],"author":[{"embeddable":true,"href":"https:\/\/jundiai.sp.gov.br\/dae\/wp-json\/wp\/v2\/users\/14"}],"replies":[{"embeddable":true,"href":"https:\/\/jundiai.sp.gov.br\/dae\/wp-json\/wp\/v2\/comments?post=26"}],"version-history":[{"count":9,"href":"https:\/\/jundiai.sp.gov.br\/dae\/wp-json\/wp\/v2\/pages\/26\/revisions"}],"predecessor-version":[{"id":54,"href":"https:\/\/jundiai.sp.gov.br\/dae\/wp-json\/wp\/v2\/pages\/26\/revisions\/54"}],"wp:attachment":[{"href":"https:\/\/jundiai.sp.gov.br\/dae\/wp-json\/wp\/v2\/media?parent=26"}],"curies":[{"name":"wp","href":"https:\/\/api.w.org\/{rel}","templated":true}]}}