{"id":220,"date":"2014-11-18T11:47:00","date_gmt":"2014-11-18T13:47:00","guid":{"rendered":"https:\/\/jundiai.sp.gov.br\/desenvolvimento-economico\/?page_id=220"},"modified":"2026-01-28T15:58:55","modified_gmt":"2026-01-28T18:58:55","slug":"conselho-municipal-de-ciencia-tecnologia-e-inovacao","status":"publish","type":"page","link":"https:\/\/jundiai.sp.gov.br\/desenvolvimento-economico\/conselho\/conselho-municipal-de-ciencia-tecnologia-e-inovacao\/","title":{"rendered":"Conselho Municipal de Ci\u00eancia, Tecnologia e Inova\u00e7\u00e3o (CMCTI)"},"content":{"rendered":"\n<p>O Conselho Municipal de Ci\u00eancia, Tecnologia e Inova\u00e7\u00e3o tem por finalidade promover a discuss\u00e3o, a proposi\u00e7\u00e3o e o acompanhamento das pol\u00edticas p\u00fablicas de ci\u00eancia, tecnologia e inova\u00e7\u00e3o, bem como apoiar e incentivar o desenvolvimento cient\u00edfico e tecnol\u00f3gico do Munic\u00edpio.<\/p>\n\n\n\n<p>As reuni\u00f5es ordin\u00e1rias do CMCTI s\u00e3o realizadas nos meses de fevereiro, abril, junho, agosto, outubro, dezembro e s\u00e3o itinerantes. Elas acontecem com a participa\u00e7\u00e3o do Conselheiros eleitos e s\u00e3o abertas aos mun\u00edcipes que queiram acompanhar as atividades.<\/p>\n\n\n\n<p>As reuni\u00f5es extraordin\u00e1rias acontecem mediante a necessidade de sua realiza\u00e7\u00e3o e consequente aprova\u00e7\u00e3o da mesa diretora.<\/p>\n\n\n\n<p><strong><a rel=\"noreferrer noopener\" href=\"https:\/\/campus.jundiai.sp.gov.br\/\" target=\"_blank\">Participe e saiba mais atrav\u00e9s do site do Campus Jundia\u00ed<\/a><\/strong><\/p>\n\n\n\n<p><strong>Mesa Diretoria do Bi\u00eanio 2025-2027<\/strong><\/p>\n\n\n\n<p>Presidente&nbsp; &nbsp; &nbsp; &nbsp; &nbsp; &nbsp; &nbsp; &nbsp; &nbsp; Vlamir Ienne<br>Vice-presidente &nbsp; &nbsp; &nbsp; &nbsp; Tiago Antunes<br>1\u00ba Secret\u00e1rio&nbsp; &nbsp; &nbsp; &nbsp; &nbsp; &nbsp; &nbsp; Francesco Bordignon<br>2\u00ba Secret\u00e1rio&nbsp; &nbsp; &nbsp; &nbsp; &nbsp; &nbsp; &nbsp; Michel Macahiba Domingues<\/p>\n\n\n\n<h2 class=\"wp-block-heading\"><strong><strong>Agenda das Reuni\u00f5es Ordin\u00e1rias 2026<\/strong><\/strong><\/h2>\n\n\n\n<p>Participe do Conselho: nossas reuni\u00f5es s\u00e3o abertas (presenciais), conforme agenda abaixo (n\u00e3o requer inscri\u00e7\u00e3o!)<\/p>\n\n\n\n<p><strong>Reuni\u00f5es:<\/strong> terceira (3\u00aa)&nbsp;quinta-feira&nbsp;de cada m\u00eas;<br><strong>Hor\u00e1rio: <\/strong>10 \u00e0s 11h30;<br><strong>Local: <\/strong>conforme convoca\u00e7\u00e3o (<a href=\"https:\/\/imprensaoficial.jundiai.sp.gov.br\/\">imprensa oficial<\/a>) para cada reuni\u00e3o.<\/p>\n\n\n\n<h2 class=\"wp-block-heading\"><strong>Calend\u00e1rio de reuni\u00f5es do ano 2026<\/strong><\/h2>\n\n\n\n<p>Fevereiro: 24 ter\u00e7a-feira (excepcional)<\/p>\n\n\n\n<p>Abril: 16<\/p>\n\n\n\n<p>Junho: 18<\/p>\n\n\n\n<p>Agosto: 20<\/p>\n\n\n\n<p>Outubro: 15<\/p>\n\n\n\n<p>Dezembro: 17<\/p>\n\n\n\n<p><\/p>\n\n\n\n<p><\/p>\n\n\n\n<p><\/p>\n\n\n\n<p><\/p>\n\n\n\n<p><\/p>\n\n\n\n<p><\/p>\n\n\n\n<p><\/p>\n\n\n\n<div style=\"height:100px\" aria-hidden=\"true\" class=\"wp-block-spacer\"><\/div>\n","protected":false},"excerpt":{"rendered":"<p>O Conselho Municipal de Ci\u00eancia, Tecnologia e Inova\u00e7\u00e3o tem por finalidade promover a discuss\u00e3o, a proposi\u00e7\u00e3o e o acompanhamento das pol\u00edticas p\u00fablicas de ci\u00eancia, tecnologia e inova\u00e7\u00e3o, bem como apoiar e incentivar o desenvolvimento cient\u00edfico e tecnol\u00f3gico do Munic\u00edpio. As reuni\u00f5es ordin\u00e1rias do CMCTI s\u00e3o realizadas nos meses de fevereiro, abril, junho, agosto, outubro, dezembro [&hellip;]<\/p>\n","protected":false},"author":5,"featured_media":0,"parent":273,"menu_order":0,"comment_status":"closed","ping_status":"closed","template":"page-subpaginas.php","meta":{"footnotes":""},"class_list":["post-220","page","type-page","status-publish","hentry"],"_links":{"self":[{"href":"https:\/\/jundiai.sp.gov.br\/desenvolvimento-economico\/wp-json\/wp\/v2\/pages\/220","targetHints":{"allow":["GET"]}}],"collection":[{"href":"https:\/\/jundiai.sp.gov.br\/desenvolvimento-economico\/wp-json\/wp\/v2\/pages"}],"about":[{"href":"https:\/\/jundiai.sp.gov.br\/desenvolvimento-economico\/wp-json\/wp\/v2\/types\/page"}],"author":[{"embeddable":true,"href":"https:\/\/jundiai.sp.gov.br\/desenvolvimento-economico\/wp-json\/wp\/v2\/users\/5"}],"replies":[{"embeddable":true,"href":"https:\/\/jundiai.sp.gov.br\/desenvolvimento-economico\/wp-json\/wp\/v2\/comments?post=220"}],"version-history":[{"count":77,"href":"https:\/\/jundiai.sp.gov.br\/desenvolvimento-economico\/wp-json\/wp\/v2\/pages\/220\/revisions"}],"predecessor-version":[{"id":1231,"href":"https:\/\/jundiai.sp.gov.br\/desenvolvimento-economico\/wp-json\/wp\/v2\/pages\/220\/revisions\/1231"}],"up":[{"embeddable":true,"href":"https:\/\/jundiai.sp.gov.br\/desenvolvimento-economico\/wp-json\/wp\/v2\/pages\/273"}],"wp:attachment":[{"href":"https:\/\/jundiai.sp.gov.br\/desenvolvimento-economico\/wp-json\/wp\/v2\/media?parent=220"}],"curies":[{"name":"wp","href":"https:\/\/api.w.org\/{rel}","templated":true}]}}