{"id":25,"date":"2014-08-25T16:29:58","date_gmt":"2014-08-25T19:29:58","guid":{"rendered":"https:\/\/jundiai.sp.gov.br\/desenvolvimento-economico\/?page_id=25"},"modified":"2015-01-07T14:22:18","modified_gmt":"2015-01-07T16:22:18","slug":"links","status":"publish","type":"page","link":"https:\/\/jundiai.sp.gov.br\/desenvolvimento-economico\/links\/","title":{"rendered":"Links"},"content":{"rendered":"<h2>Empregos<\/h2>\n<ul>\n<li><a href=\"http:\/\/www.empregasaopaulo.sp.gov.br\/\" target=\"_blank\">Emprega S\u00e3o Paulo<\/a><\/li>\n<\/ul>\n<h2><\/h2>\n<h2>Governo<\/h2>\n<ul>\n<li><a href=\"http:\/\/www.brasil.gov.br\/\" target=\"_blank\">Governo do Brasil<\/a><\/li>\n<li><a href=\"http:\/\/www.saopaulo.sp.gov.br\/\" target=\"_blank\">Governo do Estado de SP<\/a><\/li>\n<li><a href=\"http:\/\/www.mct.gov.br\/\" target=\"_blank\">Minist\u00e9rio da Ci\u00eancia e Tecnologia<\/a><\/li>\n<li><a href=\"http:\/\/www.desenvolvimento.gov.br\/\" target=\"_blank\">Minist\u00e9rio do Desenvolvimento, Ind\u00fastria e Com\u00e9rcio Exterior<\/a><\/li>\n<li><a href=\"http:\/\/www.mte.gov.br\/\" target=\"_blank\">Minist\u00e9rio do Trabalho e Emprego<\/a><\/li>\n<li><a href=\"http:\/\/www.fazenda.sp.gov.br\/\" target=\"_blank\">Secretaria da Fazenda de S\u00e3o Paulo<\/a><\/li>\n<li><a href=\"http:\/\/www.bcb.gov.br\/\" target=\"_blank\">Banco Central do Brasil<\/a><\/li>\n<li><a href=\"http:\/\/www.bndes.gov.br\/\" target=\"_blank\">BNDES<\/a><\/li>\n<\/ul>\n<h2><\/h2>\n<h2>Ag\u00eancias &#8211; Institutos &#8211; Funda\u00e7\u00f5es<\/h2>\n<ul>\n<li><a href=\"http:\/\/www.adej.org.br\/\" target=\"_blank\">ADEJ<\/a><\/li>\n<li><a href=\"http:\/\/www.cni.org.br\/\" target=\"_blank\">Confedera\u00e7\u00e3o Nacional da Ind\u00fastria<\/a><\/li>\n<li><a href=\"http:\/\/www.fipe.com.br\/\" target=\"_blank\">FIPE<\/a><\/li>\n<li><a href=\"http:\/\/www.sebrae.com.br\/\" target=\"_blank\">SEBRAE<\/a><\/li>\n<li><a href=\"http:\/\/www.sebraesp.com.br\/\" target=\"_blank\">SEBRAE &#8211; SP<\/a><\/li>\n<li><a href=\"http:\/\/www.dieese.org.br\/\" target=\"_blank\">DIEESE<\/a><\/li>\n<li><a href=\"http:\/\/www.fgv.br\/\" target=\"_blank\">Funda\u00e7\u00e3oo Get\u00falio Vargas &#8211; FGV<\/a><\/li>\n<li><a href=\"http:\/\/www.fjp.mg.gov.br\/\" target=\"_blank\">Funda\u00e7\u00e3o Jo\u00e3o Pinheiro<\/a><\/li>\n<li><a href=\"http:\/\/www.seade.gov.br\/\" target=\"_blank\">Funda\u00e7\u00e3o Sistema Estadual de An\u00e1lise de Dados &#8211; SEADE<\/a><\/li>\n<li><a href=\"http:\/\/www.ibge.gov.br\/\" target=\"_blank\">IBGE<\/a><\/li>\n<li><a href=\"http:\/\/www.ieme.com.br\/\" target=\"_blank\">Instituto de Estudos Metropolitanos<\/a><\/li>\n<li><a href=\"http:\/\/www.ipeadata.gov.br\/\" target=\"_blank\">Instituto de Pesquisa Econ\u00f4mica Aplicada<\/a><\/li>\n<li><a href=\"http:\/\/www.ciesp.org.br\/\" target=\"_blank\">CIESP<\/a><\/li>\n<li><a href=\"http:\/\/www.fiesp.com.br\/\" target=\"_blank\">FIESP<\/a><\/li>\n<\/ul>\n<h2><\/h2>\n<h2>Jornais<\/h2>\n<ul>\n<li><a href=\"http:\/\/www.dci.com.br\/\" target=\"_blank\">Di\u00e1rio Com\u00e9rcio Ind\u00fastria e Servi\u00e7os<\/a><\/li>\n<li><a href=\"http:\/\/www.jornaldocommercio.com.br\/\" target=\"_blank\">Jornal do Com\u00e9rcio<\/a><\/li>\n<li><a href=\"http:\/\/www.valoronline.com.br\/\" target=\"_blank\">Valor Econ\u00f4mico<\/a><\/li>\n<\/ul>\n<h2><\/h2>\n<h2>Revistas<\/h2>\n<ul>\n<li><a href=\"http:\/\/www.fgv.br\/ibre\/cecon\/\" target=\"_blank\">Conjuntura Econ\u00f4mica<\/a><\/li>\n<li><a href=\"http:\/\/www.empreendedor.com.br\/\" target=\"_blank\">Empreendedor Online<\/a><\/li>\n<li><a href=\"http:\/\/www.empresario.com.br\/\" target=\"_blank\">Empres\u00e1rio Online<\/a><\/li>\n<li><a href=\"http:\/\/portalexame.abril.com.br\/\" target=\"_blank\">Exame<\/a><\/li>\n<li><a href=\"http:\/\/empresas.globo.com\/\" target=\"_blank\">Pequenas Empresas Grandes Neg\u00f3cios<\/a><\/li>\n<\/ul>\n<h2><\/h2>\n<h2>\u00cdndices Econ\u00f4micos<\/h2>\n<ul>\n<li><a href=\"http:\/\/www.financeone.com.br\/\" target=\"_blank\">Finance One<\/a><\/li>\n<li><a href=\"http:\/\/www.portalbrasil.net\/indices.htm\" target=\"_blank\">Portal Brasil<\/a><\/li>\n<li><a href=\"http:\/\/www.investnews.net\/\" target=\"_blank\">Investnews<\/a><\/li>\n<\/ul>\n","protected":false},"excerpt":{"rendered":"<p>Empregos Emprega S\u00e3o Paulo Governo Governo do Brasil Governo do Estado de SP Minist\u00e9rio da Ci\u00eancia e Tecnologia Minist\u00e9rio do Desenvolvimento, Ind\u00fastria e Com\u00e9rcio Exterior Minist\u00e9rio do Trabalho e Emprego Secretaria da Fazenda de S\u00e3o Paulo Banco Central do Brasil BNDES Ag\u00eancias &#8211; Institutos &#8211; Funda\u00e7\u00f5es ADEJ Confedera\u00e7\u00e3o Nacional da Ind\u00fastria FIPE SEBRAE SEBRAE &#8211; [&hellip;]<\/p>\n","protected":false},"author":11,"featured_media":0,"parent":0,"menu_order":0,"comment_status":"closed","ping_status":"closed","template":"","meta":{"footnotes":""},"class_list":["post-25","page","type-page","status-publish","hentry"],"_links":{"self":[{"href":"https:\/\/jundiai.sp.gov.br\/desenvolvimento-economico\/wp-json\/wp\/v2\/pages\/25","targetHints":{"allow":["GET"]}}],"collection":[{"href":"https:\/\/jundiai.sp.gov.br\/desenvolvimento-economico\/wp-json\/wp\/v2\/pages"}],"about":[{"href":"https:\/\/jundiai.sp.gov.br\/desenvolvimento-economico\/wp-json\/wp\/v2\/types\/page"}],"author":[{"embeddable":true,"href":"https:\/\/jundiai.sp.gov.br\/desenvolvimento-economico\/wp-json\/wp\/v2\/users\/11"}],"replies":[{"embeddable":true,"href":"https:\/\/jundiai.sp.gov.br\/desenvolvimento-economico\/wp-json\/wp\/v2\/comments?post=25"}],"version-history":[{"count":20,"href":"https:\/\/jundiai.sp.gov.br\/desenvolvimento-economico\/wp-json\/wp\/v2\/pages\/25\/revisions"}],"predecessor-version":[{"id":279,"href":"https:\/\/jundiai.sp.gov.br\/desenvolvimento-economico\/wp-json\/wp\/v2\/pages\/25\/revisions\/279"}],"wp:attachment":[{"href":"https:\/\/jundiai.sp.gov.br\/desenvolvimento-economico\/wp-json\/wp\/v2\/media?parent=25"}],"curies":[{"name":"wp","href":"https:\/\/api.w.org\/{rel}","templated":true}]}}