{"id":82,"date":"2014-08-25T18:47:45","date_gmt":"2014-08-25T21:47:45","guid":{"rendered":"https:\/\/jundiai.sp.gov.br\/desenvolvimento-economico\/?page_id=82"},"modified":"2016-07-11T11:58:45","modified_gmt":"2016-07-11T14:58:45","slug":"gas-natural","status":"publish","type":"page","link":"https:\/\/jundiai.sp.gov.br\/desenvolvimento-economico\/vantagens\/infraestrutura\/gas-natural\/","title":{"rendered":"G\u00e1s Natural"},"content":{"rendered":"<p><strong>Disponibilidade de 898.000 metros c\u00fabicos<\/strong>, integrante do Gasoduto Brasil\/Bol\u00edvia, servindo Jundia\u00ed a partir do trecho Campinas\/Itatiba;<\/p>\n<p><strong>Custo (R$\/metro c\u00fabico):<\/strong> Em fun\u00e7\u00e3o do volume a ser consumido;<\/p>\n<p><strong>Empresa respons\u00e1vel:<\/strong> COMG\u00c1S \u2013 Companhia de G\u00e1s de S\u00e3o Paulo.<\/p>\n","protected":false},"excerpt":{"rendered":"<p>Disponibilidade de 898.000 metros c\u00fabicos, integrante do Gasoduto Brasil\/Bol\u00edvia, servindo Jundia\u00ed a partir do trecho Campinas\/Itatiba; Custo (R$\/metro c\u00fabico): Em fun\u00e7\u00e3o do volume a ser consumido; Empresa respons\u00e1vel: COMG\u00c1S \u2013 Companhia de G\u00e1s de S\u00e3o Paulo.<\/p>\n","protected":false},"author":11,"featured_media":0,"parent":65,"menu_order":0,"comment_status":"closed","ping_status":"closed","template":"","meta":{"footnotes":""},"class_list":["post-82","page","type-page","status-publish","hentry"],"_links":{"self":[{"href":"https:\/\/jundiai.sp.gov.br\/desenvolvimento-economico\/wp-json\/wp\/v2\/pages\/82","targetHints":{"allow":["GET"]}}],"collection":[{"href":"https:\/\/jundiai.sp.gov.br\/desenvolvimento-economico\/wp-json\/wp\/v2\/pages"}],"about":[{"href":"https:\/\/jundiai.sp.gov.br\/desenvolvimento-economico\/wp-json\/wp\/v2\/types\/page"}],"author":[{"embeddable":true,"href":"https:\/\/jundiai.sp.gov.br\/desenvolvimento-economico\/wp-json\/wp\/v2\/users\/11"}],"replies":[{"embeddable":true,"href":"https:\/\/jundiai.sp.gov.br\/desenvolvimento-economico\/wp-json\/wp\/v2\/comments?post=82"}],"version-history":[{"count":4,"href":"https:\/\/jundiai.sp.gov.br\/desenvolvimento-economico\/wp-json\/wp\/v2\/pages\/82\/revisions"}],"predecessor-version":[{"id":443,"href":"https:\/\/jundiai.sp.gov.br\/desenvolvimento-economico\/wp-json\/wp\/v2\/pages\/82\/revisions\/443"}],"up":[{"embeddable":true,"href":"https:\/\/jundiai.sp.gov.br\/desenvolvimento-economico\/wp-json\/wp\/v2\/pages\/65"}],"wp:attachment":[{"href":"https:\/\/jundiai.sp.gov.br\/desenvolvimento-economico\/wp-json\/wp\/v2\/media?parent=82"}],"curies":[{"name":"wp","href":"https:\/\/api.w.org\/{rel}","templated":true}]}}