{"id":155,"date":"2014-08-19T13:14:55","date_gmt":"2014-08-19T16:14:55","guid":{"rendered":"https:\/\/jundiai.sp.gov.br\/educacao\/?page_id=155"},"modified":"2025-12-23T08:55:33","modified_gmt":"2025-12-23T11:55:33","slug":"centro-de-capacitacao","status":"publish","type":"page","link":"https:\/\/jundiai.sp.gov.br\/educacao\/complexo-argos\/centro-de-capacitacao\/","title":{"rendered":"Centro de Capacita\u00e7\u00e3o"},"content":{"rendered":"<p>O Centro Municipal de Capacita\u00e7\u00e3o e Forma\u00e7\u00e3o Permanente do Magist\u00e9rio \u201cProfessor Paulo Freire\u201d est\u00e1 localizado no segundo piso do pr\u00e9dio da Secretaria Municipal de Educa\u00e7\u00e3o. O espa\u00e7o, inaugurado em agosto de 1999, conta com diversas salas equipadas com recursos audiovisuais.<\/p>\n<p>No in\u00edcio, o Centro de Capacita\u00e7\u00e3o &#8211; como \u00e9 mais conhecido &#8211; tinha como principal objetivo ser um local para a realiza\u00e7\u00e3o de cursos para auxiliar na prepara\u00e7\u00e3o e forma\u00e7\u00e3o de professores, coordenadores e diretores da rede municipal.<\/p>\n<p>Hoje, al\u00e9m destes profissionais, constantemente, tamb\u00e9m recebem capacita\u00e7\u00e3o no local demais servidores da Secretaria de Educa\u00e7\u00e3o, como agentes de desenvolvimento infantil e agentes operacionais.<\/p>\n<p>No centro tamb\u00e9m \u00e9 desenvolvido o Programa Arte e Movimento, que visa o desenvolvimento de experi\u00eancias f\u00edsicas, art\u00edsticas e psicol\u00f3gicas dos profissionais da \u00e1rea de educa\u00e7\u00e3o, por meio de cursos de pintura, teatro, m\u00fasica e atividades como condicionamento f\u00edsico, dan\u00e7a do ventre e pilates.<\/p>\n<p>Ao todo, o espa\u00e7o conta com sete salas de aula, um anfiteatro com capacidade para mais de 200 pessoas, secretaria, diretoria, vesti\u00e1rios, recep\u00e7\u00e3o e cozinha industrial, distribu\u00eddos em uma \u00e1rea de 1,2 mil metros quadrados.<\/p>\n<p>O funcionamento \u00e9 de segunda a sexta-feira, das 7h30 \u00e0s 18h. O telefone para contato \u00e9: (11) 4588-5307\/ 5317\/ 5332\/ 5300.<\/p>\n","protected":false},"excerpt":{"rendered":"<p>O Centro Municipal de Capacita\u00e7\u00e3o e Forma\u00e7\u00e3o Permanente do Magist\u00e9rio \u201cProfessor Paulo Freire\u201d est\u00e1 localizado no segundo piso do pr\u00e9dio da Secretaria Municipal de Educa\u00e7\u00e3o. O espa\u00e7o, inaugurado em agosto de 1999, conta com diversas salas equipadas com recursos audiovisuais. No in\u00edcio, o Centro de Capacita\u00e7\u00e3o &#8211; como \u00e9 mais conhecido &#8211; tinha como principal [&hellip;]<\/p>\n","protected":false},"author":5,"featured_media":0,"parent":18,"menu_order":0,"comment_status":"closed","ping_status":"closed","template":"","meta":{"footnotes":""},"class_list":["post-155","page","type-page","status-publish","hentry"],"_links":{"self":[{"href":"https:\/\/jundiai.sp.gov.br\/educacao\/wp-json\/wp\/v2\/pages\/155","targetHints":{"allow":["GET"]}}],"collection":[{"href":"https:\/\/jundiai.sp.gov.br\/educacao\/wp-json\/wp\/v2\/pages"}],"about":[{"href":"https:\/\/jundiai.sp.gov.br\/educacao\/wp-json\/wp\/v2\/types\/page"}],"author":[{"embeddable":true,"href":"https:\/\/jundiai.sp.gov.br\/educacao\/wp-json\/wp\/v2\/users\/5"}],"replies":[{"embeddable":true,"href":"https:\/\/jundiai.sp.gov.br\/educacao\/wp-json\/wp\/v2\/comments?post=155"}],"version-history":[{"count":5,"href":"https:\/\/jundiai.sp.gov.br\/educacao\/wp-json\/wp\/v2\/pages\/155\/revisions"}],"predecessor-version":[{"id":4464,"href":"https:\/\/jundiai.sp.gov.br\/educacao\/wp-json\/wp\/v2\/pages\/155\/revisions\/4464"}],"up":[{"embeddable":true,"href":"https:\/\/jundiai.sp.gov.br\/educacao\/wp-json\/wp\/v2\/pages\/18"}],"wp:attachment":[{"href":"https:\/\/jundiai.sp.gov.br\/educacao\/wp-json\/wp\/v2\/media?parent=155"}],"curies":[{"name":"wp","href":"https:\/\/api.w.org\/{rel}","templated":true}]}}