{"id":2197,"date":"2018-05-04T17:06:31","date_gmt":"2018-05-04T20:06:31","guid":{"rendered":"https:\/\/jundiai.sp.gov.br\/educacao\/?page_id=2197"},"modified":"2025-07-21T17:16:37","modified_gmt":"2025-07-21T20:16:37","slug":"fundeb","status":"publish","type":"page","link":"https:\/\/jundiai.sp.gov.br\/educacao\/editais\/fundeb\/","title":{"rendered":"FUNDEB"},"content":{"rendered":"\n<p><a href=\"https:\/\/educacao.jundiai.sp.gov.br\/wp-content\/uploads\/2025\/07\/Edital-UGE-GG-N.-004-2025-ELEICAO-FUNDEB.pdf\">Edital n. 004\/2025<\/a> &#8211; Inscri\u00e7\u00e3o para recomposi\u00e7\u00e3o do CACs-FUNDEB (<a href=\"https:\/\/imprensaoficial.jundiai.sp.gov.br\/edicao-5663\/\">Impressa Oficial 5663<\/a>)<\/p>\n\n\n\n<p>Retifica\u00e7\u00e3o do Edital n. 004\/2025 &#8211;&nbsp;&nbsp;Inscri\u00e7\u00e3o para recomposi\u00e7\u00e3o do CACs-FUNDEB (<a href=\"https:\/\/imprensaoficial.jundiai.sp.gov.br\/edicao-extra-5665\/\">Impressa Oficial 5665<\/a>)<\/p>\n\n\n\n<p><a href=\"https:\/\/forms.gle\/SpURYcCxCnRU13Xi9\" rel=\"noreferrer noopener\" target=\"_blank\">Formul\u00e1rio de inscri\u00e7\u00e3o recomposi\u00e7\u00e3o dos representantes dos pais de alunos da educa\u00e7\u00e3o b\u00e1sica p\u00fablica municipal e dos estudantes da educa\u00e7\u00e3o b\u00e1sica p\u00fablica municipal para o CONSELHO FUNDEB 2023-2026<\/a><\/p>\n\n\n\n<p><\/p>\n","protected":false},"excerpt":{"rendered":"<p>Edital n. 004\/2025 &#8211; Inscri\u00e7\u00e3o para recomposi\u00e7\u00e3o do CACs-FUNDEB (Impressa Oficial 5663) Retifica\u00e7\u00e3o do Edital n. 004\/2025 &#8211;&nbsp;&nbsp;Inscri\u00e7\u00e3o para recomposi\u00e7\u00e3o do CACs-FUNDEB (Impressa Oficial 5665) Formul\u00e1rio de inscri\u00e7\u00e3o recomposi\u00e7\u00e3o dos representantes dos pais de alunos da educa\u00e7\u00e3o b\u00e1sica p\u00fablica municipal e dos estudantes da educa\u00e7\u00e3o b\u00e1sica p\u00fablica municipal para o CONSELHO FUNDEB 2023-2026<\/p>\n","protected":false},"author":33,"featured_media":0,"parent":28,"menu_order":0,"comment_status":"closed","ping_status":"closed","template":"","meta":{"footnotes":""},"class_list":["post-2197","page","type-page","status-publish","hentry"],"_links":{"self":[{"href":"https:\/\/jundiai.sp.gov.br\/educacao\/wp-json\/wp\/v2\/pages\/2197","targetHints":{"allow":["GET"]}}],"collection":[{"href":"https:\/\/jundiai.sp.gov.br\/educacao\/wp-json\/wp\/v2\/pages"}],"about":[{"href":"https:\/\/jundiai.sp.gov.br\/educacao\/wp-json\/wp\/v2\/types\/page"}],"author":[{"embeddable":true,"href":"https:\/\/jundiai.sp.gov.br\/educacao\/wp-json\/wp\/v2\/users\/33"}],"replies":[{"embeddable":true,"href":"https:\/\/jundiai.sp.gov.br\/educacao\/wp-json\/wp\/v2\/comments?post=2197"}],"version-history":[{"count":14,"href":"https:\/\/jundiai.sp.gov.br\/educacao\/wp-json\/wp\/v2\/pages\/2197\/revisions"}],"predecessor-version":[{"id":4366,"href":"https:\/\/jundiai.sp.gov.br\/educacao\/wp-json\/wp\/v2\/pages\/2197\/revisions\/4366"}],"up":[{"embeddable":true,"href":"https:\/\/jundiai.sp.gov.br\/educacao\/wp-json\/wp\/v2\/pages\/28"}],"wp:attachment":[{"href":"https:\/\/jundiai.sp.gov.br\/educacao\/wp-json\/wp\/v2\/media?parent=2197"}],"curies":[{"name":"wp","href":"https:\/\/api.w.org\/{rel}","templated":true}]}}