{"id":31,"date":"2014-08-18T18:52:06","date_gmt":"2014-08-18T21:52:06","guid":{"rendered":"https:\/\/jundiai.sp.gov.br\/educacao\/?page_id=31"},"modified":"2026-03-25T11:36:48","modified_gmt":"2026-03-25T14:36:48","slug":"escalas-rotativas","status":"publish","type":"page","link":"https:\/\/jundiai.sp.gov.br\/educacao\/editais\/escalas-rotativas\/","title":{"rendered":"Escalas Rotativas"},"content":{"rendered":"\n<p><strong>Secretaria Municipal de Educa\u00e7\u00e3o &#8211; Editais &#8211; Processo Seletivo (Escalas Rotativas)<\/strong><\/p>\n\n\n\n<hr class=\"wp-block-separator has-alpha-channel-opacity\"\/>\n\n\n\n<div style=\"height:0px\" aria-hidden=\"true\" class=\"wp-block-spacer\"><\/div>\n\n\n\n<p class=\"has-medium-font-size\"><strong>Inscri\u00e7\u00f5es 2025\/2026<\/strong><\/p>\n\n\n\n<p><a href=\"https:\/\/jundiai.sp.gov.br\/educacao\/wp-content\/uploads\/sites\/10\/2026\/03\/edital-12-atribuicao-peb-i-31-3-form.pdf\">Edital n. 12\/2026 &#8211; atribui\u00e7\u00e3o de vagas PEB I\u00a0<\/a><\/p>\n\n\n\n<p><a href=\"https:\/\/jundiai.sp.gov.br\/educacao\/wp-content\/uploads\/sites\/10\/2026\/03\/edital-11-atribuicao-peb-ii-arte-ass.pdf\">Edital n. 11\/2026 &#8211; atribui\u00e7\u00e3o de vagas PEB II&nbsp;<br><\/a><br><a href=\"https:\/\/jundiai.sp.gov.br\/educacao\/wp-content\/uploads\/sites\/10\/2026\/03\/edital-10-atribuicao-peb-i-10-3-form.pdf\">Edital n. 10\/2026 &#8211; atribui\u00e7\u00e3o de vagas PEB I<\/a><\/p>\n\n\n\n<p><a href=\"https:\/\/jundiai.sp.gov.br\/educacao\/wp-content\/uploads\/sites\/10\/2026\/02\/edital-9-atribuicao-peb-ii-matematica-form.pdf\">Edital n. 9\/2025 &#8211; atribui\u00e7\u00e3o de vagas PEB II&nbsp;<\/a><\/p>\n\n\n\n<p><a href=\"https:\/\/jundiai.sp.gov.br\/educacao\/wp-content\/uploads\/sites\/10\/2026\/02\/edital-7-atribuicao-peb-i-e-ii-form.pdf\">Edital n. 7\/2026 &#8211; Atribui\u00e7\u00e3o de vaga PEB I e II<\/a><\/p>\n\n\n\n<p><a href=\"https:\/\/jundiai.sp.gov.br\/educacao\/wp-content\/uploads\/sites\/10\/2026\/01\/edital-5-atribuicao-peb-ii-20-1-form.pdf\">Edital n. 5\/2026 &#8211; Atribui\u00e7\u00e3o de vaga PEB II<\/a><\/p>\n\n\n\n<p><a href=\"https:\/\/jundiai.sp.gov.br\/educacao\/wp-content\/uploads\/sites\/10\/2026\/01\/edital-3-atribuicao-peb-i-14-1-form.pdf\">Edital n. 3\/2026 &#8211; Atribui\u00e7\u00e3o de vagas PEB I&nbsp;<\/a><\/p>\n\n\n\n<p><a href=\"https:\/\/jundiai.sp.gov.br\/educacao\/wp-content\/uploads\/sites\/10\/2025\/12\/edital-76-atribuicao-peb-i-e-ii-dias-7-e-8-form.pdf\" target=\"_blank\" rel=\"noreferrer noopener\">Edital n. 76\/2025 &#8211; Atribui\u00e7\u00e3o de vagas PEB I e II<\/a><\/p>\n\n\n\n<p><a href=\"https:\/\/jundiai.sp.gov.br\/educacao\/wp-content\/uploads\/sites\/10\/2026\/01\/edital-75-homologacao-proc-seletivo-1.pdf\">Edital n. 75 &#8211; Homologa\u00e7\u00e3o<\/a><\/p>\n\n\n\n<p><a href=\"https:\/\/jundiai.sp.gov.br\/educacao\/wp-content\/uploads\/sites\/10\/2026\/01\/retificacao-edital-73-1.pdf\">Retifica\u00e7\u00e3o do Edital n. 73<\/a><\/p>\n\n\n\n<p><a href=\"https:\/\/jundiai.sp.gov.br\/educacao\/wp-content\/uploads\/sites\/10\/2025\/12\/edital-73.pdf\">Edital n. 73\/2025 &#8211;&nbsp;Resultado da classifica\u00e7\u00e3o final e da an\u00e1lise dos recursos apresentados contra a classifica\u00e7\u00e3o pr\u00e9via do Processo Seletivo de Escalas Rotativas.<\/a><\/p>\n\n\n\n<p><a href=\"https:\/\/jundiai.sp.gov.br\/educacao\/wp-content\/uploads\/sites\/10\/2025\/12\/edital-71-form-1.pdf\">Edital n. 71\/2025 &#8211; Classifica\u00e7\u00e3o Pr\u00e9via e Resultado dos recursos contra o gabarito das provas objetivas <br><\/a><strong>Anexos: <\/strong><br><a href=\"https:\/\/jundiai.sp.gov.br\/educacao\/wp-content\/uploads\/sites\/10\/2025\/12\/anexo-edital-71-lista-geral-classificao-previa-1.pdf\">&#8211; Lista geral&nbsp;<br><\/a><a href=\"https:\/\/jundiai.sp.gov.br\/educacao\/wp-content\/uploads\/sites\/10\/2025\/12\/anexo-edital-71-lista-negro-classificao-previa-1.pdf\">&#8211; Lista negros<br><\/a><a href=\"https:\/\/jundiai.sp.gov.br\/educacao\/wp-content\/uploads\/sites\/10\/2025\/12\/anexo-edital-71-lista-pcd-clas-previa-2.pdf\">&#8211; Lista PCD<br><\/a><a href=\"https:\/\/jundiai.sp.gov.br\/educacao\/wp-content\/uploads\/sites\/10\/2025\/12\/anexo-edita-71-_-resultado-dos-recursos-contra-o-gabarito-2-1.pdf\">&#8211; An\u00e1lise dos recursos contra os gabaritos<\/a><\/p>\n\n\n\n<p><a href=\"https:\/\/jundiai.sp.gov.br\/educacao\/wp-content\/uploads\/sites\/10\/2025\/11\/edital-62-gabarito-form.pdf\">Edital n. 62\/2025 &#8211; Gabarito da prova objetiva<\/a><\/p>\n\n\n\n<p><a href=\"https:\/\/jundiai.sp.gov.br\/educacao\/wp-content\/uploads\/sites\/10\/2025\/11\/edital-55-conv-provas-objetivas-ass.pdf\">Edital n. 55\/2025 &#8211; Convoca\u00e7\u00e3o para as provas objetivas e resultado da verifica\u00e7\u00e3o da heteroidentifica\u00e7\u00e3o, ap\u00f3s entrevista<\/a><\/p>\n\n\n\n<p><a href=\"https:\/\/jundiai.sp.gov.br\/educacao\/wp-content\/uploads\/sites\/10\/2025\/10\/edital-48-convocacao-entrevista-negro-1.pdf\">Edital n. 48\/2025 &#8211; Convoca\u00e7\u00e3o para entrevista presencial de verifica\u00e7\u00e3o de heteroidentifica\u00e7\u00e3o<\/a><\/p>\n\n\n\n<p><a href=\"https:\/\/jundiai.sp.gov.br\/educacao\/wp-content\/uploads\/sites\/10\/2025\/10\/edital-41-resultado-avaliacao-pcd-e-negro.pdf\">Edital n. 41\/2025 &#8211;&nbsp;resultado da avalia\u00e7\u00e3o dos cotistas (negro e PCD)<\/a><\/p>\n\n\n\n<p><a href=\"https:\/\/jundiai.sp.gov.br\/educacao\/wp-content\/uploads\/sites\/10\/2025\/09\/edital-36-para-site.pdf\">Edital n. 36\/2025 &#8211;&nbsp;resultado da an\u00e1lise dos recursos contra os indeferimentos dos Requerimentos para Nome Social, Atendimento Especial, participa\u00e7\u00e3o nas lista PCD e Negro, participa\u00e7\u00e3o efetiva como jurado em Tribunal do J\u00fari&nbsp;do PROCESSO SELETIVO&nbsp;PARA ELABORA\u00c7\u00c3O DE ESCALAS ROTATIVAS.<\/a><\/p>\n\n\n\n<p><a href=\"https:\/\/jundiai.sp.gov.br\/educacao\/wp-content\/uploads\/sites\/10\/2025\/09\/edital-34-resultado-da-analise-dos-requerimentos-para-participacao.pdf\">Edital n. 34\/2025 &#8211;&nbsp;resultado da an\u00e1lise dos requerimentos para participa\u00e7\u00e3ona lista de negros, participa\u00e7\u00e3o na lista de PCD, solicita\u00e7\u00e3o de acessibilidade \/ atendimento especial, lista de nome social e participa\u00e7\u00e3o efetiva como jurado em Tribunal do J\u00fari do PROCESSO SELETIVO PARA ELABORA\u00c7\u00c3O DE ESCALAS ROTATIVAS<\/a><\/p>\n\n\n\n<p><a href=\"https:\/\/jundiai.sp.gov.br\/educacao\/wp-content\/uploads\/sites\/10\/2025\/09\/edital-32-alt-data-prova-e-conteudo-prog-e-reslt-rec-taxa-ass.pdf\">Edital n. 32\/2025 &#8211; Altera\u00e7\u00e3o do cronograma previsto e do conte\u00fado program\u00e1tico, bem como \u00e0 divulga\u00e7\u00e3o do resultado da an\u00e1lise dos recursos contra o indeferimento das solicita\u00e7\u00f5es de isen\u00e7\u00e3o da taxa de inscri\u00e7\u00e3o<\/a><\/p>\n\n\n\n<p><a href=\"https:\/\/jundiai.sp.gov.br\/educacao\/wp-content\/uploads\/sites\/10\/2025\/08\/edital-30-res-analise-isencao-taxa-inscricao-2.pdf\">Edital n. 30\/2025 &#8211; Resultado da solicita\u00e7\u00e3o&nbsp;de isen\u00e7\u00e3o da taxa de inscri\u00e7\u00e3o<\/a><\/p>\n\n\n\n<p><a href=\"https:\/\/jundiai.sp.gov.br\/educacao\/wp-content\/uploads\/sites\/10\/2025\/08\/retificacao-cronograma-quadro-das-provas-ass1.pdf\">Edital n. 28\/2025 &#8211; Retifica\u00e7\u00e3o do cronograma e do subitem 7.1 do item VII &#8211; DAS PROVAS<\/a><\/p>\n\n\n\n<p><a href=\"https:\/\/jundiai.sp.gov.br\/educacao\/wp-content\/uploads\/sites\/10\/2025\/08\/edital-26-insc-proc-seletivo-peb-i-e-ii-ass.pdf\">Edital n. 26\/2025 &#8211; Abertura das inscri\u00e7\u00f5es<\/a><\/p>\n\n\n\n<hr class=\"wp-block-separator has-alpha-channel-opacity\"\/>\n","protected":false},"excerpt":{"rendered":"<p>Secretaria Municipal de Educa\u00e7\u00e3o &#8211; Editais &#8211; Processo Seletivo (Escalas Rotativas) Inscri\u00e7\u00f5es 2025\/2026 Edital n. 12\/2026 &#8211; atribui\u00e7\u00e3o de vagas PEB I\u00a0 Edital n. 11\/2026 &#8211; atribui\u00e7\u00e3o de vagas PEB II&nbsp;Edital n. 10\/2026 &#8211; atribui\u00e7\u00e3o de vagas PEB I Edital n. 9\/2025 &#8211; atribui\u00e7\u00e3o de vagas PEB II&nbsp; Edital n. 7\/2026 &#8211; Atribui\u00e7\u00e3o de vaga [&hellip;]<\/p>\n","protected":false},"author":5,"featured_media":0,"parent":28,"menu_order":0,"comment_status":"closed","ping_status":"closed","template":"","meta":{"footnotes":""},"class_list":["post-31","page","type-page","status-publish","hentry"],"_links":{"self":[{"href":"https:\/\/jundiai.sp.gov.br\/educacao\/wp-json\/wp\/v2\/pages\/31","targetHints":{"allow":["GET"]}}],"collection":[{"href":"https:\/\/jundiai.sp.gov.br\/educacao\/wp-json\/wp\/v2\/pages"}],"about":[{"href":"https:\/\/jundiai.sp.gov.br\/educacao\/wp-json\/wp\/v2\/types\/page"}],"author":[{"embeddable":true,"href":"https:\/\/jundiai.sp.gov.br\/educacao\/wp-json\/wp\/v2\/users\/5"}],"replies":[{"embeddable":true,"href":"https:\/\/jundiai.sp.gov.br\/educacao\/wp-json\/wp\/v2\/comments?post=31"}],"version-history":[{"count":532,"href":"https:\/\/jundiai.sp.gov.br\/educacao\/wp-json\/wp\/v2\/pages\/31\/revisions"}],"predecessor-version":[{"id":4535,"href":"https:\/\/jundiai.sp.gov.br\/educacao\/wp-json\/wp\/v2\/pages\/31\/revisions\/4535"}],"up":[{"embeddable":true,"href":"https:\/\/jundiai.sp.gov.br\/educacao\/wp-json\/wp\/v2\/pages\/28"}],"wp:attachment":[{"href":"https:\/\/jundiai.sp.gov.br\/educacao\/wp-json\/wp\/v2\/media?parent=31"}],"curies":[{"name":"wp","href":"https:\/\/api.w.org\/{rel}","templated":true}]}}