{"id":433,"date":"2014-09-25T17:31:45","date_gmt":"2014-09-25T20:31:45","guid":{"rendered":"https:\/\/jundiai.sp.gov.br\/educacao\/?page_id=433"},"modified":"2026-04-14T11:44:26","modified_gmt":"2026-04-14T14:44:26","slug":"inscricao-centro-de-linguas","status":"publish","type":"page","link":"https:\/\/jundiai.sp.gov.br\/educacao\/complexo-argos\/centro-municipal-de-linguas-antonio-houaiss\/inscricao-centro-de-linguas\/","title":{"rendered":"Inscri\u00e7\u00e3o Centro de L\u00ednguas"},"content":{"rendered":"\n<p>A Secretaria Municipal de Educa\u00e7\u00e3o (SME) abre inscri\u00e7\u00f5es para os cursos gratuitos de<br>Espanhol, Franc\u00eas, Ingl\u00eas e Italiano no Centro de L\u00ednguas Ant\u00f4nio Houaiss, no per\u00edodo de 04 a<br>24 de maio de 2026. As inscri\u00e7\u00f5es podem ser feitas no link no final desta p\u00e1gina.<br><br>Os cursos s\u00e3o de n\u00edvel b\u00e1sico com dura\u00e7\u00e3o de dois anos, e ocorrem em turmas de segunda e<br>quarta-feira ou de ter\u00e7a e quinta-feira. Para as aulas de Espanhol,\u00a0Ingl\u00eas e\u00a0Italiano\u00a0teremos<br>vagas no per\u00edodo da manh\u00e3, tarde e noite; para\u00a0Franc\u00eas no per\u00edodo da manh\u00e3 e noite. As<br>aulas tem dura\u00e7\u00e3o de sessenta minutos (online) ou noventa minutos (presencial), distribu\u00eddas<br>nos seguintes hor\u00e1rios: per\u00edodos da manh\u00e3, entre 7h30 e 12h30; \u00e0 tarde, entre 16h e 17h30; e<br>\u00e0 noite, entre 17h50 e 21h.<br><br>A oferta de hor\u00e1rios e modalidades (online ou presencial), seguem crit\u00e9rios e disponibilidade<br>da Unidade.<br><br>Para fazer a inscri\u00e7\u00e3o \u00e9 preciso ter idade de 14 anos ou mais at\u00e9 a data de encerramento da<br>inscri\u00e7\u00e3o, morar em Jundia\u00ed, ter conclu\u00eddo o ensino fundamental ou estar cursando o 9\u00ba ano,<br>possuir um dispositivo com acesso \u00e0 internet e conhecimentos de inform\u00e1tica para intera\u00e7\u00f5es<br>em plataforma digital, indicar um e-mail v\u00e1lido e ativo. Alunos que est\u00e3o com curso em<br>andamento no Centro de L\u00ednguas n\u00e3o poder\u00e3o fazer nova inscri\u00e7\u00e3o.<br><br>Ser\u00e3o destinadas 65% das vagas aos candidatos que optarem pela categoria sorteio; 5% para<br>Pessoas com Defici\u00eancia (que dever\u00e1 ser comprovada por laudo m\u00e9dico na efetiva\u00e7\u00e3o da<br>matr\u00edcula); 20% aos candidatos pela classifica\u00e7\u00e3o por renda, que poder\u00e1 ser feita apenas por<br>candidatos com renda mensal inferior a 3 sal\u00e1rios m\u00ednimos (R$ 4.863,00); e 10% das vagas<br>ser\u00e3o destinadas a servidores ativos da SME.<\/p>\n\n\n\n<p>Mais informa\u00e7\u00f5es sobre o processo seletivo podem ser conferidas no edital publicado na Imprensa Oficial.<\/p>\n\n\n\n<div style=\"height:30px\" aria-hidden=\"true\" class=\"wp-block-spacer\"><\/div>\n\n\n\n<div class=\"wp-block-buttons is-content-justification-center is-layout-flex wp-container-core-buttons-is-layout-16018d1d wp-block-buttons-is-layout-flex\">\n<div class=\"wp-block-button\"><a class=\"wp-block-button__link has-background wp-element-button\" href=\"https:\/\/web.cijun.sp.gov.br\/PMJ\/LI\/inicio.aspx?value=5DqbwyrkevmoVA%2fD%2bIPlWw%3d%3d\" style=\"background-color:#004579\" target=\"_blank\" rel=\"noreferrer noopener\">FA\u00c7A SUA INSCRI\u00c7\u00c3O AQUI <\/a><\/div>\n<\/div>\n","protected":false},"excerpt":{"rendered":"<p>A Secretaria Municipal de Educa\u00e7\u00e3o (SME) abre inscri\u00e7\u00f5es para os cursos gratuitos deEspanhol, Franc\u00eas, Ingl\u00eas e Italiano no Centro de L\u00ednguas Ant\u00f4nio Houaiss, no per\u00edodo de 04 a24 de maio de 2026. As inscri\u00e7\u00f5es podem ser feitas no link no final desta p\u00e1gina. Os cursos s\u00e3o de n\u00edvel b\u00e1sico com dura\u00e7\u00e3o de dois anos, e [&hellip;]<\/p>\n","protected":false},"author":5,"featured_media":0,"parent":216,"menu_order":0,"comment_status":"closed","ping_status":"closed","template":"","meta":{"footnotes":""},"class_list":["post-433","page","type-page","status-publish","hentry"],"_links":{"self":[{"href":"https:\/\/jundiai.sp.gov.br\/educacao\/wp-json\/wp\/v2\/pages\/433","targetHints":{"allow":["GET"]}}],"collection":[{"href":"https:\/\/jundiai.sp.gov.br\/educacao\/wp-json\/wp\/v2\/pages"}],"about":[{"href":"https:\/\/jundiai.sp.gov.br\/educacao\/wp-json\/wp\/v2\/types\/page"}],"author":[{"embeddable":true,"href":"https:\/\/jundiai.sp.gov.br\/educacao\/wp-json\/wp\/v2\/users\/5"}],"replies":[{"embeddable":true,"href":"https:\/\/jundiai.sp.gov.br\/educacao\/wp-json\/wp\/v2\/comments?post=433"}],"version-history":[{"count":50,"href":"https:\/\/jundiai.sp.gov.br\/educacao\/wp-json\/wp\/v2\/pages\/433\/revisions"}],"predecessor-version":[{"id":4538,"href":"https:\/\/jundiai.sp.gov.br\/educacao\/wp-json\/wp\/v2\/pages\/433\/revisions\/4538"}],"up":[{"embeddable":true,"href":"https:\/\/jundiai.sp.gov.br\/educacao\/wp-json\/wp\/v2\/pages\/216"}],"wp:attachment":[{"href":"https:\/\/jundiai.sp.gov.br\/educacao\/wp-json\/wp\/v2\/media?parent=433"}],"curies":[{"name":"wp","href":"https:\/\/api.w.org\/{rel}","templated":true}]}}