{"id":74,"date":"2014-08-19T11:54:21","date_gmt":"2014-08-19T14:54:21","guid":{"rendered":"https:\/\/jundiai.sp.gov.br\/educacao\/?page_id=74"},"modified":"2020-11-16T17:59:51","modified_gmt":"2020-11-16T20:59:51","slug":"curriculo-em-acao","status":"publish","type":"page","link":"https:\/\/jundiai.sp.gov.br\/educacao\/curriculo-em-acao\/","title":{"rendered":"Curr\u00edculo em A\u00e7\u00e3o"},"content":{"rendered":"<p>Estamos disponibilizando neste link os textos sistematizados pelos grupos de professores, especialistas e educadores, da rede municipal de Educa\u00e7\u00e3o de Jundia\u00ed, sobre o curr\u00edculo municipal de Educa\u00e7\u00e3o, legalmente exigido ap\u00f3s a promulga\u00e7\u00e3o do PNE (lei 13.005\/2014). Depois de serem definidas as diretrizes gerais da Educa\u00e7\u00e3o Nacional o Estado de S\u00e3o Paulo definiu seu PEE em 2016. O munic\u00edpio de Jundia\u00ed produziu seu PME em 2015. Em decorr\u00eancia deste alinhamento restava a tarefa institucional e pol\u00edtica de produzir um Curr\u00edculo Municipal de Educa\u00e7\u00e3o, aqui apresentado. Trata-se de um documento preliminar, constru\u00eddo de maneira democr\u00e1tica e participativa, nestes tr\u00eas anos recentes, de modo a registrar organicamente a pr\u00e1tica pedag\u00f3gica e as escolhas filos\u00f3ficas e politicas inspiradoras do trabalho educacional e docente da rede municipal. Um curr\u00edculo \u00e9 um caminho, um \u201cpercurso\u201d. Vem de uma origem ou ponto de partida e aponta para um horizonte, um ponto de chegada, sempre aberto. A experi\u00eancia, coletiva, democr\u00e1tica e participativa da constru\u00e7\u00e3o deste curr\u00edculo \u00e9 sua grande virtude. No entanto, presentes em nossas atividades particulares ou singulares, com as melhores inten\u00e7\u00f5es, fizemos aquilo que a consci\u00eancia poss\u00edvel permitiu fazer, de nosso lugar. Era necess\u00e1rio um momento para uma vis\u00e3o de conjunto.<\/p>\n<p>O IV Simp\u00f3sio Municipal de Educa\u00e7\u00e3o de Jundia\u00ed, acontecendo entre os dias 07 a 09 de novembro de 2016 foi pensado como um momento de apropria\u00e7\u00e3o de totalidade, de debates e questionamentos para aprimoramentos e sugest\u00f5es que garantissem um alinhamento de conjunto, integrador e articulador, garantindo as autonomias e plenitudes de cada territ\u00f3rio educacional em constru\u00e7\u00e3o.<\/p>\n<p>Desejamos que todos os educadores conhe\u00e7am e apropriem-se de todos os documentos constitu\u00eddos por esta marcha coletiva e participativa. Aguardamos um grande e fecundo debate no Simp\u00f3sio, para desencadear as inser\u00e7\u00f5es necess\u00e1rias e eventuais aperfei\u00e7oamentos no \u201cconcreto pensado\u201d, de modo a legar, para a educa\u00e7\u00e3o do munic\u00edpio, um curr\u00edculo vivo, em a\u00e7\u00e3o, legitimo e inspirador, que dialogue com a cidade, com os seus cidad\u00e3os e cidad\u00e3s e tenha como interlocutores presentes as crian\u00e7as, os adolescentes e jovens, os adultos e idosos, enfim, todos os que reconhecem a Educa\u00e7\u00e3o como um direito e como processo, permanente e cont\u00ednuo, de humaniza\u00e7\u00e3o e de cidadania.<\/p>\n<p><a href=\"https:\/\/jundiai.sp.gov.br\/educacao\/wp-content\/uploads\/sites\/10\/2014\/08\/DSC00014.jpg\"><img loading=\"lazy\" decoding=\"async\" class=\"aligncenter size-large wp-image-1748\" src=\"https:\/\/jundiai.sp.gov.br\/educacao\/wp-content\/uploads\/sites\/10\/2014\/08\/DSC00014-720x540.jpg\" alt=\"dsc00014\" width=\"720\" height=\"540\" srcset=\"https:\/\/jundiai.sp.gov.br\/educacao\/wp-content\/uploads\/sites\/10\/2014\/08\/DSC00014-720x540.jpg 720w, https:\/\/jundiai.sp.gov.br\/educacao\/wp-content\/uploads\/sites\/10\/2014\/08\/DSC00014-300x225.jpg 300w, https:\/\/jundiai.sp.gov.br\/educacao\/wp-content\/uploads\/sites\/10\/2014\/08\/DSC00014-768x576.jpg 768w, https:\/\/jundiai.sp.gov.br\/educacao\/wp-content\/uploads\/sites\/10\/2014\/08\/DSC00014.jpg 1280w\" sizes=\"auto, (max-width: 720px) 100vw, 720px\" \/><\/a><\/p>\n<p><a href=\"https:\/\/jundiai.sp.gov.br\/educacao\/wp-content\/uploads\/sites\/10\/2014\/08\/Arquivo-1-Educacao-Infantil-I.pdf\">Arquivo 1 &#8211; Educa\u00e7\u00e3o Infantil I<\/a><\/p>\n<p><a href=\"https:\/\/jundiai.sp.gov.br\/educacao\/wp-content\/uploads\/sites\/10\/2014\/08\/Arquivo-2-EDUCA\u00c7\u00c3O-INFANTIL-II.pdf\">Arquivo 2 &#8211; Educa\u00e7\u00e3o Infantil II<\/a><\/p>\n<p><a href=\"https:\/\/jundiai.sp.gov.br\/educacao\/wp-content\/uploads\/sites\/10\/2014\/08\/Arquivo-3-Educacao-Fundamental-PRIMEIRA-PARTE.pdf\">Arquivo 3 &#8211; Educa\u00e7\u00e3o Fundamental &#8211; primeira parte<\/a><\/p>\n<p><a href=\"https:\/\/jundiai.sp.gov.br\/educacao\/wp-content\/uploads\/sites\/10\/2014\/08\/Arquivo-4-Educacao-Fundamental-SEGUNDA-PARTE.pdf\">Arquivo 4 &#8211; Educa\u00e7\u00e3o Fundamental &#8211; segunda parte<\/a><\/p>\n<p><a href=\"https:\/\/jundiai.sp.gov.br\/educacao\/wp-content\/uploads\/sites\/10\/2014\/08\/Arquivo-5-Educacao-de-Jovens-Adultos-e-Idosos..pdf\">Arquivo 5 &#8211; Educa\u00e7\u00e3o de Jovens, Adultos e Idosos<\/a><\/p>\n<p><a href=\"https:\/\/jundiai.sp.gov.br\/educacao\/wp-content\/uploads\/sites\/10\/2016\/12\/Diretrizes-Curriculares-da-Educa\u00e7\u00e3o-B\u00e1sica-Municipal-de-Jundia\u00ed_v12.1-Colorido.pdf\" target=\"_blank\" rel=\"noopener noreferrer\">Diretrizes Curriculares da Educa\u00e7\u00e3o B\u00e1sica Municipal de Jundia\u00ed<\/a><\/p>\n","protected":false},"excerpt":{"rendered":"<p>Estamos disponibilizando neste link os textos sistematizados pelos grupos de professores, especialistas e educadores, da rede municipal de Educa\u00e7\u00e3o de Jundia\u00ed, sobre o curr\u00edculo municipal de Educa\u00e7\u00e3o, legalmente exigido ap\u00f3s a promulga\u00e7\u00e3o do PNE (lei 13.005\/2014). Depois de serem definidas as diretrizes gerais da Educa\u00e7\u00e3o Nacional o Estado de S\u00e3o Paulo definiu seu PEE em [&hellip;]<\/p>\n","protected":false},"author":5,"featured_media":0,"parent":0,"menu_order":0,"comment_status":"closed","ping_status":"closed","template":"","meta":{"footnotes":""},"class_list":["post-74","page","type-page","status-publish","hentry"],"_links":{"self":[{"href":"https:\/\/jundiai.sp.gov.br\/educacao\/wp-json\/wp\/v2\/pages\/74","targetHints":{"allow":["GET"]}}],"collection":[{"href":"https:\/\/jundiai.sp.gov.br\/educacao\/wp-json\/wp\/v2\/pages"}],"about":[{"href":"https:\/\/jundiai.sp.gov.br\/educacao\/wp-json\/wp\/v2\/types\/page"}],"author":[{"embeddable":true,"href":"https:\/\/jundiai.sp.gov.br\/educacao\/wp-json\/wp\/v2\/users\/5"}],"replies":[{"embeddable":true,"href":"https:\/\/jundiai.sp.gov.br\/educacao\/wp-json\/wp\/v2\/comments?post=74"}],"version-history":[{"count":13,"href":"https:\/\/jundiai.sp.gov.br\/educacao\/wp-json\/wp\/v2\/pages\/74\/revisions"}],"predecessor-version":[{"id":2924,"href":"https:\/\/jundiai.sp.gov.br\/educacao\/wp-json\/wp\/v2\/pages\/74\/revisions\/2924"}],"wp:attachment":[{"href":"https:\/\/jundiai.sp.gov.br\/educacao\/wp-json\/wp\/v2\/media?parent=74"}],"curies":[{"name":"wp","href":"https:\/\/api.w.org\/{rel}","templated":true}]}}